{"id":2194,"date":"2017-12-30T21:02:05","date_gmt":"2017-12-30T21:02:05","guid":{"rendered":"http:\/\/biblian.is\/biblian\/s%c2%87lmarnir-99-kafli\/"},"modified":"2020-05-30T18:12:53","modified_gmt":"2020-05-30T18:12:53","slug":"salmarnir-99-kafli","status":"publish","type":"page","link":"https:\/\/biblian.is\/biblian\/salmarnir-99-kafli\/","title":{"rendered":"S\u00e1lmarnir 99. kafli"},"content":{"rendered":"<p><span class=\"ljodatexti\"> <a name=\"1\"><span class=\"versanumer_ljod\">1<\/span><\/a>Drottinn er konungur, \u00fej\u00f3\u00f0irnar skj\u00e1lfa,<br \/>hann situr uppi yfir ker\u00fabunum, j\u00f6r\u00f0in n\u00f6trar.<br \/> <\/span> <span class=\"ljodatexti\"> <a name=\"2\"><span class=\"versanumer_ljod\">2<\/span><\/a>Drottinn er voldugur \u00e1 S\u00edon<br \/>og hafinn yfir allar \u00fej\u00f3\u00f0ir,<br \/> <\/span> <span class=\"ljodatexti\"> <a name=\"3\"><span class=\"versanumer_ljod\">3<\/span><\/a>\u00fe\u00e6r lofi nafn \u00feitt, m\u00e1ttugt og \u00f3gn\u00ferungi\u00f0.<br \/>Heilagur er hann.<br \/> <\/span> <span class=\"ljodatexti\"> <a name=\"4\"><span class=\"versanumer_ljod\">4<\/span><\/a>Voldugi konungur, \u00fe\u00fa elskar r\u00e9ttinn.<br \/>R\u00e9ttv\u00edsina stofnsettir \u00fe\u00fa,<br \/>komst \u00e1 r\u00e9tti og r\u00e9ttl\u00e6ti \u00ed Jakob.<br \/> <\/span> <span class=\"ljodatexti\"> <a name=\"5\"><span class=\"versanumer_ljod\">5<\/span><\/a>Tigni\u00f0 Drottin, Gu\u00f0 vorn,<br \/>og falli\u00f0 fram fyrir f\u00f3tsk\u00f6r hans.<br \/>Heilagur er hann.<br \/> <\/span> <span class=\"ljodatexti\"> <a name=\"6\"><span class=\"versanumer_ljod\">6<\/span><\/a>M\u00f3se og Aron voru me\u00f0al presta hans,<br \/>Sam\u00fael me\u00f0al \u00feeirra er \u00e1k\u00f6llu\u00f0u nafn hans.<br \/>\u00deeir hr\u00f3pu\u00f0u til Drottins<br \/>og hann b\u00e6nheyr\u00f0i \u00fe\u00e1.<br \/> <\/span> <span class=\"ljodatexti\"> <a name=\"7\"><span class=\"versanumer_ljod\">7<\/span><\/a>Hann tala\u00f0i til \u00feeirra \u00ed sk\u00fdst\u00f3lpanum<br \/>og \u00feeir h\u00e9ldu bo\u00f0 hans <br \/>og l\u00f6g \u00feau sem hann setti \u00feeim.<br \/> <\/span> <span class=\"ljodatexti\"> <a name=\"8\"><span class=\"versanumer_ljod\">8<\/span><\/a>Drottinn, Gu\u00f0 vor, \u00fe\u00fa b\u00e6nheyr\u00f0ir \u00fe\u00e1,<br \/>\u00fe\u00fa reyndist \u00feeim fyrirgefandi Gu\u00f0<br \/>en refsa\u00f0ir \u00feeim fyrir misgj\u00f6r\u00f0ir \u00feeirra.<br \/> <\/span> <span class=\"ljodatexti\"> <a name=\"9\"><span class=\"versanumer_ljod\">9<\/span><\/a>Tigni\u00f0 Drottin, Gu\u00f0 vorn,<br \/>og falli\u00f0 fram fyrir hans heilaga fjalli<br \/>\u00fev\u00ed a\u00f0 heilagur er Drottinn, Gu\u00f0 vor. <\/span> <\/p>\n","protected":false},"excerpt":{"rendered":"<p>1Drottinn er konungur, \u00fej\u00f3\u00f0irnar skj\u00e1lfa,hann situr uppi yfir ker\u00fabunum, j\u00f6r\u00f0in n\u00f6trar. 2Drottinn er voldugur \u00e1 S\u00edonog hafinn yfir allar \u00fej\u00f3\u00f0ir, 3\u00fe\u00e6r lofi nafn \u00feitt, m\u00e1ttugt og \u00f3gn\u00ferungi\u00f0.Heilagur er hann. 4Voldugi konungur, \u00fe\u00fa elskar r\u00e9ttinn.R\u00e9ttv\u00edsina stofnsettir \u00fe\u00fa,komst \u00e1 r\u00e9tti og r\u00e9ttl\u00e6ti \u00ed Jakob. 5Tigni\u00f0 Drottin, Gu\u00f0 vorn,og falli\u00f0 fram fyrir f\u00f3tsk\u00f6r hans.Heilagur er hann. 6M\u00f3se og Aron voru me\u00f0al presta hans,Sam\u00fael me\u00f0al \u00feeirra er \u00e1k\u00f6llu\u00f0u nafn hans.\u00deeir hr\u00f3pu\u00f0u til Drottinsog hann b\u00e6nheyr\u00f0i \u00fe\u00e1. 7Hann tala\u00f0i til \u00feeirra \u00ed sk\u00fdst\u00f3lpanumog \u00feeir h\u00e9ldu bo\u00f0 hans og l\u00f6g \u00feau sem hann setti \u00feeim. 8Drottinn, Gu\u00f0 vor, \u00fe\u00fa b\u00e6nheyr\u00f0ir \u00fe\u00e1,\u00fe\u00fa reyndist \u00feeim fyrirgefandi Gu\u00f0en refsa\u00f0ir <a href=\"https:\/\/biblian.is\/biblian\/salmarnir-99-kafli\/\"> [&#8230;]<\/a><\/p>\n","protected":false},"author":1,"featured_media":0,"parent":0,"menu_order":0,"comment_status":"open","ping_status":"open","template":"bibliukaflar_salmarnir.php","meta":{"footnotes":""},"class_list":["post-2194","page","type-page","status-publish","hentry"],"_links":{"self":[{"href":"https:\/\/biblian.is\/biblian\/wp-json\/wp\/v2\/pages\/2194","targetHints":{"allow":["GET"]}}],"collection":[{"href":"https:\/\/biblian.is\/biblian\/wp-json\/wp\/v2\/pages"}],"about":[{"href":"https:\/\/biblian.is\/biblian\/wp-json\/wp\/v2\/types\/page"}],"author":[{"embeddable":true,"href":"https:\/\/biblian.is\/biblian\/wp-json\/wp\/v2\/users\/1"}],"replies":[{"embeddable":true,"href":"https:\/\/biblian.is\/biblian\/wp-json\/wp\/v2\/comments?post=2194"}],"version-history":[{"count":0,"href":"https:\/\/biblian.is\/biblian\/wp-json\/wp\/v2\/pages\/2194\/revisions"}],"wp:attachment":[{"href":"https:\/\/biblian.is\/biblian\/wp-json\/wp\/v2\/media?parent=2194"}],"curies":[{"name":"wp","href":"https:\/\/api.w.org\/{rel}","templated":true}]}}