{"id":2182,"date":"2017-12-30T21:02:05","date_gmt":"2017-12-30T21:02:05","guid":{"rendered":"http:\/\/biblian.is\/biblian\/s%c2%87lmarnir-87-kafli\/"},"modified":"2020-05-30T18:12:50","modified_gmt":"2020-05-30T18:12:50","slug":"salmarnir-87-kafli","status":"publish","type":"page","link":"https:\/\/biblian.is\/biblian\/salmarnir-87-kafli\/","title":{"rendered":"S\u00e1lmarnir 87. kafli"},"content":{"rendered":"<p><a name=\"1\"><span class=\"versanumer_2007\">1<\/span><\/a> K\u00f3ra\u00edtas\u00e1lmur. Lj\u00f3\u00f0.<br \/> <span class=\"ljodatexti\"> Drottinn grundvalla\u00f0i borg s\u00edna \u00e1 heil\u00f6gum fj\u00f6llum.<br \/> <\/span> <span class=\"ljodatexti\"> <a name=\"2\"><span class=\"versanumer_ljod\">2<\/span><\/a>Hann elskar hli\u00f0 S\u00edonar<br \/>meira en alla b\u00fasta\u00f0i Jakobs,<br \/> <\/span> <span class=\"ljodatexti\"> <a name=\"3\"><span class=\"versanumer_ljod\">3<\/span><\/a>d\u00fdrlega er tala\u00f0 um \u00feig, <br \/>\u00fe\u00fa borg Gu\u00f0s. (Sela)<br \/> <\/span> <span class=\"ljodatexti\"> <a name=\"4\"><span class=\"versanumer_ljod\">4<\/span><\/a>F\u00f3lk fr\u00e1 Egyptalandi <span class=\"nedan_mal\" title=\" \u00cd hebreska textanum stendur Rahab sem er t\u00e1kn Egyptalands.\">[<\/span> og Bab\u00fdlon tel \u00e9g til j\u00e1tenda minna,<br \/>einnig f\u00f3lk fr\u00e1 Filisteu, T\u00fdrus og K\u00fas:<br \/>\u00deetta f\u00f3lk er f\u00e6tt \u00fear.<br \/> <\/span> <span class=\"ljodatexti\"> <a name=\"5\"><span class=\"versanumer_ljod\">5<\/span><\/a>Um S\u00edon mun sagt ver\u00f0a:<br \/>H\u00e9r eru allir f\u00e6ddir,<br \/>Hinn h\u00e6sti lag\u00f0i grunn a\u00f0 henni.<br \/> <\/span> <span class=\"ljodatexti\"> <a name=\"6\"><span class=\"versanumer_ljod\">6<\/span><\/a>Drottinn skr\u00e1setur \u00feegar hann telur \u00fej\u00f3\u00f0irnar:<br \/>\u00deessir eru f\u00e6ddir \u00fear. (Sela)<br \/> <\/span> <span class=\"ljodatexti\"> <a name=\"7\"><span class=\"versanumer_ljod\">7<\/span><\/a>\u00deeir syngja og dansa og segja:<br \/>\u201eAllar uppsprettur m\u00ednar eru \u00ed \u00fe\u00e9r.\u201c <\/span> <\/p>\n","protected":false},"excerpt":{"rendered":"<p>1 K\u00f3ra\u00edtas\u00e1lmur. Lj\u00f3\u00f0. Drottinn grundvalla\u00f0i borg s\u00edna \u00e1 heil\u00f6gum fj\u00f6llum. 2Hann elskar hli\u00f0 S\u00edonarmeira en alla b\u00fasta\u00f0i Jakobs, 3d\u00fdrlega er tala\u00f0 um \u00feig, \u00fe\u00fa borg Gu\u00f0s. (Sela) 4F\u00f3lk fr\u00e1 Egyptalandi [ og Bab\u00fdlon tel \u00e9g til j\u00e1tenda minna,einnig f\u00f3lk fr\u00e1 Filisteu, T\u00fdrus og K\u00fas:\u00deetta f\u00f3lk er f\u00e6tt \u00fear. 5Um S\u00edon mun sagt ver\u00f0a:H\u00e9r eru allir f\u00e6ddir,Hinn h\u00e6sti lag\u00f0i grunn a\u00f0 henni. 6Drottinn skr\u00e1setur \u00feegar hann telur \u00fej\u00f3\u00f0irnar:\u00deessir eru f\u00e6ddir \u00fear. (Sela) 7\u00deeir syngja og dansa og segja:\u201eAllar uppsprettur m\u00ednar eru \u00ed \u00fe\u00e9r.\u201c<\/p>\n","protected":false},"author":1,"featured_media":0,"parent":0,"menu_order":0,"comment_status":"open","ping_status":"open","template":"bibliukaflar_salmarnir.php","meta":{"footnotes":""},"class_list":["post-2182","page","type-page","status-publish","hentry"],"_links":{"self":[{"href":"https:\/\/biblian.is\/biblian\/wp-json\/wp\/v2\/pages\/2182","targetHints":{"allow":["GET"]}}],"collection":[{"href":"https:\/\/biblian.is\/biblian\/wp-json\/wp\/v2\/pages"}],"about":[{"href":"https:\/\/biblian.is\/biblian\/wp-json\/wp\/v2\/types\/page"}],"author":[{"embeddable":true,"href":"https:\/\/biblian.is\/biblian\/wp-json\/wp\/v2\/users\/1"}],"replies":[{"embeddable":true,"href":"https:\/\/biblian.is\/biblian\/wp-json\/wp\/v2\/comments?post=2182"}],"version-history":[{"count":0,"href":"https:\/\/biblian.is\/biblian\/wp-json\/wp\/v2\/pages\/2182\/revisions"}],"wp:attachment":[{"href":"https:\/\/biblian.is\/biblian\/wp-json\/wp\/v2\/media?parent=2182"}],"curies":[{"name":"wp","href":"https:\/\/api.w.org\/{rel}","templated":true}]}}