{"id":2176,"date":"2017-12-30T21:02:00","date_gmt":"2017-12-30T21:02:00","guid":{"rendered":"http:\/\/biblian.is\/biblian\/s%c2%87lmarnir-81-kafli\/"},"modified":"2020-05-30T18:12:49","modified_gmt":"2020-05-30T18:12:49","slug":"salmarnir-81-kafli","status":"publish","type":"page","link":"https:\/\/biblian.is\/biblian\/salmarnir-81-kafli\/","title":{"rendered":"S\u00e1lmarnir 81. kafli"},"content":{"rendered":"<p><a name=\"1\"><span class=\"versanumer_2007\">1<\/span><\/a> Til s\u00f6ngstj\u00f3rans. \u00c1 gitt\u00edt.<span class=\"nedan_mal\" title=\" Merking \u00f3\u00feekkt.\">[<\/span> Asafss\u00e1lmur. <br \/> <span class=\"ljodatexti\"> <a name=\"2\"><span class=\"versanumer_ljod\">2<\/span><\/a>Gle\u00f0jist fyrir Gu\u00f0i sem er styrkur vor,<br \/>fagni\u00f0 fyrir Jakobs Gu\u00f0i.<br \/> <\/span> <span class=\"ljodatexti\"> <a name=\"3\"><span class=\"versanumer_ljod\">3<\/span><\/a>Hefji\u00f0 lofs\u00f6ng og berji\u00f0 bumbur,<br \/>kn\u00fdi\u00f0 kli\u00f0mj\u00faka l\u00fatu og h\u00f6rpu.<br \/> <\/span> <span class=\"ljodatexti\"> <a name=\"4\"><span class=\"versanumer_ljod\">4<\/span><\/a>\u00deeyti\u00f0 hafurshorn me\u00f0 n\u00fdju tungli,<br \/>vi\u00f0 tunglfylling \u00e1 h\u00e1t\u00ed\u00f0isdegi vorum.<br \/> <\/span> <span class=\"ljodatexti\"> <a name=\"5\"><span class=\"versanumer_ljod\">5<\/span><\/a>\u00dev\u00ed a\u00f0 \u00feetta eru l\u00f6g fyrir \u00cdsrael,<br \/>fyrirm\u00e6li fr\u00e1 Jakobs Gu\u00f0i.<br \/> <\/span> <span class=\"ljodatexti\"> <a name=\"6\"><span class=\"versanumer_ljod\">6<\/span><\/a>Hann ger\u00f0i \u00fea\u00f0 a\u00f0 reglu fyrir J\u00f3sef<br \/>\u00feegar hann h\u00e9lt gegn Egyptalandi.<br \/>\u00c9g heyri m\u00e1l sem \u00e9g \u00feekki ekki:<br \/> <\/span> <span class=\"ljodatexti\"> <a name=\"7\"><span class=\"versanumer_ljod\">7<\/span><\/a>\u201e\u00c9g l\u00e9tti byr\u00f0inni af her\u00f0um hans<br \/>og losa\u00f0i hendur hans vi\u00f0 bur\u00f0ark\u00f6rfuna.<br \/> <\/span> <span class=\"ljodatexti\"> <a name=\"8\"><span class=\"versanumer_ljod\">8<\/span><\/a>\u00de\u00fa kalla\u00f0ir \u00ed ney\u00f0inni,<br \/>\u00e9g bjarga\u00f0i \u00fe\u00e9r,<br \/>\u00e9g b\u00e6nheyr\u00f0i \u00feig \u00ed \u00ferumusk\u00fdi<br \/>og reyndi \u00feig vi\u00f0 Mer\u00edbav\u00f6tn. (Sela)<br \/> <\/span> <span class=\"ljodatexti\"> <a name=\"9\"><span class=\"versanumer_ljod\">9<\/span><\/a>Heyr, l\u00fd\u00f0ur minn, a\u00f0 \u00e9g megi vara \u00feig vi\u00f0,<br \/>\u00cdsrael, a\u00f0 \u00fe\u00fa vildir hlusta.<br \/> <\/span> <span class=\"ljodatexti\"> <a name=\"10\"><span class=\"versanumer_ljod\">10<\/span><\/a>Enginn framandi gu\u00f0 m\u00e1 vera hj\u00e1 \u00fe\u00e9r.<br \/>Engan \u00fatlendan gu\u00f0 m\u00e1ttu tilbi\u00f0ja. <br \/> <\/span> <span class=\"ljodatexti\"> <a name=\"11\"><span class=\"versanumer_ljod\">11<\/span><\/a>\u00c9g er Drottinn, Gu\u00f0 \u00feinn,<br \/>sem leiddi \u00feig \u00fat af Egyptalandi.<br \/>Opna munn \u00feinn, a\u00f0 \u00e9g megi se\u00f0ja \u00feig.<br \/> <\/span> <span class=\"ljodatexti\"> <a name=\"12\"><span class=\"versanumer_ljod\">12<\/span><\/a>En l\u00fd\u00f0ur minn hlusta\u00f0i ekki \u00e1 mig<br \/>og \u00cdsrael hl\u00fdddi m\u00e9r ekki.<br \/> <\/span> <span class=\"ljodatexti\"> <a name=\"13\"><span class=\"versanumer_ljod\">13<\/span><\/a>\u00de\u00e1 sleppti \u00e9g \u00feeim, forhertum \u00ed hjarta, <br \/>\u00feeir fengu a\u00f0 fara a\u00f0 eigin ge\u00f0\u00fe\u00f3tta.<br \/> <\/span> <span class=\"ljodatexti\"> <a name=\"14\"><span class=\"versanumer_ljod\">14<\/span><\/a>\u00d3, a\u00f0 l\u00fd\u00f0ur minn hlusta\u00f0i \u00e1 mig,<br \/>\u00cdsrael gengi \u00e1 vegum m\u00ednum.<br \/> <\/span> <span class=\"ljodatexti\"> <a name=\"15\"><span class=\"versanumer_ljod\">15<\/span><\/a>\u00de\u00e1 mundi \u00e9g skj\u00f3tt l\u00e6gja \u00f3vini \u00feeirra<br \/>og sn\u00faa hendi minni gegn fjendum \u00feeirra.<br \/> <\/span> <span class=\"ljodatexti\"> <a name=\"16\"><span class=\"versanumer_ljod\">16<\/span><\/a>\u00deeir sem hata Drottin mundu hr\u00e6sna fyrir honum<br \/>og svo yr\u00f0i um aldur og \u00e6vi.<br \/> <\/span> <span class=\"ljodatexti\"> <a name=\"17\"><span class=\"versanumer_ljod\">17<\/span><\/a>\u00de\u00e9r g\u00e6fi \u00e9g kjarnbesta hveiti a\u00f0 eta<br \/>og seddi \u00feig \u00e1 hunangi \u00far klettum.\u201c <\/span> <\/p>\n","protected":false},"excerpt":{"rendered":"<p>1 Til s\u00f6ngstj\u00f3rans. \u00c1 gitt\u00edt.[ Asafss\u00e1lmur. 2Gle\u00f0jist fyrir Gu\u00f0i sem er styrkur vor,fagni\u00f0 fyrir Jakobs Gu\u00f0i. 3Hefji\u00f0 lofs\u00f6ng og berji\u00f0 bumbur,kn\u00fdi\u00f0 kli\u00f0mj\u00faka l\u00fatu og h\u00f6rpu. 4\u00deeyti\u00f0 hafurshorn me\u00f0 n\u00fdju tungli,vi\u00f0 tunglfylling \u00e1 h\u00e1t\u00ed\u00f0isdegi vorum. 5\u00dev\u00ed a\u00f0 \u00feetta eru l\u00f6g fyrir \u00cdsrael,fyrirm\u00e6li fr\u00e1 Jakobs Gu\u00f0i. 6Hann ger\u00f0i \u00fea\u00f0 a\u00f0 reglu fyrir J\u00f3sef\u00feegar hann h\u00e9lt gegn Egyptalandi.\u00c9g heyri m\u00e1l sem \u00e9g \u00feekki ekki: 7\u201e\u00c9g l\u00e9tti byr\u00f0inni af her\u00f0um hansog losa\u00f0i hendur hans vi\u00f0 bur\u00f0ark\u00f6rfuna. 8\u00de\u00fa kalla\u00f0ir \u00ed ney\u00f0inni,\u00e9g bjarga\u00f0i \u00fe\u00e9r,\u00e9g b\u00e6nheyr\u00f0i \u00feig \u00ed \u00ferumusk\u00fdiog reyndi \u00feig vi\u00f0 Mer\u00edbav\u00f6tn. (Sela) 9Heyr, l\u00fd\u00f0ur minn, a\u00f0 \u00e9g megi vara \u00feig vi\u00f0,\u00cdsrael, a\u00f0 \u00fe\u00fa vildir hlusta. <a href=\"https:\/\/biblian.is\/biblian\/salmarnir-81-kafli\/\"> [&#8230;]<\/a><\/p>\n","protected":false},"author":1,"featured_media":0,"parent":0,"menu_order":0,"comment_status":"open","ping_status":"open","template":"bibliukaflar_salmarnir.php","meta":{"footnotes":""},"class_list":["post-2176","page","type-page","status-publish","hentry"],"_links":{"self":[{"href":"https:\/\/biblian.is\/biblian\/wp-json\/wp\/v2\/pages\/2176","targetHints":{"allow":["GET"]}}],"collection":[{"href":"https:\/\/biblian.is\/biblian\/wp-json\/wp\/v2\/pages"}],"about":[{"href":"https:\/\/biblian.is\/biblian\/wp-json\/wp\/v2\/types\/page"}],"author":[{"embeddable":true,"href":"https:\/\/biblian.is\/biblian\/wp-json\/wp\/v2\/users\/1"}],"replies":[{"embeddable":true,"href":"https:\/\/biblian.is\/biblian\/wp-json\/wp\/v2\/comments?post=2176"}],"version-history":[{"count":0,"href":"https:\/\/biblian.is\/biblian\/wp-json\/wp\/v2\/pages\/2176\/revisions"}],"wp:attachment":[{"href":"https:\/\/biblian.is\/biblian\/wp-json\/wp\/v2\/media?parent=2176"}],"curies":[{"name":"wp","href":"https:\/\/api.w.org\/{rel}","templated":true}]}}