{"id":2174,"date":"2017-12-30T21:02:00","date_gmt":"2017-12-30T21:02:00","guid":{"rendered":"http:\/\/biblian.is\/biblian\/s%c2%87lmarnir-79-kafli\/"},"modified":"2020-05-30T18:12:48","modified_gmt":"2020-05-30T18:12:48","slug":"salmarnir-79-kafli","status":"publish","type":"page","link":"https:\/\/biblian.is\/biblian\/salmarnir-79-kafli\/","title":{"rendered":"S\u00e1lmarnir 79. kafli"},"content":{"rendered":"<p><a name=\"1\"><span class=\"versanumer_2007\">1<\/span><\/a> Asafss\u00e1lmur.<br \/> <span class=\"ljodatexti\"> Gu\u00f0, hei\u00f0ingjar hafa ru\u00f0st inn \u00ed erf\u00f0aland \u00feitt,<br \/>\u00feeir hafa saurga\u00f0 \u00feitt heilaga musteri,<br \/>lagt Jer\u00fasalem \u00ed r\u00fast.<br \/> <\/span> <span class=\"ljodatexti\"> <a name=\"2\"><span class=\"versanumer_ljod\">2<\/span><\/a>\u00deeir hafa gefi\u00f0 fuglum himinsins l\u00edk \u00fej\u00f3na \u00feinna a\u00f0 \u00e6ti<br \/>og d\u00fdrum merkurinnar hold \u00feeirra sem treystu \u00fe\u00e9r.<br \/> <\/span> <span class=\"ljodatexti\"> <a name=\"3\"><span class=\"versanumer_ljod\">3<\/span><\/a>\u00deeir hafa \u00fathellt bl\u00f3\u00f0i \u00feeirra eins og vatni umhverfis Jer\u00fasalem<br \/>og enginn greftra\u00f0i \u00fe\u00e1.<br \/> <\/span> <span class=\"ljodatexti\"> <a name=\"4\"><span class=\"versanumer_ljod\">4<\/span><\/a>V\u00e9r vorum sm\u00e1na\u00f0ir af gr\u00f6nnum vorum,<br \/>haf\u00f0ir a\u00f0 h\u00e1\u00f0i og spotti af \u00feeim sem bjuggu umhverfis oss.<br \/> <\/span> <span class=\"ljodatexti\"> <a name=\"5\"><span class=\"versanumer_ljod\">5<\/span><\/a>Hversu lengi, Drottinn, \u00e1 rei\u00f0i \u00fe\u00edn a\u00f0 vara,<br \/>\u00e1 vandl\u00e6ti \u00feitt a\u00f0 loga sem eldur um alla framt\u00ed\u00f0? <br \/> <\/span> <span class=\"ljodatexti\"> <a name=\"6\"><span class=\"versanumer_ljod\">6<\/span><\/a>\u00dathell rei\u00f0i \u00feinni yfir hei\u00f0ingjana<br \/>sem ekki \u00feekkja \u00feig<br \/>og konungsr\u00edki sem ekki \u00e1kalla nafn \u00feitt<br \/> <\/span> <span class=\"ljodatexti\"> <a name=\"7\"><span class=\"versanumer_ljod\">7<\/span><\/a>\u00fev\u00ed a\u00f0 \u00feau hafa gleypt Jakob<br \/>og lagt b\u00fasta\u00f0 hans \u00ed ey\u00f0i.<br \/> <\/span> <span class=\"ljodatexti\"> <a name=\"8\"><span class=\"versanumer_ljod\">8<\/span><\/a>L\u00e1t oss ekki gjalda misgj\u00f6r\u00f0a forfe\u00f0ranna.<br \/>Miskunn \u00fe\u00edn komi skj\u00f3tt til m\u00f3ts vi\u00f0 oss<br \/>\u00fev\u00ed a\u00f0 v\u00e9r erum \u00f6rmagna.<br \/> <\/span> <span class=\"ljodatexti\"> <a name=\"9\"><span class=\"versanumer_ljod\">9<\/span><\/a>Hj\u00e1lpa oss, Gu\u00f0, frelsari vor, <br \/>sakir \u00fe\u00edns d\u00fdrlega nafns. <br \/>Frelsa oss og fyrirgef syndir vorar<br \/>sakir nafns \u00fe\u00edns. <br \/> <\/span> <span class=\"ljodatexti\"> <a name=\"10\"><span class=\"versanumer_ljod\">10<\/span><\/a>Hvers vegna \u00e6ttu hei\u00f0ingjarnir a\u00f0 segja:<br \/>\u201eHvar er Gu\u00f0 \u00feeirra?\u201c<br \/>Ger\u00f0u kunnugt me\u00f0al \u00fej\u00f3\u00f0anna frammi fyrir augum vorum <br \/>a\u00f0 \u00fe\u00fa hefnir fyrir \u00fathellt bl\u00f3\u00f0 \u00fej\u00f3na \u00feinna.<br \/> <\/span> <span class=\"ljodatexti\"> <a name=\"11\"><span class=\"versanumer_ljod\">11<\/span><\/a>L\u00e1t andv\u00f6rp bandingjanna koma fram fyrir \u00feig, <br \/>var\u00f0veit l\u00edf hinna dau\u00f0ad\u00e6mdu <br \/>me\u00f0 \u00fe\u00ednum m\u00e1ttuga armi.<br \/> <\/span> <span class=\"ljodatexti\"> <a name=\"12\"><span class=\"versanumer_ljod\">12<\/span><\/a>Gjald gr\u00f6nnum vorum sj\u00f6falt <br \/>h\u00e1\u00f0ungina sem \u00feeir hafa s\u00fdnt \u00fe\u00e9r, Drottinn.<br \/> <\/span> <span class=\"ljodatexti\"> <a name=\"13\"><span class=\"versanumer_ljod\">13<\/span><\/a>En v\u00e9r, l\u00fd\u00f0ur \u00feinn og g\u00e6sluhj\u00f6r\u00f0,<br \/>munum \u00feakka \u00fe\u00e9r um aldur og \u00e6vi,<br \/>syngja \u00fe\u00e9r lof fr\u00e1 kyni til kyns. <\/span> <\/p>\n","protected":false},"excerpt":{"rendered":"<p>1 Asafss\u00e1lmur. Gu\u00f0, hei\u00f0ingjar hafa ru\u00f0st inn \u00ed erf\u00f0aland \u00feitt,\u00feeir hafa saurga\u00f0 \u00feitt heilaga musteri,lagt Jer\u00fasalem \u00ed r\u00fast. 2\u00deeir hafa gefi\u00f0 fuglum himinsins l\u00edk \u00fej\u00f3na \u00feinna a\u00f0 \u00e6tiog d\u00fdrum merkurinnar hold \u00feeirra sem treystu \u00fe\u00e9r. 3\u00deeir hafa \u00fathellt bl\u00f3\u00f0i \u00feeirra eins og vatni umhverfis Jer\u00fasalemog enginn greftra\u00f0i \u00fe\u00e1. 4V\u00e9r vorum sm\u00e1na\u00f0ir af gr\u00f6nnum vorum,haf\u00f0ir a\u00f0 h\u00e1\u00f0i og spotti af \u00feeim sem bjuggu umhverfis oss. 5Hversu lengi, Drottinn, \u00e1 rei\u00f0i \u00fe\u00edn a\u00f0 vara,\u00e1 vandl\u00e6ti \u00feitt a\u00f0 loga sem eldur um alla framt\u00ed\u00f0? 6\u00dathell rei\u00f0i \u00feinni yfir hei\u00f0ingjanasem ekki \u00feekkja \u00feigog konungsr\u00edki sem ekki \u00e1kalla nafn \u00feitt 7\u00fev\u00ed a\u00f0 \u00feau hafa gleypt <a href=\"https:\/\/biblian.is\/biblian\/salmarnir-79-kafli\/\"> [&#8230;]<\/a><\/p>\n","protected":false},"author":1,"featured_media":0,"parent":0,"menu_order":0,"comment_status":"open","ping_status":"open","template":"bibliukaflar_salmarnir.php","meta":{"footnotes":""},"class_list":["post-2174","page","type-page","status-publish","hentry"],"_links":{"self":[{"href":"https:\/\/biblian.is\/biblian\/wp-json\/wp\/v2\/pages\/2174","targetHints":{"allow":["GET"]}}],"collection":[{"href":"https:\/\/biblian.is\/biblian\/wp-json\/wp\/v2\/pages"}],"about":[{"href":"https:\/\/biblian.is\/biblian\/wp-json\/wp\/v2\/types\/page"}],"author":[{"embeddable":true,"href":"https:\/\/biblian.is\/biblian\/wp-json\/wp\/v2\/users\/1"}],"replies":[{"embeddable":true,"href":"https:\/\/biblian.is\/biblian\/wp-json\/wp\/v2\/comments?post=2174"}],"version-history":[{"count":0,"href":"https:\/\/biblian.is\/biblian\/wp-json\/wp\/v2\/pages\/2174\/revisions"}],"wp:attachment":[{"href":"https:\/\/biblian.is\/biblian\/wp-json\/wp\/v2\/media?parent=2174"}],"curies":[{"name":"wp","href":"https:\/\/api.w.org\/{rel}","templated":true}]}}

Sálmarnir 79. kafli

<p><a name="1"><span class="versanumer_2007">1</span></a> Asafssálmur.<br /> <span class="ljodatexti"> Guð, heiðingjar hafa ruðst inn í erfðaland þitt,<br />þeir hafa saurgað þitt heilaga musteri,<br />lagt Jerúsalem í rúst.<br /> </span> <span class="ljodatexti"> <a name="2"><span class="versanumer_ljod">2</span></a>Þeir hafa gefið fuglum himinsins lík þjóna þinna að æti<br />og dýrum merkurinnar hold þeirra sem treystu þér.<br /> </span> <span class="ljodatexti"> <a name="3"><span class="versanumer_ljod">3</span></a>Þeir hafa úthellt blóði þeirra eins og vatni umhverfis Jerúsalem<br />og enginn greftraði þá.<br /> </span> <span class="ljodatexti"> <a name="4"><span class="versanumer_ljod">4</span></a>Vér vorum smánaðir af grönnum vorum,<br />hafðir að háði og spotti af þeim sem bjuggu umhverfis oss.<br /> </span> <span class="ljodatexti"> <a name="5"><span class="versanumer_ljod">5</span></a>Hversu lengi, Drottinn, á reiði þín að vara,<br />á vandlæti þitt að loga sem eldur um alla framtíð? <br /> </span> <span class="ljodatexti"> <a name="6"><span class="versanumer_ljod">6</span></a>Úthell reiði þinni yfir heiðingjana<br />sem ekki þekkja þig<br />og konungsríki sem ekki ákalla nafn þitt<br /> </span> <span class="ljodatexti"> <a name="7"><span class="versanumer_ljod">7</span></a>því að þau hafa gleypt Jakob<br />og lagt bústað hans í eyði.<br /> </span> <span class="ljodatexti"> <a name="8"><span class="versanumer_ljod">8</span></a>Lát oss ekki gjalda misgjörða forfeðranna.<br />Miskunn þín komi skjótt til móts við oss<br />því að vér erum örmagna.<br /> </span> <span class="ljodatexti"> <a name="9"><span class="versanumer_ljod">9</span></a>Hjálpa oss, Guð, frelsari vor, <br />sakir þíns dýrlega nafns. <br />Frelsa oss og fyrirgef syndir vorar<br />sakir nafns þíns. <br /> </span> <span class="ljodatexti"> <a name="10"><span class="versanumer_ljod">10</span></a>Hvers vegna ættu heiðingjarnir að segja:<br />„Hvar er Guð þeirra?“<br />Gerðu kunnugt meðal þjóðanna frammi fyrir augum vorum <br />að þú hefnir fyrir úthellt blóð þjóna þinna.<br /> </span> <span class="ljodatexti"> <a name="11"><span class="versanumer_ljod">11</span></a>Lát andvörp bandingjanna koma fram fyrir þig, <br />varðveit líf hinna dauðadæmdu <br />með þínum máttuga armi.<br /> </span> <span class="ljodatexti"> <a name="12"><span class="versanumer_ljod">12</span></a>Gjald grönnum vorum sjöfalt <br />háðungina sem þeir hafa sýnt þér, Drottinn.<br /> </span> <span class="ljodatexti"> <a name="13"><span class="versanumer_ljod">13</span></a>En vér, lýður þinn og gæsluhjörð,<br />munum þakka þér um aldur og ævi,<br />syngja þér lof frá kyni til kyns. </span> </p>

<p>1 Asafssálmur. Guð, heiðingjar hafa ruðst inn í erfðaland þitt,þeir hafa saurgað þitt heilaga musteri,lagt Jerúsalem í rúst. 2Þeir hafa gefið fuglum himinsins lík þjóna þinna að ætiog dýrum merkurinnar hold þeirra sem treystu þér. 3Þeir hafa úthellt blóði þeirra eins og vatni umhverfis Jerúsalemog enginn greftraði þá. 4Vér vorum smánaðir af grönnum vorum,hafðir að háði og spotti af þeim sem bjuggu umhverfis oss. 5Hversu lengi, Drottinn, á reiði þín að vara,á vandlæti þitt að loga sem eldur um alla framtíð? 6Úthell reiði þinni yfir heiðingjanasem ekki þekkja þigog konungsríki sem ekki ákalla nafn þitt 7því að þau hafa gleypt <a href="https://biblian.is/biblian/salmarnir-79-kafli/"> [&#8230;]</a></p>
