{"id":2164,"date":"2017-12-30T21:02:00","date_gmt":"2017-12-30T21:02:00","guid":{"rendered":"http:\/\/biblian.is\/biblian\/s%c2%87lmarnir-69-kafli\/"},"modified":"2020-05-30T18:12:45","modified_gmt":"2020-05-30T18:12:45","slug":"salmarnir-69-kafli","status":"publish","type":"page","link":"https:\/\/biblian.is\/biblian\/salmarnir-69-kafli\/","title":{"rendered":"S\u00e1lmarnir 69. kafli"},"content":{"rendered":"<p><a name=\"1\"><span class=\"versanumer_2007\">1<\/span><\/a> Til s\u00f6ngstj\u00f3rans. Liljulag. Dav\u00ed\u00f0ss\u00e1lmur. <br \/> <span class=\"ljodatexti\"> <a name=\"2\"><span class=\"versanumer_ljod\">2<\/span><\/a>Hj\u00e1lpa m\u00e9r, \u00f3 Gu\u00f0, <br \/>\u00fev\u00ed a\u00f0 v\u00f6tnin n\u00e1 m\u00e9r upp a\u00f0 h\u00e1lsi.<br \/> <\/span> <span class=\"ljodatexti\"> <a name=\"3\"><span class=\"versanumer_ljod\">3<\/span><\/a>\u00c9g er sokkinn \u00ed botnlausa le\u00f0ju <br \/>og hef enga f\u00f3tfestu.<br \/>\u00c9g er kominn \u00fat \u00e1 dj\u00fapi\u00f0<br \/>og bylgjurnar ganga yfir mig. <br \/> <\/span> <span class=\"ljodatexti\"> <a name=\"4\"><span class=\"versanumer_ljod\">4<\/span><\/a>\u00c9g hef hr\u00f3pa\u00f0 mig \u00fereyttan, <br \/>me\u00f0 brunasvi\u00f0a \u00ed kverkunum, <br \/>augu m\u00edn eru d\u00f6pru\u00f0 or\u00f0in <br \/>af a\u00f0 \u00fereyja eftir Gu\u00f0i m\u00ednum. <br \/> <\/span> <span class=\"ljodatexti\"> <a name=\"5\"><span class=\"versanumer_ljod\">5<\/span><\/a>Fleiri en h\u00e1rin \u00e1 h\u00f6f\u00f0i m\u00e9r <br \/>eru \u00feeir er hata mig a\u00f0 \u00e1st\u00e6\u00f0ulausu.<br \/>\u00deeir sem vilja tort\u00edma eru voldugir,<br \/>\u00f3vinir m\u00ednir \u00e1n saka.<br \/>\u00c9g hef or\u00f0i\u00f0 a\u00f0 skila \u00fev\u00ed sem \u00e9g r\u00e6ndi ekki.<br \/> <\/span> <span class=\"ljodatexti\"> <a name=\"6\"><span class=\"versanumer_ljod\">6<\/span><\/a>\u00de\u00fa, Gu\u00f0, \u00feekkir heimsku m\u00edna<br \/>og sakir m\u00ednar dyljast \u00fe\u00e9r eigi. <br \/> <\/span> <span class=\"ljodatexti\"> <a name=\"7\"><span class=\"versanumer_ljod\">7<\/span><\/a>L\u00e1t eigi \u00fe\u00e1 er vona \u00e1 \u00feig <br \/>ver\u00f0a til skammar m\u00edn vegna, <br \/>\u00f3, Drottinn, Drottinn hersveitanna. <br \/>L\u00e1t eigi \u00fe\u00e1 er leita \u00fe\u00edn <br \/>ver\u00f0a til minnkunar m\u00edn vegna, <br \/>\u00fe\u00fa Gu\u00f0 \u00cdsraels. <br \/> <\/span> <span class=\"ljodatexti\"> <a name=\"8\"><span class=\"versanumer_ljod\">8<\/span><\/a>\u00de\u00edn vegna ber \u00e9g h\u00e1\u00f0ung<br \/>svo a\u00f0 andlit mitt ro\u00f0nar af blyg\u00f0un. <br \/> <\/span> <span class=\"ljodatexti\"> <a name=\"9\"><span class=\"versanumer_ljod\">9<\/span><\/a>\u00c9g er \u00f3kunnur or\u00f0inn br\u00e6\u00f0rum m\u00ednum <br \/>og framandi sonum m\u00f3\u00f0ur minnar. <br \/> <\/span> <span class=\"ljodatexti\"> <a name=\"10\"><span class=\"versanumer_ljod\">10<\/span><\/a>Vandl\u00e6ting vegna h\u00fass \u00fe\u00edns hefur t\u00e6rt mig upp<br \/>og sm\u00e1naryr\u00f0i \u00feeirra er sm\u00e1na \u00feig hafa lent \u00e1 m\u00e9r.<br \/> <\/span> <span class=\"ljodatexti\"> <a name=\"11\"><span class=\"versanumer_ljod\">11<\/span><\/a>\u00c9g au\u00f0m\u00fdkti mig me\u00f0 f\u00f6stu<br \/>en fyrir \u00fea\u00f0 f\u00e9kk \u00e9g h\u00e1\u00f0 eitt,<br \/> <\/span> <span class=\"ljodatexti\"> <a name=\"12\"><span class=\"versanumer_ljod\">12<\/span><\/a>haf\u00f0i h\u00e6rusekk fyrir kl\u00e6\u00f0i<br \/>og \u00feeir ortu h\u00e1\u00f0kv\u00e6\u00f0i um mig.<br \/> <\/span> <span class=\"ljodatexti\"> <a name=\"13\"><span class=\"versanumer_ljod\">13<\/span><\/a>\u00deeir sem sitja \u00ed borgarhli\u00f0inu sl\u00fa\u00f0ra um mig <br \/>og drukknir menn syngja um mig h\u00e1\u00f0kv\u00e6\u00f0i. <br \/> <\/span> <span class=\"ljodatexti\"> <a name=\"14\"><span class=\"versanumer_ljod\">14<\/span><\/a>En \u00e9g bi\u00f0 til \u00fe\u00edn, Drottinn, \u00e1 stund n\u00e1\u00f0ar \u00feinnar.<br \/>Svara m\u00e9r, Gu\u00f0, \u00ed tr\u00fafesti hj\u00e1lpr\u00e6\u00f0is \u00fe\u00edns <br \/>sakir mikillar miskunnar \u00feinnar. <br \/> <\/span> <span class=\"ljodatexti\"> <a name=\"15\"><span class=\"versanumer_ljod\">15<\/span><\/a>Bjarga m\u00e9r \u00far kviksyndinu svo a\u00f0 \u00e9g s\u00f6kkvi eigi, <br \/>bjarga m\u00e9r fr\u00e1 hatursm\u00f6nnum m\u00ednum <br \/>og \u00far hafdj\u00fapinu.<br \/> <\/span> <span class=\"ljodatexti\"> <a name=\"16\"><span class=\"versanumer_ljod\">16<\/span><\/a>L\u00e1t eigi vatnselginn f\u00e6ra mig \u00ed kaf,<br \/>n\u00e9 hyld\u00fdpi\u00f0 svelgja mig <br \/>og l\u00e1t eigi brunninn lj\u00fakast aftur yfir m\u00e9r. <br \/> <\/span> <span class=\"ljodatexti\"> <a name=\"17\"><span class=\"versanumer_ljod\">17<\/span><\/a>B\u00e6nheyr mig, Drottinn, sakir g\u00e6sku n\u00e1\u00f0ar \u00feinnar, <br \/>sn\u00fa \u00fe\u00e9r a\u00f0 m\u00e9r af mikilli miskunn \u00feinni.<br \/> <\/span> <span class=\"ljodatexti\"> <a name=\"18\"><span class=\"versanumer_ljod\">18<\/span><\/a>Hyl eigi auglit \u00feitt fyrir \u00fej\u00f3ni \u00fe\u00ednum<br \/>\u00fev\u00ed a\u00f0 \u00e9g er \u00ed nau\u00f0um staddur, <br \/>fl\u00fdt \u00fe\u00e9r a\u00f0 b\u00e6nheyra mig.<br \/> <\/span> <span class=\"ljodatexti\"> <a name=\"19\"><span class=\"versanumer_ljod\">19<\/span><\/a>Ver m\u00e9r n\u00e1l\u00e6gur, leys mig,<br \/>frelsa mig fr\u00e1 \u00f3vinum m\u00ednum.<br \/> <\/span> <span class=\"ljodatexti\"> <a name=\"20\"><span class=\"versanumer_ljod\">20<\/span><\/a>\u00de\u00fa \u00feekkir h\u00e1\u00f0ung m\u00edna, sk\u00f6mm og sv\u00edvir\u00f0ing, <br \/>allir fjendur m\u00ednir standa \u00fe\u00e9r fyrir sj\u00f3num. <br \/> <\/span> <span class=\"ljodatexti\"> <a name=\"21\"><span class=\"versanumer_ljod\">21<\/span><\/a>H\u00e1\u00f0ungin kramdi hjarta mitt svo a\u00f0 \u00e9g \u00f6rv\u00e6nti. <br \/>\u00c9g vona\u00f0i a\u00f0 einhver s\u00fdndi me\u00f0aumkun en \u00fear var enginn, <br \/>og a\u00f0 einhverjir huggu\u00f0u en fann engan.<br \/> <\/span> <span class=\"ljodatexti\"> <a name=\"22\"><span class=\"versanumer_ljod\">22<\/span><\/a> \u00deeir fengu m\u00e9r malurt til matar<br \/>og vi\u00f0 \u00feorstanum g\u00e1fu \u00feeir m\u00e9r edik a\u00f0 drekka. <br \/> <\/span> <span class=\"ljodatexti\"> <a name=\"23\"><span class=\"versanumer_ljod\">23<\/span><\/a> Ver\u00f0i bor\u00f0i\u00f0 fyrir framan \u00fe\u00e1 a\u00f0 gildru,<br \/>f\u00f3rnarveisla <span class=\"nedan_mal\" title=\" Annar lesh\u00e1ttur: uggleysi \u00feeirra.\">[<\/span> \u00feeirra \u00feeim a\u00f0 sn\u00f6ru,<br \/> <\/span> <span class=\"ljodatexti\"> <a name=\"24\"><span class=\"versanumer_ljod\">24<\/span><\/a> augu \u00feeirra myrkvist svo a\u00f0 \u00feeir sj\u00e1i ekkert,<br \/>lendar \u00feeirra skj\u00e1lfi um alla framt\u00ed\u00f0. <br \/> <\/span> <span class=\"ljodatexti\"> <a name=\"25\"><span class=\"versanumer_ljod\">25<\/span><\/a> Hell \u00fe\u00fa rei\u00f0i \u00feinni yfir \u00fe\u00e1 <br \/>og l\u00e1t \u00fe\u00edna brennandi gremi n\u00e1 \u00feeim. <br \/> <\/span> <span class=\"ljodatexti\"> <a name=\"26\"><span class=\"versanumer_ljod\">26<\/span><\/a> B\u00fa\u00f0ir \u00feeirra ver\u00f0i eyddar <br \/>og enginn b\u00fai \u00ed tj\u00f6ldum \u00feeirra<br \/> <\/span> <span class=\"ljodatexti\"> <a name=\"27\"><span class=\"versanumer_ljod\">27<\/span><\/a> \u00fev\u00ed a\u00f0 \u00feann sem \u00fe\u00fa hefur losti\u00f0 ofs\u00e6kja \u00feeir <br \/>og auka \u00fej\u00e1ningar \u00feeirra er \u00fe\u00fa hefur s\u00e6rt.<br \/> <\/span> <span class=\"ljodatexti\"> <a name=\"28\"><span class=\"versanumer_ljod\">28<\/span><\/a> B\u00e6t s\u00f6k vi\u00f0 s\u00f6k \u00feeirra <br \/>og l\u00e1t \u00fe\u00e1 eigi ganga inn \u00ed r\u00e9ttl\u00e6ti \u00feitt. <br \/> <\/span> <span class=\"ljodatexti\"> <a name=\"29\"><span class=\"versanumer_ljod\">29<\/span><\/a> Ver\u00f0i \u00feeir afm\u00e1\u00f0ir \u00far l\u00edfsins b\u00f3k<br \/>og eigi skr\u00e1\u00f0ir me\u00f0 r\u00e9ttl\u00e1tum.<br \/> <\/span> <span class=\"ljodatexti\"> <a name=\"30\"><span class=\"versanumer_ljod\">30<\/span><\/a> En \u00e9g er vola\u00f0ur og \u00fej\u00e1\u00f0ur, <br \/>hj\u00e1lp \u00fe\u00edn, Gu\u00f0, mun bjarga m\u00e9r.<br \/> <\/span> <span class=\"ljodatexti\"> <a name=\"31\"><span class=\"versanumer_ljod\">31<\/span><\/a> \u00c9g vil lofa nafn Gu\u00f0s \u00ed lj\u00f3\u00f0i <br \/>og mikla hann \u00ed lofs\u00f6ng.<br \/> <\/span> <span class=\"ljodatexti\"> <a name=\"32\"><span class=\"versanumer_ljod\">32<\/span><\/a> \u00dea\u00f0 mun Drottni l\u00edka betur en uxar, <br \/>ungneyti me\u00f0 hornum og klaufum.<br \/> <\/span> <span class=\"ljodatexti\"> <a name=\"33\"><span class=\"versanumer_ljod\">33<\/span><\/a> Hinir au\u00f0mj\u00faku sj\u00e1 \u00fea\u00f0 og gle\u00f0jast, <br \/>\u00fe\u00e9r sem leiti\u00f0 Gu\u00f0s &#8211; hj\u00f6rtu y\u00f0ar lifni vi\u00f0<br \/> <\/span> <span class=\"ljodatexti\"> <a name=\"34\"><span class=\"versanumer_ljod\">34<\/span><\/a> \u00fev\u00ed a\u00f0 Drottinn hlustar \u00e1 hina f\u00e1t\u00e6ku<br \/>og fyrirl\u00edtur eigi bandingja s\u00edna. <br \/> <\/span> <span class=\"ljodatexti\"> <a name=\"35\"><span class=\"versanumer_ljod\">35<\/span><\/a> Hann skulu lofa himinn og j\u00f6r\u00f0, <br \/>h\u00f6fin og allt sem \u00ed \u00feeim hr\u00e6rist.<br \/> <\/span> <span class=\"ljodatexti\"> <a name=\"36\"><span class=\"versanumer_ljod\">36<\/span><\/a> \u00dev\u00ed a\u00f0 Gu\u00f0 hj\u00e1lpar S\u00edon, <br \/>reisir vi\u00f0 borgirnar \u00ed J\u00fada<br \/>og menn skulu b\u00faa \u00fear <br \/>og f\u00e1 landi\u00f0 til eignar.<br \/> <\/span> <span class=\"ljodatexti\"> <a name=\"37\"><span class=\"versanumer_ljod\">37<\/span><\/a> Ni\u00f0jar \u00fej\u00f3na hans munu erfa \u00fea\u00f0<br \/>og \u00feeir er elska nafn hans byggja \u00fear. <\/span> <\/p>\n","protected":false},"excerpt":{"rendered":"<p>1 Til s\u00f6ngstj\u00f3rans. Liljulag. Dav\u00ed\u00f0ss\u00e1lmur. 2Hj\u00e1lpa m\u00e9r, \u00f3 Gu\u00f0, \u00fev\u00ed a\u00f0 v\u00f6tnin n\u00e1 m\u00e9r upp a\u00f0 h\u00e1lsi. 3\u00c9g er sokkinn \u00ed botnlausa le\u00f0ju og hef enga f\u00f3tfestu.\u00c9g er kominn \u00fat \u00e1 dj\u00fapi\u00f0og bylgjurnar ganga yfir mig. 4\u00c9g hef hr\u00f3pa\u00f0 mig \u00fereyttan, me\u00f0 brunasvi\u00f0a \u00ed kverkunum, augu m\u00edn eru d\u00f6pru\u00f0 or\u00f0in af a\u00f0 \u00fereyja eftir Gu\u00f0i m\u00ednum. 5Fleiri en h\u00e1rin \u00e1 h\u00f6f\u00f0i m\u00e9r eru \u00feeir er hata mig a\u00f0 \u00e1st\u00e6\u00f0ulausu.\u00deeir sem vilja tort\u00edma eru voldugir,\u00f3vinir m\u00ednir \u00e1n saka.\u00c9g hef or\u00f0i\u00f0 a\u00f0 skila \u00fev\u00ed sem \u00e9g r\u00e6ndi ekki. 6\u00de\u00fa, Gu\u00f0, \u00feekkir heimsku m\u00ednaog sakir m\u00ednar dyljast \u00fe\u00e9r eigi. 7L\u00e1t eigi \u00fe\u00e1 er <a href=\"https:\/\/biblian.is\/biblian\/salmarnir-69-kafli\/\"> [&#8230;]<\/a><\/p>\n","protected":false},"author":1,"featured_media":0,"parent":0,"menu_order":0,"comment_status":"open","ping_status":"open","template":"bibliukaflar_salmarnir.php","meta":{"footnotes":""},"class_list":["post-2164","page","type-page","status-publish","hentry"],"_links":{"self":[{"href":"https:\/\/biblian.is\/biblian\/wp-json\/wp\/v2\/pages\/2164","targetHints":{"allow":["GET"]}}],"collection":[{"href":"https:\/\/biblian.is\/biblian\/wp-json\/wp\/v2\/pages"}],"about":[{"href":"https:\/\/biblian.is\/biblian\/wp-json\/wp\/v2\/types\/page"}],"author":[{"embeddable":true,"href":"https:\/\/biblian.is\/biblian\/wp-json\/wp\/v2\/users\/1"}],"replies":[{"embeddable":true,"href":"https:\/\/biblian.is\/biblian\/wp-json\/wp\/v2\/comments?post=2164"}],"version-history":[{"count":0,"href":"https:\/\/biblian.is\/biblian\/wp-json\/wp\/v2\/pages\/2164\/revisions"}],"wp:attachment":[{"href":"https:\/\/biblian.is\/biblian\/wp-json\/wp\/v2\/media?parent=2164"}],"curies":[{"name":"wp","href":"https:\/\/api.w.org\/{rel}","templated":true}]}}