{"id":2163,"date":"2017-12-30T21:02:00","date_gmt":"2017-12-30T21:02:00","guid":{"rendered":"http:\/\/biblian.is\/biblian\/s%c2%87lmarnir-68-kafli\/"},"modified":"2020-05-30T18:12:45","modified_gmt":"2020-05-30T18:12:45","slug":"salmarnir-68-kafli","status":"publish","type":"page","link":"https:\/\/biblian.is\/biblian\/salmarnir-68-kafli\/","title":{"rendered":"S\u00e1lmarnir 68. kafli"},"content":{"rendered":"<p><a name=\"1\"><span class=\"versanumer_2007\">1<\/span><\/a> Til s\u00f6ngstj\u00f3rans. Dav\u00ed\u00f0ss\u00e1lmur. Lj\u00f3\u00f0.<br \/> <span class=\"ljodatexti\"> <a name=\"2\"><span class=\"versanumer_ljod\">2<\/span><\/a>Gu\u00f0 r\u00eds upp, \u00f3vinir hans tv\u00edstrast, <br \/>\u00feeir sem hata hann fl\u00fdja fyrir augliti hans. <br \/> <\/span> <span class=\"ljodatexti\"> <a name=\"3\"><span class=\"versanumer_ljod\">3<\/span><\/a>\u00deeir munu feykjast burt <br \/>l\u00edkt og reykur feykist burt, <br \/>eins og vax br\u00e1\u00f0nar \u00ed eldi<br \/>\u00feannig tort\u00edmast \u00f3gu\u00f0legir fyrir augliti Gu\u00f0s.<br \/> <\/span> <span class=\"ljodatexti\"> <a name=\"4\"><span class=\"versanumer_ljod\">4<\/span><\/a>En r\u00e9ttl\u00e1tir gle\u00f0jast, fagna fyrir augliti Gu\u00f0s<br \/>og fyllast gle\u00f0i.<br \/> <\/span> <span class=\"ljodatexti\"> <a name=\"5\"><span class=\"versanumer_ljod\">5<\/span><\/a>Syngi\u00f0 fyrir Gu\u00f0i, vegsami\u00f0 nafn hans,<br \/>hylli\u00f0 hann sem \u00feeysir yfir au\u00f0nina, <br \/>Drottinn er nafn hans, fagni\u00f0 fyrir augliti hans. <br \/> <\/span> <span class=\"ljodatexti\"> <a name=\"6\"><span class=\"versanumer_ljod\">6<\/span><\/a>Gu\u00f0 \u00ed s\u00ednum heilaga b\u00fasta\u00f0<br \/>er fa\u00f0ir muna\u00f0arlausra og verndari ekkna.<br \/> <\/span> <span class=\"ljodatexti\"> <a name=\"7\"><span class=\"versanumer_ljod\">7<\/span><\/a>Gu\u00f0 b\u00fdr hinum einmana heimili, <br \/>lei\u00f0ir hina fj\u00f6tru\u00f0u til fars\u00e6ldar <br \/>en uppreisnarseggir skulu b\u00faa \u00ed hrj\u00f3strugu landi.<br \/> <\/span> <span class=\"ljodatexti\"> <a name=\"8\"><span class=\"versanumer_ljod\">8<\/span><\/a>\u00deegar \u00fe\u00fa f\u00f3rst \u00fat \u00e1 undan l\u00fd\u00f0 \u00fe\u00ednum, Gu\u00f0, <br \/>skunda\u00f0ir yfir \u00f6r\u00e6fin, (Sela)<br \/> <\/span> <span class=\"ljodatexti\"> <a name=\"9\"><span class=\"versanumer_ljod\">9<\/span><\/a>\u00fe\u00e1 n\u00f6tra\u00f0i j\u00f6r\u00f0in, regn draup af himni <br \/>frammi fyrir Gu\u00f0i, Drottni S\u00edna\u00ed, <br \/>frammi fyrir Gu\u00f0i, \u00cdsraels Gu\u00f0i. <br \/> <\/span> <span class=\"ljodatexti\"> <a name=\"10\"><span class=\"versanumer_ljod\">10<\/span><\/a>\u00de\u00fa l\u00e9st rigna r\u00edkulega \u00e1 arfleif\u00f0 \u00fe\u00edna, \u00f3 Gu\u00f0,<br \/>og l\u00edfga\u00f0ir \u00f6rmagna landi\u00f0, <br \/> <\/span> <span class=\"ljodatexti\"> <a name=\"11\"><span class=\"versanumer_ljod\">11<\/span><\/a>\u00fear settist hj\u00f6r\u00f0 \u00fe\u00edn a\u00f0, \u00f3 Gu\u00f0,<br \/>\u00fe\u00fa anna\u00f0ist hina \u00feurfandi af g\u00e6sku \u00feinni. <br \/> <\/span> <span class=\"ljodatexti\"> <a name=\"12\"><span class=\"versanumer_ljod\">12<\/span><\/a>Drottinn l\u00e6tur bo\u00f0skap \u00fat ganga,<br \/>heill her kvenna flytur sigurfr\u00e9ttina: <br \/> <\/span> <span class=\"ljodatexti\"> <a name=\"13\"><span class=\"versanumer_ljod\">13<\/span><\/a>\u201eKonungar hersveitanna fl\u00fdja, \u00feeir fl\u00fdja,<br \/>en h\u00fan, sem heima situr, skiptir herfangi. <br \/> <\/span> <span class=\"ljodatexti\"> <a name=\"14\"><span class=\"versanumer_ljod\">14<\/span><\/a>Hvort vilji\u00f0 \u00fe\u00e9r liggja milli fj\u00e1r \u00ed r\u00e9ttunum? <br \/>V\u00e6ngir d\u00fafunnar eru lag\u00f0ir silfri <br \/>og fja\u00f0rir hennar gl\u00f3andi gulli.\u201c<br \/> <\/span> <span class=\"ljodatexti\"> <a name=\"15\"><span class=\"versanumer_ljod\">15<\/span><\/a>\u00deegar Hinn alm\u00e1ttki tv\u00edstra\u00f0i konungunum <br \/>snj\u00f3a\u00f0i \u00e1 Salmon. <span class=\"nedan_mal\" title=\" Salmon (nafn \u00e1 fjalli) og Basan (h\u00e1sl\u00e9tta nor\u00f0austur af J\u00f3rdan) tengjast fornum hugmyndum um hi\u00f0 heilaga fjall \u00ed nor\u00f0ri.\">[<\/span> <br \/> <\/span> <span class=\"ljodatexti\"> <a name=\"16\"><span class=\"versanumer_ljod\">16<\/span><\/a>Fjall Gu\u00f0s er Basansfjall,<br \/>tind\u00f3tt fjall er Basansfjall. <br \/> <\/span> <span class=\"ljodatexti\"> <a name=\"17\"><span class=\"versanumer_ljod\">17<\/span><\/a>Hv\u00ed l\u00edti\u00f0 \u00fe\u00e9r, tindar, \u00f6fundarauga <br \/>fjalli\u00f0 er Gu\u00f0 hefur kj\u00f6ri\u00f0 s\u00e9r til b\u00fasta\u00f0ar,<br \/>\u00fear sem Drottinn mun \u00e6t\u00ed\u00f0 b\u00faa?<br \/> <\/span> <span class=\"ljodatexti\"> <a name=\"18\"><span class=\"versanumer_ljod\">18<\/span><\/a>Vagnar Gu\u00f0s eru tvisvar t\u00edu \u00fe\u00fasundir,<br \/>\u00fe\u00fasundir \u00e1 \u00fe\u00fasundir ofan,<br \/>Drottinn kom fr\u00e1 S\u00edna\u00ed til helgid\u00f3msins. <br \/> <\/span> <span class=\"ljodatexti\"> <a name=\"19\"><span class=\"versanumer_ljod\">19<\/span><\/a>\u00de\u00fa steigst upp til h\u00e6\u00f0a, <br \/>haf\u00f0ir \u00e1 burt bandingja, <br \/>t\u00f3kst vi\u00f0 gj\u00f6fum fr\u00e1 m\u00f6nnum,<br \/>jafnvel uppreisnarm\u00f6nnum.<br \/>Drottinn Gu\u00f0 mun b\u00faa \u00fear. <br \/> <\/span> <span class=\"ljodatexti\"> <a name=\"20\"><span class=\"versanumer_ljod\">20<\/span><\/a>Lofa\u00f0ur s\u00e9 Drottinn er ber byr\u00f0ar vorar dag eftir dag, <br \/>Gu\u00f0 er hj\u00e1lpr\u00e1\u00f0 vort. (Sela)<br \/> <\/span> <span class=\"ljodatexti\"> <a name=\"21\"><span class=\"versanumer_ljod\">21<\/span><\/a>Gu\u00f0 er oss hj\u00e1lpr\u00e6\u00f0isgu\u00f0 <br \/>og alvaldur Drottinn bjargar fr\u00e1 dau\u00f0anum. <br \/> <\/span> <span class=\"ljodatexti\"> <a name=\"22\"><span class=\"versanumer_ljod\">22<\/span><\/a> Gu\u00f0 sundurmolar h\u00f6fu\u00f0 \u00f3vina sinna, <br \/>hvirfil \u00feess er lifir \u00ed sekt.<br \/> <\/span> <span class=\"ljodatexti\"> <a name=\"23\"><span class=\"versanumer_ljod\">23<\/span><\/a> Drottinn segir: \u201e\u00c9g s\u00e6ki \u00fe\u00e1 fr\u00e1 Basan,<br \/>flyt \u00fe\u00e1 fr\u00e1 dj\u00fapi hafsins<br \/> <\/span> <span class=\"ljodatexti\"> <a name=\"24\"><span class=\"versanumer_ljod\">24<\/span><\/a> svo a\u00f0 \u00fe\u00fa megir ba\u00f0a f\u00f3t \u00feinn \u00ed bl\u00f3\u00f0i <br \/>og tungur hunda \u00feinna f\u00e1i sinn hlut af \u00f3vinunum.\u201c<br \/> <\/span> <span class=\"ljodatexti\"> <a name=\"25\"><span class=\"versanumer_ljod\">25<\/span><\/a> Menn horfa \u00e1 inng\u00f6ngu \u00fe\u00edna, \u00f3 Gu\u00f0, <br \/>inng\u00f6ngu Gu\u00f0s m\u00edns og konungs \u00ed helgid\u00f3minn.<br \/> <\/span> <span class=\"ljodatexti\"> <a name=\"26\"><span class=\"versanumer_ljod\">26<\/span><\/a> S\u00f6ngvarar eru \u00ed fararbroddi, <br \/>\u00fe\u00e1 strengleikarar<br \/>\u00e1samt yngismeyjum er berja bumbur. <br \/> <\/span> <span class=\"ljodatexti\"> <a name=\"27\"><span class=\"versanumer_ljod\">27<\/span><\/a> Safnist saman og lofi\u00f0 Gu\u00f0, <br \/>Drottin, sem er uppspretta \u00cdsraels. <br \/> <\/span> <span class=\"ljodatexti\"> <a name=\"28\"><span class=\"versanumer_ljod\">28<\/span><\/a> \u00dear er Benjam\u00edn yngstur<br \/>en r\u00edkir yfir \u00feeim, <br \/>h\u00f6f\u00f0ingjar J\u00fada \u00ed h\u00f3p, <br \/>h\u00f6f\u00f0ingjar Seb\u00falons, h\u00f6f\u00f0ingjar Naftal\u00ed.<br \/> <\/span> <span class=\"ljodatexti\"> <a name=\"29\"><span class=\"versanumer_ljod\">29<\/span><\/a> Neyt \u00fe\u00fa afls \u00fe\u00edns, Gu\u00f0,<br \/>beit \u00feeim krafti sem \u00fe\u00fa birtir oss<br \/> <\/span> <span class=\"ljodatexti\"> <a name=\"30\"><span class=\"versanumer_ljod\">30<\/span><\/a> fr\u00e1 musteri \u00fe\u00ednu \u00ed Jer\u00fasalem.<br \/>Konungar munu f\u00e6ra \u00fe\u00e9r gjafir. <br \/> <\/span> <span class=\"ljodatexti\"> <a name=\"31\"><span class=\"versanumer_ljod\">31<\/span><\/a> \u00d3gna \u00fe\u00fa d\u00fdrinu \u00ed sefinu, <br \/>uxaflokkunum <br \/>\u00e1samt bolak\u00e1lfum \u00fej\u00f3\u00f0anna. <span class=\"nedan_mal\" title=\" D\u00fdri\u00f0 \u00ed sefinu (t\u00e1kn Egyptalands) og uxaflokkarnir merkja \u00fe\u00e1 \u00f3gn sem Gu\u00f0s l\u00fd\u00f0 stendur af fjandsamlegum \u00f6flum.\">[<\/span> <br \/>Tra\u00f0ka ni\u00f0ur \u00fe\u00e1 sem girnast silfur.<br \/>Tv\u00edstra \u00fe\u00fa \u00fej\u00f3\u00f0um er unna \u00f3fri\u00f0i.<br \/> <\/span> <span class=\"ljodatexti\"> <a name=\"32\"><span class=\"versanumer_ljod\">32<\/span><\/a> Menn munu koma me\u00f0 eirgripi fr\u00e1 Egyptalandi,<br \/>K\u00fas <span class=\"nedan_mal\" title=\" K\u00fas er hi\u00f0 forna heiti \u00e1 E\u00fe\u00ed\u00f3p\u00edu sem nefnd var Bl\u00e1land \u00ed fyrri \u00fe\u00fd\u00f0ingum.\">[<\/span> mun lyfta h\u00f6ndum s\u00ednum til Drottins. <br \/> <\/span> <span class=\"ljodatexti\"> <a name=\"33\"><span class=\"versanumer_ljod\">33<\/span><\/a> Syngi\u00f0 Gu\u00f0i, r\u00edki jar\u00f0ar,<br \/>syngi\u00f0 Drottni lof, (Sela)<br \/> <\/span> <span class=\"ljodatexti\"> <a name=\"34\"><span class=\"versanumer_ljod\">34<\/span><\/a> honum sem r\u00ed\u00f0ur um himininn, himininn \u00e6vaforna,<br \/>og l\u00e6tur raust s\u00edna hlj\u00f3ma, <span class=\"nedan_mal\" title=\" E\u00f0a: l\u00e6tur r\u00f6dd s\u00edna \u00feruma.\">[<\/span> s\u00edna voldugu raust. <br \/> <\/span> <span class=\"ljodatexti\"> <a name=\"35\"><span class=\"versanumer_ljod\">35<\/span><\/a> Lofi\u00f0 veldi Gu\u00f0s, <br \/>yfir \u00cdsrael er h\u00e1tign hans <br \/>og m\u00e1ttur hans \u00ed sk\u00fdjunum. <br \/> <\/span> <span class=\"ljodatexti\"> <a name=\"36\"><span class=\"versanumer_ljod\">36<\/span><\/a> \u00d3ttalegur er Gu\u00f0 \u00ed helgid\u00f3mi s\u00ednum, <br \/>\u00cdsraels Gu\u00f0 veitir l\u00fd\u00f0 s\u00ednum m\u00e1tt og megin. <br \/>Lofa\u00f0ur s\u00e9 Gu\u00f0. <\/span> <\/p>\n","protected":false},"excerpt":{"rendered":"<p>1 Til s\u00f6ngstj\u00f3rans. Dav\u00ed\u00f0ss\u00e1lmur. Lj\u00f3\u00f0. 2Gu\u00f0 r\u00eds upp, \u00f3vinir hans tv\u00edstrast, \u00feeir sem hata hann fl\u00fdja fyrir augliti hans. 3\u00deeir munu feykjast burt l\u00edkt og reykur feykist burt, eins og vax br\u00e1\u00f0nar \u00ed eldi\u00feannig tort\u00edmast \u00f3gu\u00f0legir fyrir augliti Gu\u00f0s. 4En r\u00e9ttl\u00e1tir gle\u00f0jast, fagna fyrir augliti Gu\u00f0sog fyllast gle\u00f0i. 5Syngi\u00f0 fyrir Gu\u00f0i, vegsami\u00f0 nafn hans,hylli\u00f0 hann sem \u00feeysir yfir au\u00f0nina, Drottinn er nafn hans, fagni\u00f0 fyrir augliti hans. 6Gu\u00f0 \u00ed s\u00ednum heilaga b\u00fasta\u00f0er fa\u00f0ir muna\u00f0arlausra og verndari ekkna. 7Gu\u00f0 b\u00fdr hinum einmana heimili, lei\u00f0ir hina fj\u00f6tru\u00f0u til fars\u00e6ldar en uppreisnarseggir skulu b\u00faa \u00ed hrj\u00f3strugu landi. 8\u00deegar \u00fe\u00fa f\u00f3rst \u00fat \u00e1 undan <a href=\"https:\/\/biblian.is\/biblian\/salmarnir-68-kafli\/\"> [&#8230;]<\/a><\/p>\n","protected":false},"author":1,"featured_media":0,"parent":0,"menu_order":0,"comment_status":"open","ping_status":"open","template":"bibliukaflar_salmarnir.php","meta":{"footnotes":""},"class_list":["post-2163","page","type-page","status-publish","hentry"],"_links":{"self":[{"href":"https:\/\/biblian.is\/biblian\/wp-json\/wp\/v2\/pages\/2163","targetHints":{"allow":["GET"]}}],"collection":[{"href":"https:\/\/biblian.is\/biblian\/wp-json\/wp\/v2\/pages"}],"about":[{"href":"https:\/\/biblian.is\/biblian\/wp-json\/wp\/v2\/types\/page"}],"author":[{"embeddable":true,"href":"https:\/\/biblian.is\/biblian\/wp-json\/wp\/v2\/users\/1"}],"replies":[{"embeddable":true,"href":"https:\/\/biblian.is\/biblian\/wp-json\/wp\/v2\/comments?post=2163"}],"version-history":[{"count":0,"href":"https:\/\/biblian.is\/biblian\/wp-json\/wp\/v2\/pages\/2163\/revisions"}],"wp:attachment":[{"href":"https:\/\/biblian.is\/biblian\/wp-json\/wp\/v2\/media?parent=2163"}],"curies":[{"name":"wp","href":"https:\/\/api.w.org\/{rel}","templated":true}]}}