{"id":2157,"date":"2017-12-30T21:01:55","date_gmt":"2017-12-30T21:01:55","guid":{"rendered":"http:\/\/biblian.is\/biblian\/s%c2%87lmarnir-62-kafli\/"},"modified":"2020-05-30T18:12:44","modified_gmt":"2020-05-30T18:12:44","slug":"salmarnir-62-kafli","status":"publish","type":"page","link":"https:\/\/biblian.is\/biblian\/salmarnir-62-kafli\/","title":{"rendered":"S\u00e1lmarnir 62. kafli"},"content":{"rendered":"<p><a name=\"1\"><span class=\"versanumer_2007\">1<\/span><\/a> Til s\u00f6ngstj\u00f3rans. Fyrir Jed\u00fat\u00fan. Dav\u00ed\u00f0ss\u00e1lmur.<br \/> <span class=\"ljodatexti\"> <a name=\"2\"><span class=\"versanumer_ljod\">2<\/span><\/a>Hj\u00e1 Gu\u00f0i einum hl\u00fdtur s\u00e1l m\u00edn hv\u00edld, <br \/>fr\u00e1 honum kemur hj\u00e1lpr\u00e6\u00f0i mitt.<br \/> <\/span> <span class=\"ljodatexti\"> <a name=\"3\"><span class=\"versanumer_ljod\">3<\/span><\/a>Hann einn er klettur minn og hj\u00e1lpr\u00e6\u00f0i,<br \/>v\u00edgi mitt, m\u00e9r skrikar ekki f\u00f3tur. <br \/> <\/span> <span class=\"ljodatexti\"> <a name=\"4\"><span class=\"versanumer_ljod\">4<\/span><\/a>Hve lengi \u00e6tli\u00f0 \u00fe\u00e9r a\u00f0 veitast a\u00f0 einum manni,<br \/>r\u00e1\u00f0ast allir gegn honum<br \/>eins og gegn hallandi m\u00far<br \/>sem er a\u00f0 hruni kominn?<br \/> <\/span> <span class=\"ljodatexti\"> <a name=\"5\"><span class=\"versanumer_ljod\">5<\/span><\/a>\u00deeir r\u00e1\u00f0gast um \u00fea\u00f0 eitt a\u00f0 steypa honum \u00far tign hans,<br \/>\u00feeir hafa yndi af lygi, <br \/>blessa me\u00f0 munninum, b\u00f6lva \u00ed hjartanu. (Sela)<br \/> <\/span> <span class=\"ljodatexti\"> <a name=\"6\"><span class=\"versanumer_ljod\">6<\/span><\/a>Hj\u00e1 Gu\u00f0i einum hl\u00fdtur s\u00e1l m\u00edn hv\u00edld <br \/>\u00fev\u00ed a\u00f0 fr\u00e1 honum kemur von m\u00edn. <br \/> <\/span> <span class=\"ljodatexti\"> <a name=\"7\"><span class=\"versanumer_ljod\">7<\/span><\/a>Hann einn er klettur minn og hj\u00e1lpr\u00e6\u00f0i, <br \/>v\u00edgi mitt, m\u00e9r skrikar ekki f\u00f3tur.<br \/> <\/span> <span class=\"ljodatexti\"> <a name=\"8\"><span class=\"versanumer_ljod\">8<\/span><\/a>Hj\u00e1 Gu\u00f0i er hj\u00e1lpr\u00e6\u00f0i mitt og vegsemd, <br \/>minn \u00f6rugga klett og athvarf mitt hef \u00e9g \u00ed Gu\u00f0i. <br \/> <\/span> <span class=\"ljodatexti\"> <a name=\"9\"><span class=\"versanumer_ljod\">9<\/span><\/a>\u00dej\u00f3\u00f0, treyst honum \u00e1vallt, <br \/>\u00fathell hjarta \u00fe\u00ednu fyrir honum.<br \/>Gu\u00f0 er oss athvarf. (Sela)<br \/> <\/span> <span class=\"ljodatexti\"> <a name=\"10\"><span class=\"versanumer_ljod\">10<\/span><\/a>H\u00e9g\u00f3minn einn eru mennirnir, <br \/>t\u00e1l eru mannanna b\u00f6rn,<br \/>\u00e1 metask\u00e1lunum lyftast \u00feeir upp, <br \/>einber h\u00e9g\u00f3mi eru \u00feeir allir saman. <br \/> <\/span> <span class=\"ljodatexti\"> <a name=\"11\"><span class=\"versanumer_ljod\">11<\/span><\/a>Treysti\u00f0 ekki \u00e1 ofbeldi,<br \/>ali\u00f0 ekki f\u00e1n\u00fdta von til r\u00e6ndra muna.<br \/>\u00de\u00f3tt au\u00f0urinn vaxi,<br \/>\u00fe\u00e1 rei\u00f0 \u00feig ekki \u00e1 hann.<br \/> <\/span> <span class=\"ljodatexti\"> <a name=\"12\"><span class=\"versanumer_ljod\">12<\/span><\/a>Eitt hefur Gu\u00f0 sagt,<br \/>tvennt hef \u00e9g heyrt:<br \/>Hj\u00e1 Gu\u00f0i er m\u00e1ttur <br \/> <\/span> <span class=\"ljodatexti\"> <a name=\"13\"><span class=\"versanumer_ljod\">13<\/span><\/a>og hj\u00e1 \u00fe\u00e9r, Drottinn, er miskunn<br \/>\u00fev\u00ed a\u00f0 \u00fe\u00fa geldur s\u00e9rhverjum eftir verkum hans. <\/span> <\/p>\n","protected":false},"excerpt":{"rendered":"<p>1 Til s\u00f6ngstj\u00f3rans. Fyrir Jed\u00fat\u00fan. Dav\u00ed\u00f0ss\u00e1lmur. 2Hj\u00e1 Gu\u00f0i einum hl\u00fdtur s\u00e1l m\u00edn hv\u00edld, fr\u00e1 honum kemur hj\u00e1lpr\u00e6\u00f0i mitt. 3Hann einn er klettur minn og hj\u00e1lpr\u00e6\u00f0i,v\u00edgi mitt, m\u00e9r skrikar ekki f\u00f3tur. 4Hve lengi \u00e6tli\u00f0 \u00fe\u00e9r a\u00f0 veitast a\u00f0 einum manni,r\u00e1\u00f0ast allir gegn honumeins og gegn hallandi m\u00farsem er a\u00f0 hruni kominn? 5\u00deeir r\u00e1\u00f0gast um \u00fea\u00f0 eitt a\u00f0 steypa honum \u00far tign hans,\u00feeir hafa yndi af lygi, blessa me\u00f0 munninum, b\u00f6lva \u00ed hjartanu. (Sela) 6Hj\u00e1 Gu\u00f0i einum hl\u00fdtur s\u00e1l m\u00edn hv\u00edld \u00fev\u00ed a\u00f0 fr\u00e1 honum kemur von m\u00edn. 7Hann einn er klettur minn og hj\u00e1lpr\u00e6\u00f0i, v\u00edgi mitt, m\u00e9r skrikar ekki f\u00f3tur. 8Hj\u00e1 <a href=\"https:\/\/biblian.is\/biblian\/salmarnir-62-kafli\/\"> [&#8230;]<\/a><\/p>\n","protected":false},"author":1,"featured_media":0,"parent":0,"menu_order":0,"comment_status":"open","ping_status":"open","template":"bibliukaflar_salmarnir.php","meta":{"footnotes":""},"class_list":["post-2157","page","type-page","status-publish","hentry"],"_links":{"self":[{"href":"https:\/\/biblian.is\/biblian\/wp-json\/wp\/v2\/pages\/2157","targetHints":{"allow":["GET"]}}],"collection":[{"href":"https:\/\/biblian.is\/biblian\/wp-json\/wp\/v2\/pages"}],"about":[{"href":"https:\/\/biblian.is\/biblian\/wp-json\/wp\/v2\/types\/page"}],"author":[{"embeddable":true,"href":"https:\/\/biblian.is\/biblian\/wp-json\/wp\/v2\/users\/1"}],"replies":[{"embeddable":true,"href":"https:\/\/biblian.is\/biblian\/wp-json\/wp\/v2\/comments?post=2157"}],"version-history":[{"count":0,"href":"https:\/\/biblian.is\/biblian\/wp-json\/wp\/v2\/pages\/2157\/revisions"}],"wp:attachment":[{"href":"https:\/\/biblian.is\/biblian\/wp-json\/wp\/v2\/media?parent=2157"}],"curies":[{"name":"wp","href":"https:\/\/api.w.org\/{rel}","templated":true}]}}