{"id":2151,"date":"2017-12-30T21:01:55","date_gmt":"2017-12-30T21:01:55","guid":{"rendered":"http:\/\/biblian.is\/biblian\/s%c2%87lmarnir-56-kafli\/"},"modified":"2020-05-30T18:12:42","modified_gmt":"2020-05-30T18:12:42","slug":"salmarnir-56-kafli","status":"publish","type":"page","link":"https:\/\/biblian.is\/biblian\/salmarnir-56-kafli\/","title":{"rendered":"S\u00e1lmarnir 56. kafli"},"content":{"rendered":"<p><a name=\"1\"><span class=\"versanumer_2007\">1<\/span><\/a> Til s\u00f6ngstj\u00f3rans. Lag: D\u00fafan \u00ed fjarl\u00e6gum eikilundi. <br \/> Miktam eftir Dav\u00ed\u00f0 \u00fe\u00e1 er Filistear gripu hann \u00ed Gat.<br \/> <span class=\"ljodatexti\"> <a name=\"2\"><span class=\"versanumer_ljod\">2<\/span><\/a>Ver m\u00e9r n\u00e1\u00f0ugur, Gu\u00f0, \u00fev\u00ed a\u00f0 menn ofs\u00e6kja mig,<br \/>allan daginn \u00ferengja bardagamenn a\u00f0 m\u00e9r. <br \/> <\/span> <span class=\"ljodatexti\"> <a name=\"3\"><span class=\"versanumer_ljod\">3<\/span><\/a>Fjandmenn m\u00ednir ofs\u00e6kja mig allan daginn,<br \/>margir berjast gegn m\u00e9r af ofstopa. <br \/> <\/span> <span class=\"ljodatexti\"> <a name=\"4\"><span class=\"versanumer_ljod\">4<\/span><\/a>\u00deegar \u00e9g hr\u00e6\u00f0ist set \u00e9g traust mitt \u00e1 \u00feig. <br \/> <\/span> <span class=\"ljodatexti\"> <a name=\"5\"><span class=\"versanumer_ljod\">5<\/span><\/a>Me\u00f0 Gu\u00f0s hj\u00e1lp lofa \u00e9g or\u00f0 hans.<br \/>\u00c9g treysti Gu\u00f0i, \u00e9g \u00f3ttast eigi,<br \/>hva\u00f0 geta dau\u00f0legir menn gert m\u00e9r?<br \/> <\/span> <span class=\"ljodatexti\"> <a name=\"6\"><span class=\"versanumer_ljod\">6<\/span><\/a>Allan daginn spilla \u00feeir m\u00e1lsta\u00f0 m\u00ednum, <br \/>allt \u00fea\u00f0 er \u00feeir hafa hugsa\u00f0 gegn m\u00e9r er til ills.<br \/> <\/span> <span class=\"ljodatexti\"> <a name=\"7\"><span class=\"versanumer_ljod\">7<\/span><\/a>\u00deeir gera sams\u00e6ri, sitja um mig, <br \/>\u00feeir gefa g\u00e6tur a\u00f0 fer\u00f0um m\u00ednum <br \/>\u00fev\u00ed a\u00f0 \u00feeir s\u00e6kjast eftir l\u00edfi m\u00ednu.<br \/> <\/span> <span class=\"ljodatexti\"> <a name=\"8\"><span class=\"versanumer_ljod\">8<\/span><\/a>Eiga \u00feeir a\u00f0 sleppa \u00fer\u00e1tt fyrir illsku s\u00edna? <br \/>Gu\u00f0, steyp \u00fej\u00f3\u00f0unum \u00ed rei\u00f0i \u00feinni. <br \/> <\/span> <span class=\"ljodatexti\"> <a name=\"9\"><span class=\"versanumer_ljod\">9<\/span><\/a>\u00de\u00fa hefur tali\u00f0 hrakninga m\u00edna,<br \/>safna\u00f0 t\u00e1rum m\u00ednum \u00ed sj\u00f3\u00f0 \u00feinn,<br \/>\u00feau eru ritu\u00f0 \u00ed b\u00f3k \u00fe\u00edna.<br \/> <\/span> <span class=\"ljodatexti\"> <a name=\"10\"><span class=\"versanumer_ljod\">10<\/span><\/a>\u00deannig munu \u00f3vinir m\u00ednir h\u00f6rfa undan er \u00e9g hr\u00f3pa. <br \/>\u00de\u00e1 veit \u00e9g a\u00f0 Gu\u00f0 er me\u00f0 m\u00e9r.<br \/> <\/span> <span class=\"ljodatexti\"> <a name=\"11\"><span class=\"versanumer_ljod\">11<\/span><\/a>Me\u00f0 Gu\u00f0s hj\u00e1lp lofa \u00e9g or\u00f0 hans,<br \/>me\u00f0 hj\u00e1lp Drottins lofa \u00e9g or\u00f0 hans.<br \/> <\/span> <span class=\"ljodatexti\"> <a name=\"12\"><span class=\"versanumer_ljod\">12<\/span><\/a>\u00c9g treysti Gu\u00f0i, \u00e9g \u00f3ttast ekki,<br \/>hva\u00f0 geta mennirnir gert m\u00e9r?<br \/> <\/span> <span class=\"ljodatexti\"> <a name=\"13\"><span class=\"versanumer_ljod\">13<\/span><\/a>\u00c1 m\u00e9r hv\u00edla heit vi\u00f0 \u00feig, Gu\u00f0,<br \/>\u00e9g mun efna \u00feau me\u00f0 \u00feakkarf\u00f3rn til \u00fe\u00edn<br \/> <\/span> <span class=\"ljodatexti\"> <a name=\"14\"><span class=\"versanumer_ljod\">14<\/span><\/a>\u00fev\u00ed a\u00f0 \u00fe\u00fa frelsa\u00f0ir s\u00e1l m\u00edna fr\u00e1 dau\u00f0a<br \/>og f\u00e6tur m\u00edna fr\u00e1 hr\u00f6sun <br \/>svo a\u00f0 \u00e9g megi ganga frammi fyrir Gu\u00f0i \u00ed lj\u00f3si l\u00edfsins. <\/span> <\/p>\n","protected":false},"excerpt":{"rendered":"<p>1 Til s\u00f6ngstj\u00f3rans. Lag: D\u00fafan \u00ed fjarl\u00e6gum eikilundi. Miktam eftir Dav\u00ed\u00f0 \u00fe\u00e1 er Filistear gripu hann \u00ed Gat. 2Ver m\u00e9r n\u00e1\u00f0ugur, Gu\u00f0, \u00fev\u00ed a\u00f0 menn ofs\u00e6kja mig,allan daginn \u00ferengja bardagamenn a\u00f0 m\u00e9r. 3Fjandmenn m\u00ednir ofs\u00e6kja mig allan daginn,margir berjast gegn m\u00e9r af ofstopa. 4\u00deegar \u00e9g hr\u00e6\u00f0ist set \u00e9g traust mitt \u00e1 \u00feig. 5Me\u00f0 Gu\u00f0s hj\u00e1lp lofa \u00e9g or\u00f0 hans.\u00c9g treysti Gu\u00f0i, \u00e9g \u00f3ttast eigi,hva\u00f0 geta dau\u00f0legir menn gert m\u00e9r? 6Allan daginn spilla \u00feeir m\u00e1lsta\u00f0 m\u00ednum, allt \u00fea\u00f0 er \u00feeir hafa hugsa\u00f0 gegn m\u00e9r er til ills. 7\u00deeir gera sams\u00e6ri, sitja um mig, \u00feeir gefa g\u00e6tur a\u00f0 fer\u00f0um m\u00ednum \u00fev\u00ed a\u00f0 <a href=\"https:\/\/biblian.is\/biblian\/salmarnir-56-kafli\/\"> [&#8230;]<\/a><\/p>\n","protected":false},"author":1,"featured_media":0,"parent":0,"menu_order":0,"comment_status":"open","ping_status":"open","template":"bibliukaflar_salmarnir.php","meta":{"footnotes":""},"class_list":["post-2151","page","type-page","status-publish","hentry"],"_links":{"self":[{"href":"https:\/\/biblian.is\/biblian\/wp-json\/wp\/v2\/pages\/2151","targetHints":{"allow":["GET"]}}],"collection":[{"href":"https:\/\/biblian.is\/biblian\/wp-json\/wp\/v2\/pages"}],"about":[{"href":"https:\/\/biblian.is\/biblian\/wp-json\/wp\/v2\/types\/page"}],"author":[{"embeddable":true,"href":"https:\/\/biblian.is\/biblian\/wp-json\/wp\/v2\/users\/1"}],"replies":[{"embeddable":true,"href":"https:\/\/biblian.is\/biblian\/wp-json\/wp\/v2\/comments?post=2151"}],"version-history":[{"count":0,"href":"https:\/\/biblian.is\/biblian\/wp-json\/wp\/v2\/pages\/2151\/revisions"}],"wp:attachment":[{"href":"https:\/\/biblian.is\/biblian\/wp-json\/wp\/v2\/media?parent=2151"}],"curies":[{"name":"wp","href":"https:\/\/api.w.org\/{rel}","templated":true}]}}