{"id":2136,"date":"2017-12-30T21:01:50","date_gmt":"2017-12-30T21:01:50","guid":{"rendered":"http:\/\/biblian.is\/biblian\/s%c2%87lmarnir-41-kafli\/"},"modified":"2020-05-30T18:12:39","modified_gmt":"2020-05-30T18:12:39","slug":"salmarnir-41-kafli","status":"publish","type":"page","link":"https:\/\/biblian.is\/biblian\/salmarnir-41-kafli\/","title":{"rendered":"S\u00e1lmarnir 41. kafli"},"content":{"rendered":"<p><a name=\"1\"><span class=\"versanumer_2007\">1<\/span><\/a> Til s\u00f6ngstj\u00f3rans. Dav\u00ed\u00f0ss\u00e1lmur.<br \/> <span class=\"ljodatexti\"> <a name=\"2\"><span class=\"versanumer_ljod\">2<\/span><\/a>S\u00e6ll er s\u00e1 sem sinnir b\u00e1gst\u00f6ddum,<br \/>\u00e1 m\u00e6\u00f0udeginum bjargar Drottinn honum.<br \/> <\/span> <span class=\"ljodatexti\"> <a name=\"3\"><span class=\"versanumer_ljod\">3<\/span><\/a>Drottinn var\u00f0veitir hann<br \/>og l\u00e6tur hann nj\u00f3ta l\u00edfs og s\u00e6lu \u00ed landinu. <span class=\"nedan_mal\" title=\" \u00d6nnur hugsanleg \u00fe\u00fd\u00f0ing: og f\u00f3lki\u00f0 \u00ed landinu segir hann s\u00e6lan.\">[<\/span> <br \/>\u00de\u00fa ofurselur hann ekki gr\u00e6\u00f0gi \u00f3vina hans.<br \/> <\/span> <span class=\"ljodatexti\"> <a name=\"4\"><span class=\"versanumer_ljod\">4<\/span><\/a>Drottinn sty\u00f0ur hann \u00e1 s\u00f3ttars\u00e6ng,<br \/>\u00fe\u00fa l\u00e6knar hann \u00feegar hann liggur sj\u00fakur.<br \/> <\/span> <span class=\"ljodatexti\"> <a name=\"5\"><span class=\"versanumer_ljod\">5<\/span><\/a>\u00c9g sag\u00f0i: \u201eDrottinn, miskunna m\u00e9r,<br \/>l\u00e6kna mig \u00fev\u00ed a\u00f0 \u00e9g hef syndga\u00f0 gegn \u00fe\u00e9r.\u201c<br \/> <\/span> <span class=\"ljodatexti\"> <a name=\"6\"><span class=\"versanumer_ljod\">6<\/span><\/a>\u00d3vinir m\u00ednir \u00f3ska m\u00e9r ills:<br \/>\u201eHven\u00e6r skyldi hann deyja og nafn hans a\u00f0 engu ver\u00f0a?\u201c<br \/> <\/span> <span class=\"ljodatexti\"> <a name=\"7\"><span class=\"versanumer_ljod\">7<\/span><\/a>Komi einhver a\u00f0 vitja m\u00edn talar hann innant\u00f3m or\u00f0,<br \/>leggur illgirnina \u00e1 minni\u00f0,<br \/>fer og brei\u00f0ir hana \u00fat.<br \/> <\/span> <span class=\"ljodatexti\"> <a name=\"8\"><span class=\"versanumer_ljod\">8<\/span><\/a>Allir sem mig hata hv\u00edskra um mig,<br \/>\u00feeir hyggja \u00e1 illt m\u00e9r til handa:<br \/> <\/span> <span class=\"ljodatexti\"> <a name=\"9\"><span class=\"versanumer_ljod\">9<\/span><\/a>\u201eHann er altekinn hels\u00f3tt,<br \/>hann er lagstur og r\u00eds ekki framar.\u201c<br \/> <\/span> <span class=\"ljodatexti\"> <a name=\"10\"><span class=\"versanumer_ljod\">10<\/span><\/a>Jafnvel vinur minn, sem \u00e9g treysti<br \/>og neytti matar vi\u00f0 bor\u00f0 mitt,<br \/>lyftir h\u00e6l s\u00ednum m\u00f3ti m\u00e9r.<br \/> <\/span> <span class=\"ljodatexti\"> <a name=\"11\"><span class=\"versanumer_ljod\">11<\/span><\/a>En \u00fe\u00fa, Drottinn, ver m\u00e9r n\u00e1\u00f0ugur og hj\u00e1lpa m\u00e9r \u00e1 f\u00e6tur<br \/>svo a\u00f0 \u00e9g megi endurgjalda \u00feeim.<br \/> <\/span> <span class=\"ljodatexti\"> <a name=\"12\"><span class=\"versanumer_ljod\">12<\/span><\/a>Ef \u00f3vinur minn hlakkar ekki yfir m\u00e9r<br \/>veit \u00e9g a\u00f0 \u00fe\u00fa hefur \u00fe\u00f3knun \u00e1 m\u00e9r.<br \/> <\/span> <span class=\"ljodatexti\"> <a name=\"13\"><span class=\"versanumer_ljod\">13<\/span><\/a>\u00de\u00fa studdir mig af \u00fev\u00ed a\u00f0 \u00e9g er saklaus<br \/>og l\u00e6tur mig standa frammi fyrir augliti \u00fe\u00ednu a\u00f0 eil\u00edfu.<br \/> <\/span> <span class=\"ljodatexti\"> <a name=\"14\"><span class=\"versanumer_ljod\">14<\/span><\/a>Lofa\u00f0ur s\u00e9 Drottinn, Gu\u00f0 \u00cdsraels,<br \/>fr\u00e1 eil\u00edf\u00f0 til eil\u00edf\u00f0ar.<br \/>Amen. Amen. <\/span> <\/p>\n","protected":false},"excerpt":{"rendered":"<p>1 Til s\u00f6ngstj\u00f3rans. Dav\u00ed\u00f0ss\u00e1lmur. 2S\u00e6ll er s\u00e1 sem sinnir b\u00e1gst\u00f6ddum,\u00e1 m\u00e6\u00f0udeginum bjargar Drottinn honum. 3Drottinn var\u00f0veitir hannog l\u00e6tur hann nj\u00f3ta l\u00edfs og s\u00e6lu \u00ed landinu. [ \u00de\u00fa ofurselur hann ekki gr\u00e6\u00f0gi \u00f3vina hans. 4Drottinn sty\u00f0ur hann \u00e1 s\u00f3ttars\u00e6ng,\u00fe\u00fa l\u00e6knar hann \u00feegar hann liggur sj\u00fakur. 5\u00c9g sag\u00f0i: \u201eDrottinn, miskunna m\u00e9r,l\u00e6kna mig \u00fev\u00ed a\u00f0 \u00e9g hef syndga\u00f0 gegn \u00fe\u00e9r.\u201c 6\u00d3vinir m\u00ednir \u00f3ska m\u00e9r ills:\u201eHven\u00e6r skyldi hann deyja og nafn hans a\u00f0 engu ver\u00f0a?\u201c 7Komi einhver a\u00f0 vitja m\u00edn talar hann innant\u00f3m or\u00f0,leggur illgirnina \u00e1 minni\u00f0,fer og brei\u00f0ir hana \u00fat. 8Allir sem mig hata hv\u00edskra um mig,\u00feeir hyggja \u00e1 illt m\u00e9r til handa: <a href=\"https:\/\/biblian.is\/biblian\/salmarnir-41-kafli\/\"> [&#8230;]<\/a><\/p>\n","protected":false},"author":1,"featured_media":0,"parent":0,"menu_order":0,"comment_status":"open","ping_status":"open","template":"bibliukaflar_salmarnir.php","meta":{"footnotes":""},"class_list":["post-2136","page","type-page","status-publish","hentry"],"_links":{"self":[{"href":"https:\/\/biblian.is\/biblian\/wp-json\/wp\/v2\/pages\/2136","targetHints":{"allow":["GET"]}}],"collection":[{"href":"https:\/\/biblian.is\/biblian\/wp-json\/wp\/v2\/pages"}],"about":[{"href":"https:\/\/biblian.is\/biblian\/wp-json\/wp\/v2\/types\/page"}],"author":[{"embeddable":true,"href":"https:\/\/biblian.is\/biblian\/wp-json\/wp\/v2\/users\/1"}],"replies":[{"embeddable":true,"href":"https:\/\/biblian.is\/biblian\/wp-json\/wp\/v2\/comments?post=2136"}],"version-history":[{"count":0,"href":"https:\/\/biblian.is\/biblian\/wp-json\/wp\/v2\/pages\/2136\/revisions"}],"wp:attachment":[{"href":"https:\/\/biblian.is\/biblian\/wp-json\/wp\/v2\/media?parent=2136"}],"curies":[{"name":"wp","href":"https:\/\/api.w.org\/{rel}","templated":true}]}}