{"id":2130,"date":"2017-12-30T21:01:50","date_gmt":"2017-12-30T21:01:50","guid":{"rendered":"http:\/\/biblian.is\/biblian\/s%c2%87lmarnir-35-kafli\/"},"modified":"2020-05-30T18:12:37","modified_gmt":"2020-05-30T18:12:37","slug":"salmarnir-35-kafli","status":"publish","type":"page","link":"https:\/\/biblian.is\/biblian\/salmarnir-35-kafli\/","title":{"rendered":"S\u00e1lmarnir 35. kafli"},"content":{"rendered":"<p><a name=\"1\"><span class=\"versanumer_2007\">1<\/span><\/a> Dav\u00ed\u00f0ss\u00e1lmur.<br \/> <span class=\"ljodatexti\"> Deil \u00fe\u00fa, Drottinn, vi\u00f0 \u00fe\u00e1 er deila vi\u00f0 mig,<br \/>berst \u00fe\u00fa vi\u00f0 \u00fe\u00e1 er berjast vi\u00f0 mig.<br \/> <\/span> <span class=\"ljodatexti\"> <a name=\"2\"><span class=\"versanumer_ljod\">2<\/span><\/a>Gr\u00edp skj\u00f6ld og brynju<br \/>og r\u00eds upp m\u00e9r til hj\u00e1lpar.<br \/> <\/span> <span class=\"ljodatexti\"> <a name=\"3\"><span class=\"versanumer_ljod\">3<\/span><\/a>Rei\u00f0 upp spj\u00f3t og \u00f6xi<br \/>til a\u00f0 m\u00e6ta \u00feeim sem ofs\u00e6kja mig<br \/>og seg\u00f0u vi\u00f0 mig: \u00c9g er hj\u00e1lp \u00fe\u00edn.<br \/> <\/span> <span class=\"ljodatexti\"> <a name=\"4\"><span class=\"versanumer_ljod\">4<\/span><\/a>L\u00e1t \u00fe\u00e1 er sitja um l\u00edf mitt<br \/>hlj\u00f3ta sm\u00e1n og sv\u00edvir\u00f0ing,<br \/>l\u00e1t \u00fe\u00e1 hverfa aftur me\u00f0 sk\u00f6mm<br \/>er hyggja \u00e1 illt gegn m\u00e9r.<br \/> <\/span> <span class=\"ljodatexti\"> <a name=\"5\"><span class=\"versanumer_ljod\">5<\/span><\/a>L\u00e1t \u00fe\u00e1 ver\u00f0a sem hismi \u00ed vindi<br \/>\u00feegar engill Drottins feykir \u00feeim burt,<br \/> <\/span> <span class=\"ljodatexti\"> <a name=\"6\"><span class=\"versanumer_ljod\">6<\/span><\/a>l\u00e1t veg \u00feeirra ver\u00f0a myrkan og h\u00e1lan<br \/>\u00feegar engill Drottins eltir \u00fe\u00e1.<br \/> <\/span> <span class=\"ljodatexti\"> <a name=\"7\"><span class=\"versanumer_ljod\">7<\/span><\/a>\u00dev\u00ed a\u00f0 \u00e1n \u00e1st\u00e6\u00f0u l\u00f6g\u00f0u \u00feeir net fyrir mig,<br \/>\u00e1n tilefnis gr\u00f3fu \u00feeir m\u00e9r gryfju.<br \/> <\/span> <span class=\"ljodatexti\"> <a name=\"8\"><span class=\"versanumer_ljod\">8<\/span><\/a>Lei\u00f0 ey\u00f0ingu yfir \u00fe\u00e1 er minnst varir<br \/>og l\u00e1t neti\u00f0, sem \u00feeir l\u00f6g\u00f0u, vei\u00f0a \u00fe\u00e1 sj\u00e1lfa.<br \/>L\u00e1t \u00fe\u00e1 falla \u00ed eigin gryfju.<br \/> <\/span> <span class=\"ljodatexti\"> <a name=\"9\"><span class=\"versanumer_ljod\">9<\/span><\/a>En \u00e9g mun fagna yfir Drottni,<br \/>gle\u00f0jast yfir hj\u00e1lp hans,<br \/> <\/span> <span class=\"ljodatexti\"> <a name=\"10\"><span class=\"versanumer_ljod\">10<\/span><\/a>\u00f6ll bein m\u00edn skulu segja:<br \/>\u201eDrottinn, hver er sem \u00fe\u00fa?<br \/>\u00de\u00fa bjargar umkomulausum<br \/>fr\u00e1 \u00feeim sem er ofjarl hans,<br \/>hinum \u00feurfandi og f\u00e1t\u00e6ka fr\u00e1 \u00feeim sem vill r\u00e6na hann.\u201c<br \/> <\/span> <span class=\"ljodatexti\"> <a name=\"11\"><span class=\"versanumer_ljod\">11<\/span><\/a>Lj\u00fagvitni ganga fram,<br \/>spyrja mig um \u00fea\u00f0 sem \u00e9g veit ekki,<br \/> <\/span> <span class=\"ljodatexti\"> <a name=\"12\"><span class=\"versanumer_ljod\">12<\/span><\/a>launa m\u00e9r gott me\u00f0 illu,<br \/>\u00e9g er einn og yfirgefinn.<br \/> <\/span> <span class=\"ljodatexti\"> <a name=\"13\"><span class=\"versanumer_ljod\">13<\/span><\/a>\u00deegar \u00feeir voru sj\u00fakir kl\u00e6ddist \u00e9g h\u00e6rusekk,<br \/>\u00fej\u00e1\u00f0i mig me\u00f0 f\u00f6stu,<br \/>laut h\u00f6f\u00f0i og ba\u00f0<br \/> <\/span> <span class=\"ljodatexti\"> <a name=\"14\"><span class=\"versanumer_ljod\">14<\/span><\/a>eins og vinur e\u00f0a br\u00f3\u00f0ir \u00e6tti \u00ed hlut.<br \/>Eins og s\u00e1 sem syrgir m\u00f3\u00f0ur s\u00edna<br \/>gekk \u00e9g um beyg\u00f0ur \u00ed sorgarkl\u00e6\u00f0um.<br \/> <\/span> <span class=\"ljodatexti\"> <a name=\"15\"><span class=\"versanumer_ljod\">15<\/span><\/a>\u00deegar \u00e9g hrasa fagna \u00feeir og safnast saman,<br \/>h\u00f3past saman gegn m\u00e9r<br \/>til a\u00f0 sl\u00e1 mig a\u00f0 \u00f3v\u00f6rum<br \/>og r\u00edfa og sl\u00edta \u00e1n afl\u00e1ts.<br \/> <\/span> <span class=\"ljodatexti\"> <a name=\"16\"><span class=\"versanumer_ljod\">16<\/span><\/a>\u00deeir spotta mig af \u00f3sv\u00edfni,<br \/>gn\u00edsta t\u00f6nnum gegn m\u00e9r.<br \/> <\/span> <span class=\"ljodatexti\"> <a name=\"17\"><span class=\"versanumer_ljod\">17<\/span><\/a>Drottinn, hversu lengi \u00e6tlar \u00fe\u00fa a\u00f0 horfa \u00e1?<br \/>Bjarga l\u00edfi m\u00ednu fr\u00e1 villid\u00fdrunum,<br \/>aleigu minni fr\u00e1 lj\u00f3nunum.<br \/> <\/span> <span class=\"ljodatexti\"> <a name=\"18\"><span class=\"versanumer_ljod\">18<\/span><\/a>\u00de\u00e1 vil \u00e9g lofa \u00feig \u00ed st\u00f3rum s\u00f6fnu\u00f0i,<br \/>vegsama \u00feig \u00ed fj\u00f6lmenni.<br \/> <\/span> <span class=\"ljodatexti\"> <a name=\"19\"><span class=\"versanumer_ljod\">19<\/span><\/a>L\u00e1t eigi \u00fe\u00e1 sem \u00e1n saka eru \u00f3vinir m\u00ednir hlakka yfir m\u00e9r,<br \/>l\u00e1t \u00fe\u00e1 sem hata mig a\u00f0 tilefnislausu ekki horfa h\u00e1\u00f0slega til m\u00edn, <br \/> <\/span> <span class=\"ljodatexti\"> <a name=\"20\"><span class=\"versanumer_ljod\">20<\/span><\/a>\u00fev\u00ed a\u00f0 \u00feeir m\u00e6la ekki fri\u00f0aror\u00f0,<br \/>\u00feeir brugga launr\u00e1\u00f0 gegn hinum kyrrl\u00e1tu \u00ed landinu.<br \/> <\/span> <span class=\"ljodatexti\"> <a name=\"21\"><span class=\"versanumer_ljod\">21<\/span><\/a>\u00deeir glenna upp gini\u00f0 gegn m\u00e9r,<br \/>hr\u00f3pa a\u00f0 m\u00e9r h\u00e1\u00f0syr\u00f0i og segja:<br \/>\u201eV\u00e9r s\u00e1um \u00fea\u00f0 me\u00f0 eigin augum.\u201c<br \/> <\/span> <span class=\"ljodatexti\"> <a name=\"22\"><span class=\"versanumer_ljod\">22<\/span><\/a> \u00de\u00fa hefur s\u00e9\u00f0 \u00feetta, Drottinn, ver eigi hlj\u00f3\u00f0ur,<br \/>Drottinn, ver eigi fjarri m\u00e9r.<br \/> <\/span> <span class=\"ljodatexti\"> <a name=\"23\"><span class=\"versanumer_ljod\">23<\/span><\/a> Vakna, r\u00eds upp, l\u00e1t mig n\u00e1 r\u00e9tti m\u00ednum,<br \/>Gu\u00f0 minn og Drottinn, flyt \u00fe\u00fa m\u00e1l mitt.<br \/> <\/span> <span class=\"ljodatexti\"> <a name=\"24\"><span class=\"versanumer_ljod\">24<\/span><\/a> D\u00e6m mig eftir r\u00e9ttl\u00e6ti \u00fe\u00ednu, Drottinn, Gu\u00f0 minn,<br \/>svo a\u00f0 \u00feeir hlakki ekki yfir m\u00e9r.<br \/> <\/span> <span class=\"ljodatexti\"> <a name=\"25\"><span class=\"versanumer_ljod\">25<\/span><\/a> \u00deeir skulu hvorki hugsa: <br \/>\u201e\u00deetta f\u00f3r eins og v\u00e9r vildum,\u201c<br \/>n\u00e9 \u201ev\u00e9r h\u00f6fum gert \u00fat af vi\u00f0 hann.\u201c<br \/> <\/span> <span class=\"ljodatexti\"> <a name=\"26\"><span class=\"versanumer_ljod\">26<\/span><\/a> L\u00e1t \u00fe\u00e1 sem hlakka yfir \u00f3g\u00e6fu minni <br \/>ver\u00f0a til skammar og hlj\u00f3ta kinnro\u00f0a,<br \/>l\u00e1t \u00fe\u00e1 kl\u00e6\u00f0ast sk\u00f6mm og sv\u00edvir\u00f0ing<br \/>sem hreykja s\u00e9r gegn m\u00e9r.<br \/> <\/span> <span class=\"ljodatexti\"> <a name=\"27\"><span class=\"versanumer_ljod\">27<\/span><\/a> En l\u00e1t \u00fe\u00e1 sem unna m\u00e9r r\u00e9ttar<br \/>fagna og gle\u00f0jast,<br \/>l\u00e1t \u00fe\u00e1 \u00e6t\u00ed\u00f0 segja: \u201eMikill er Drottinn,<br \/>sem ann \u00fej\u00f3ni s\u00ednum heilla.\u201c<br \/> <\/span> <span class=\"ljodatexti\"> <a name=\"28\"><span class=\"versanumer_ljod\">28<\/span><\/a> Tunga m\u00edn skal bo\u00f0a r\u00e9ttl\u00e6ti \u00feitt,<br \/>lofst\u00edr \u00feinn li\u00f0langan daginn. <\/span> <\/p>\n","protected":false},"excerpt":{"rendered":"<p>1 Dav\u00ed\u00f0ss\u00e1lmur. Deil \u00fe\u00fa, Drottinn, vi\u00f0 \u00fe\u00e1 er deila vi\u00f0 mig,berst \u00fe\u00fa vi\u00f0 \u00fe\u00e1 er berjast vi\u00f0 mig. 2Gr\u00edp skj\u00f6ld og brynjuog r\u00eds upp m\u00e9r til hj\u00e1lpar. 3Rei\u00f0 upp spj\u00f3t og \u00f6xitil a\u00f0 m\u00e6ta \u00feeim sem ofs\u00e6kja migog seg\u00f0u vi\u00f0 mig: \u00c9g er hj\u00e1lp \u00fe\u00edn. 4L\u00e1t \u00fe\u00e1 er sitja um l\u00edf mitthlj\u00f3ta sm\u00e1n og sv\u00edvir\u00f0ing,l\u00e1t \u00fe\u00e1 hverfa aftur me\u00f0 sk\u00f6mmer hyggja \u00e1 illt gegn m\u00e9r. 5L\u00e1t \u00fe\u00e1 ver\u00f0a sem hismi \u00ed vindi\u00feegar engill Drottins feykir \u00feeim burt, 6l\u00e1t veg \u00feeirra ver\u00f0a myrkan og h\u00e1lan\u00feegar engill Drottins eltir \u00fe\u00e1. 7\u00dev\u00ed a\u00f0 \u00e1n \u00e1st\u00e6\u00f0u l\u00f6g\u00f0u \u00feeir net fyrir mig,\u00e1n tilefnis gr\u00f3fu \u00feeir <a href=\"https:\/\/biblian.is\/biblian\/salmarnir-35-kafli\/\"> [&#8230;]<\/a><\/p>\n","protected":false},"author":1,"featured_media":0,"parent":0,"menu_order":0,"comment_status":"open","ping_status":"open","template":"bibliukaflar_salmarnir.php","meta":{"footnotes":""},"class_list":["post-2130","page","type-page","status-publish","hentry"],"_links":{"self":[{"href":"https:\/\/biblian.is\/biblian\/wp-json\/wp\/v2\/pages\/2130","targetHints":{"allow":["GET"]}}],"collection":[{"href":"https:\/\/biblian.is\/biblian\/wp-json\/wp\/v2\/pages"}],"about":[{"href":"https:\/\/biblian.is\/biblian\/wp-json\/wp\/v2\/types\/page"}],"author":[{"embeddable":true,"href":"https:\/\/biblian.is\/biblian\/wp-json\/wp\/v2\/users\/1"}],"replies":[{"embeddable":true,"href":"https:\/\/biblian.is\/biblian\/wp-json\/wp\/v2\/comments?post=2130"}],"version-history":[{"count":0,"href":"https:\/\/biblian.is\/biblian\/wp-json\/wp\/v2\/pages\/2130\/revisions"}],"wp:attachment":[{"href":"https:\/\/biblian.is\/biblian\/wp-json\/wp\/v2\/media?parent=2130"}],"curies":[{"name":"wp","href":"https:\/\/api.w.org\/{rel}","templated":true}]}}