{"id":2116,"date":"2017-12-30T21:01:45","date_gmt":"2017-12-30T21:01:45","guid":{"rendered":"http:\/\/biblian.is\/biblian\/s%c2%87lmarnir-21-kafli\/"},"modified":"2020-05-30T18:12:34","modified_gmt":"2020-05-30T18:12:34","slug":"salmarnir-21-kafli","status":"publish","type":"page","link":"https:\/\/biblian.is\/biblian\/salmarnir-21-kafli\/","title":{"rendered":"S\u00e1lmarnir 21. kafli"},"content":{"rendered":"<p><a name=\"1\"><span class=\"versanumer_2007\">1<\/span><\/a> Til s\u00f6ngstj\u00f3rans. Dav\u00ed\u00f0ss\u00e1lmur.<br \/> <span class=\"ljodatexti\"> <a name=\"2\"><span class=\"versanumer_ljod\">2<\/span><\/a>Drottinn, yfir m\u00e6tti \u00fe\u00ednum gle\u00f0st konungurinn,<br \/>hve mj\u00f6g fagnar hann yfir hj\u00e1lp \u00feinni.<br \/> <\/span> <span class=\"ljodatexti\"> <a name=\"3\"><span class=\"versanumer_ljod\">3<\/span><\/a>\u00de\u00fa gafst honum \u00fea\u00f0 sem hjarta hans \u00fer\u00e1\u00f0i<br \/>og neita\u00f0ir honum eigi um \u00fea\u00f0 sem varir hans b\u00e1\u00f0u um. (Sela)<br \/> <\/span> <span class=\"ljodatexti\"> <a name=\"4\"><span class=\"versanumer_ljod\">4<\/span><\/a>\u00de\u00fa komst \u00e1 m\u00f3ti honum me\u00f0 g\u00f3\u00f0ar gjafir,<br \/>settir gullk\u00f3r\u00f3nu \u00e1 h\u00f6fu\u00f0 honum.<br \/> <\/span> <span class=\"ljodatexti\"> <a name=\"5\"><span class=\"versanumer_ljod\">5<\/span><\/a>Um l\u00edf ba\u00f0 hann \u00feig, \u00fea\u00f0 veittir \u00fe\u00fa honum,<br \/>fj\u00f6ld l\u00edfdaga um aldur og \u00e6vi.<br \/> <\/span> <span class=\"ljodatexti\"> <a name=\"6\"><span class=\"versanumer_ljod\">6<\/span><\/a>Mikil er s\u00e6md hans fyrir \u00fe\u00edna hj\u00e1lp,<br \/>tign og vegsemd veittir \u00fe\u00fa honum. <br \/> <\/span> <span class=\"ljodatexti\"> <a name=\"7\"><span class=\"versanumer_ljod\">7<\/span><\/a>\u00de\u00fa l\u00e9st hann ver\u00f0a til \u00e6varandi blessunar,<br \/>veittir honum f\u00f6gnu\u00f0 fyrir augliti \u00fe\u00ednu.<br \/> <\/span> <span class=\"ljodatexti\"> <a name=\"8\"><span class=\"versanumer_ljod\">8<\/span><\/a>Konungurinn treystir Drottni<br \/>og skelfur ekki vegna n\u00e1\u00f0ar Hins h\u00e6sta.<br \/> <\/span> <span class=\"ljodatexti\"> <a name=\"9\"><span class=\"versanumer_ljod\">9<\/span><\/a>H\u00f6nd \u00fe\u00edn n\u00e6r til allra \u00f3vina \u00feinna,<br \/>h\u00e6gri h\u00f6nd \u00fe\u00edn n\u00e6r til hatursmanna \u00feinna.<br \/> <\/span> <span class=\"ljodatexti\"> <a name=\"10\"><span class=\"versanumer_ljod\">10<\/span><\/a>\u00de\u00fa gerir \u00fe\u00e1 sem gl\u00f3andi ofn<br \/>\u00feegar \u00fe\u00fa l\u00edtur \u00e1 \u00fe\u00e1, Drottinn.<br \/>Drottinn ey\u00f0ir \u00feeim \u00ed rei\u00f0i sinni,<br \/>eldur gleypir \u00fe\u00e1.<br \/> <\/span> <span class=\"ljodatexti\"> <a name=\"11\"><span class=\"versanumer_ljod\">11<\/span><\/a>Afkv\u00e6mi \u00feeirra afm\u00e1ir \u00fe\u00fa af j\u00f6r\u00f0inni,<br \/>ni\u00f0ja \u00feeirra \u00far mannheimi.<br \/> <\/span> <span class=\"ljodatexti\"> <a name=\"12\"><span class=\"versanumer_ljod\">12<\/span><\/a>\u00deeir h\u00f6f\u00f0u illt \u00ed hyggju gegn \u00fe\u00e9r,<br \/>bruggu\u00f0u v\u00e9lr\u00e1\u00f0 sem \u00fe\u00f3 ur\u00f0u til einskis.<br \/> <\/span> <span class=\"ljodatexti\"> <a name=\"13\"><span class=\"versanumer_ljod\">13<\/span><\/a>\u00dev\u00ed a\u00f0 \u00fe\u00fa rekur \u00fe\u00e1 \u00e1 fl\u00f3tta<br \/>\u00feegar \u00fe\u00fa beinir boga \u00fe\u00ednum a\u00f0 augliti \u00feeirra.<br \/> <\/span> <span class=\"ljodatexti\"> <a name=\"14\"><span class=\"versanumer_ljod\">14<\/span><\/a>Drottinn, r\u00eds upp \u00ed veldi \u00fe\u00ednu,<br \/>v\u00e9r munum syngja og kve\u00f0a um m\u00e1ttarverk \u00fe\u00edn. <\/span> <\/p>\n","protected":false},"excerpt":{"rendered":"<p>1 Til s\u00f6ngstj\u00f3rans. Dav\u00ed\u00f0ss\u00e1lmur. 2Drottinn, yfir m\u00e6tti \u00fe\u00ednum gle\u00f0st konungurinn,hve mj\u00f6g fagnar hann yfir hj\u00e1lp \u00feinni. 3\u00de\u00fa gafst honum \u00fea\u00f0 sem hjarta hans \u00fer\u00e1\u00f0iog neita\u00f0ir honum eigi um \u00fea\u00f0 sem varir hans b\u00e1\u00f0u um. (Sela) 4\u00de\u00fa komst \u00e1 m\u00f3ti honum me\u00f0 g\u00f3\u00f0ar gjafir,settir gullk\u00f3r\u00f3nu \u00e1 h\u00f6fu\u00f0 honum. 5Um l\u00edf ba\u00f0 hann \u00feig, \u00fea\u00f0 veittir \u00fe\u00fa honum,fj\u00f6ld l\u00edfdaga um aldur og \u00e6vi. 6Mikil er s\u00e6md hans fyrir \u00fe\u00edna hj\u00e1lp,tign og vegsemd veittir \u00fe\u00fa honum. 7\u00de\u00fa l\u00e9st hann ver\u00f0a til \u00e6varandi blessunar,veittir honum f\u00f6gnu\u00f0 fyrir augliti \u00fe\u00ednu. 8Konungurinn treystir Drottniog skelfur ekki vegna n\u00e1\u00f0ar Hins h\u00e6sta. 9H\u00f6nd \u00fe\u00edn n\u00e6r til allra \u00f3vina <a href=\"https:\/\/biblian.is\/biblian\/salmarnir-21-kafli\/\"> [&#8230;]<\/a><\/p>\n","protected":false},"author":1,"featured_media":0,"parent":0,"menu_order":0,"comment_status":"open","ping_status":"open","template":"bibliukaflar_salmarnir.php","meta":{"footnotes":""},"class_list":["post-2116","page","type-page","status-publish","hentry"],"_links":{"self":[{"href":"https:\/\/biblian.is\/biblian\/wp-json\/wp\/v2\/pages\/2116","targetHints":{"allow":["GET"]}}],"collection":[{"href":"https:\/\/biblian.is\/biblian\/wp-json\/wp\/v2\/pages"}],"about":[{"href":"https:\/\/biblian.is\/biblian\/wp-json\/wp\/v2\/types\/page"}],"author":[{"embeddable":true,"href":"https:\/\/biblian.is\/biblian\/wp-json\/wp\/v2\/users\/1"}],"replies":[{"embeddable":true,"href":"https:\/\/biblian.is\/biblian\/wp-json\/wp\/v2\/comments?post=2116"}],"version-history":[{"count":0,"href":"https:\/\/biblian.is\/biblian\/wp-json\/wp\/v2\/pages\/2116\/revisions"}],"wp:attachment":[{"href":"https:\/\/biblian.is\/biblian\/wp-json\/wp\/v2\/media?parent=2116"}],"curies":[{"name":"wp","href":"https:\/\/api.w.org\/{rel}","templated":true}]}}