{"id":2105,"date":"2017-12-30T21:01:45","date_gmt":"2017-12-30T21:01:45","guid":{"rendered":"http:\/\/biblian.is\/biblian\/s%c2%87lmarnir-10-kafli\/"},"modified":"2020-05-30T18:12:20","modified_gmt":"2020-05-30T18:12:20","slug":"salmarnir-10-kafli","status":"publish","type":"page","link":"https:\/\/biblian.is\/biblian\/salmarnir-10-kafli\/","title":{"rendered":"S\u00e1lmarnir 10. kafli"},"content":{"rendered":"<p><span class=\"ljodatexti\"> <a name=\"1\"><span class=\"versanumer_ljod\">1<\/span><\/a>Hv\u00ed stendur \u00fe\u00fa fjarri, Drottinn,<br \/>hv\u00ed felur \u00fe\u00fa \u00feig \u00e1 ney\u00f0art\u00edmum?<br \/> <\/span> <span class=\"ljodatexti\"> <a name=\"2\"><span class=\"versanumer_ljod\">2<\/span><\/a>Hinn \u00f3gu\u00f0legi ofs\u00e6kir \u00fe\u00e1 snau\u00f0u me\u00f0 hroka, <br \/>fangar \u00fe\u00e1 me\u00f0 r\u00e1\u00f0um sem hann hefur brugga\u00f0.<br \/> <\/span> <span class=\"ljodatexti\"> <a name=\"3\"><span class=\"versanumer_ljod\">3<\/span><\/a>Hinn \u00f3gu\u00f0legi gle\u00f0st \u00ed gr\u00e6\u00f0gi sinni, <br \/>blessar gr\u00f3\u00f0a sinn og l\u00edtilsvir\u00f0ir Drottin.<br \/> <\/span> <span class=\"ljodatexti\"> <a name=\"4\"><span class=\"versanumer_ljod\">4<\/span><\/a>Hann hugsar drambl\u00e1tur: <br \/>\u201eGu\u00f0 spyr einskis, enginn Gu\u00f0 er til.\u201c<br \/>\u00deannig hugsar hann,<br \/> <\/span> <span class=\"ljodatexti\"> <a name=\"5\"><span class=\"versanumer_ljod\">5<\/span><\/a>honum l\u00e1nast allt \u00fea\u00f0 sem hann f\u00e6rist \u00ed fang.<br \/>D\u00f3mar \u00fe\u00ednir fara h\u00e1tt yfir h\u00f6f\u00f0i hans,<br \/>hann forsm\u00e1ir alla andst\u00e6\u00f0inga s\u00edna.<br \/> <\/span> <span class=\"ljodatexti\"> <a name=\"6\"><span class=\"versanumer_ljod\">6<\/span><\/a>Hann hugsar me\u00f0 sj\u00e1lfum s\u00e9r: \u201eM\u00e9r skrikar ekki f\u00f3tur, <br \/>aldrei mun \u00f3g\u00e6fa henda mig.\u201c<br \/> <\/span> <span class=\"ljodatexti\"> <a name=\"7\"><span class=\"versanumer_ljod\">7<\/span><\/a>Munnur hans er fullur af form\u00e6lingum, svikum og ofbeldi,<br \/>\u00e1 tungu hans er illska og rangl\u00e6ti. <br \/> <\/span> <span class=\"ljodatexti\"> <a name=\"8\"><span class=\"versanumer_ljod\">8<\/span><\/a>Hann liggur \u00ed launs\u00e1tri \u00ed \u00feorpunum,<br \/>myr\u00f0ir saklausa \u00ed leynum,<br \/>augu hans skima eftir b\u00e1gst\u00f6ddum. <br \/> <\/span> <span class=\"ljodatexti\"> <a name=\"9\"><span class=\"versanumer_ljod\">9<\/span><\/a>Hann leynist sem lj\u00f3n \u00ed runna,<br \/>situr um a\u00f0 hremma hinn snau\u00f0a,<br \/>gr\u00edpa hinn f\u00e1t\u00e6ka og fanga hann \u00ed net sitt.<br \/> <\/span> <span class=\"ljodatexti\"> <a name=\"10\"><span class=\"versanumer_ljod\">10<\/span><\/a>Hann hniprar sig saman, b\u00fdst til st\u00f6kks,<br \/>og hinn snau\u00f0i fellur fyrir ofurefli hans.<br \/> <\/span> <span class=\"ljodatexti\"> <a name=\"11\"><span class=\"versanumer_ljod\">11<\/span><\/a>Hann hugsar me\u00f0 s\u00e9r: \u201eGu\u00f0 hefur gleymt \u00feessu, <br \/>hann hefur huli\u00f0 auglit sitt, hefur ekkert s\u00e9\u00f0.\u201c<br \/> <\/span> <span class=\"ljodatexti\"> <a name=\"12\"><span class=\"versanumer_ljod\">12<\/span><\/a>R\u00eds upp, Drottinn Gu\u00f0, lyft hendi \u00feinni.<br \/>Gleym eigi k\u00fagu\u00f0um.<br \/> <\/span> <span class=\"ljodatexti\"> <a name=\"13\"><span class=\"versanumer_ljod\">13<\/span><\/a>Hvers vegna s\u00fdnir hinn gu\u00f0lausi Gu\u00f0i fyrirlitningu,<br \/>hvers vegna hugsar hann: \u201e\u00de\u00fa krefur mig einskis?\u201c<br \/> <\/span> <span class=\"ljodatexti\"> <a name=\"14\"><span class=\"versanumer_ljod\">14<\/span><\/a>\u00de\u00fa gefur gaum a\u00f0 m\u00e6\u00f0u og b\u00f6li<br \/>og tekur \u00fea\u00f0 \u00ed h\u00f6nd \u00fe\u00e9r. <br \/>Hinn b\u00e1gstaddi felur \u00fe\u00e9r m\u00e1lefni sitt, <br \/>\u00fe\u00e9r, sem hj\u00e1lpar muna\u00f0arlausum.<br \/> <\/span> <span class=\"ljodatexti\"> <a name=\"15\"><span class=\"versanumer_ljod\">15<\/span><\/a>Brj\u00f3t \u00fe\u00fa armlegg hins \u00f3gu\u00f0lega og illvirkjans,<br \/>l\u00e1t hann svara fyrir gu\u00f0leysi sitt <br \/>svo a\u00f0 \u00feess sj\u00e1i ekki framar sta\u00f0.<br \/> <\/span> <span class=\"ljodatexti\"> <a name=\"16\"><span class=\"versanumer_ljod\">16<\/span><\/a>Drottinn er konungur um aldur og \u00e6vi,<br \/>hei\u00f0ingjum er eytt \u00far landi hans.<br \/> <\/span> <span class=\"ljodatexti\"> <a name=\"17\"><span class=\"versanumer_ljod\">17<\/span><\/a>\u00de\u00fa hefur heyrt \u00f3skir vola\u00f0ra, Drottinn,<br \/>\u00fe\u00fa eykur \u00feeim \u00feor og hneigir eyra \u00feitt a\u00f0 \u00feeim,<br \/> <\/span> <span class=\"ljodatexti\"> <a name=\"18\"><span class=\"versanumer_ljod\">18<\/span><\/a>l\u00e6tur muna\u00f0arlausa og k\u00faga\u00f0a n\u00e1 r\u00e9tti s\u00ednum.<br \/>Enginn ma\u00f0ur \u00e1 j\u00f6r\u00f0u beiti framar ofbeldi. <\/span> <\/p>\n","protected":false},"excerpt":{"rendered":"<p>1Hv\u00ed stendur \u00fe\u00fa fjarri, Drottinn,hv\u00ed felur \u00fe\u00fa \u00feig \u00e1 ney\u00f0art\u00edmum? 2Hinn \u00f3gu\u00f0legi ofs\u00e6kir \u00fe\u00e1 snau\u00f0u me\u00f0 hroka, fangar \u00fe\u00e1 me\u00f0 r\u00e1\u00f0um sem hann hefur brugga\u00f0. 3Hinn \u00f3gu\u00f0legi gle\u00f0st \u00ed gr\u00e6\u00f0gi sinni, blessar gr\u00f3\u00f0a sinn og l\u00edtilsvir\u00f0ir Drottin. 4Hann hugsar drambl\u00e1tur: \u201eGu\u00f0 spyr einskis, enginn Gu\u00f0 er til.\u201c\u00deannig hugsar hann, 5honum l\u00e1nast allt \u00fea\u00f0 sem hann f\u00e6rist \u00ed fang.D\u00f3mar \u00fe\u00ednir fara h\u00e1tt yfir h\u00f6f\u00f0i hans,hann forsm\u00e1ir alla andst\u00e6\u00f0inga s\u00edna. 6Hann hugsar me\u00f0 sj\u00e1lfum s\u00e9r: \u201eM\u00e9r skrikar ekki f\u00f3tur, aldrei mun \u00f3g\u00e6fa henda mig.\u201c 7Munnur hans er fullur af form\u00e6lingum, svikum og ofbeldi,\u00e1 tungu hans er illska og rangl\u00e6ti. 8Hann liggur \u00ed <a href=\"https:\/\/biblian.is\/biblian\/salmarnir-10-kafli\/\"> [&#8230;]<\/a><\/p>\n","protected":false},"author":1,"featured_media":0,"parent":0,"menu_order":0,"comment_status":"open","ping_status":"open","template":"bibliukaflar_salmarnir.php","meta":{"footnotes":""},"class_list":["post-2105","page","type-page","status-publish","hentry"],"_links":{"self":[{"href":"https:\/\/biblian.is\/biblian\/wp-json\/wp\/v2\/pages\/2105","targetHints":{"allow":["GET"]}}],"collection":[{"href":"https:\/\/biblian.is\/biblian\/wp-json\/wp\/v2\/pages"}],"about":[{"href":"https:\/\/biblian.is\/biblian\/wp-json\/wp\/v2\/types\/page"}],"author":[{"embeddable":true,"href":"https:\/\/biblian.is\/biblian\/wp-json\/wp\/v2\/users\/1"}],"replies":[{"embeddable":true,"href":"https:\/\/biblian.is\/biblian\/wp-json\/wp\/v2\/comments?post=2105"}],"version-history":[{"count":0,"href":"https:\/\/biblian.is\/biblian\/wp-json\/wp\/v2\/pages\/2105\/revisions"}],"wp:attachment":[{"href":"https:\/\/biblian.is\/biblian\/wp-json\/wp\/v2\/media?parent=2105"}],"curies":[{"name":"wp","href":"https:\/\/api.w.org\/{rel}","templated":true}]}}