{"id":2100,"date":"2017-12-30T21:01:45","date_gmt":"2017-12-30T21:01:45","guid":{"rendered":"http:\/\/biblian.is\/biblian\/s%c2%87lmarnir-5-kafli\/"},"modified":"2020-05-30T18:12:41","modified_gmt":"2020-05-30T18:12:41","slug":"salmarnir-5-kafli","status":"publish","type":"page","link":"https:\/\/biblian.is\/biblian\/salmarnir-5-kafli\/","title":{"rendered":"S\u00e1lmarnir 5. kafli"},"content":{"rendered":"<p><a name=\"1\"><span class=\"versanumer_2007\">1<\/span><\/a> Til s\u00f6ngstj\u00f3rans. Me\u00f0 hlj\u00f3\u00f0p\u00edpu. Dav\u00ed\u00f0ss\u00e1lmur.<br \/> <span class=\"ljodatexti\"> <a name=\"2\"><span class=\"versanumer_ljod\">2<\/span><\/a>Heyr or\u00f0 m\u00edn, Drottinn, <br \/>gef gaum a\u00f0 andv\u00f6rpum m\u00ednum.<br \/> <\/span> <span class=\"ljodatexti\"> <a name=\"3\"><span class=\"versanumer_ljod\">3<\/span><\/a>Heyr \u00fe\u00fa hr\u00f3p mitt, <br \/>konungur minn og Gu\u00f0 minn,<br \/>\u00fev\u00ed a\u00f0 til \u00fe\u00edn bi\u00f0 \u00e9g. <br \/> <\/span> <span class=\"ljodatexti\"> <a name=\"4\"><span class=\"versanumer_ljod\">4<\/span><\/a>\u00c1 morgnana heyrir \u00fe\u00fa \u00e1kall mitt, Drottinn,<br \/>\u00e1 morgnana f\u00e6ri \u00e9g \u00fe\u00e9r f\u00f3rn m\u00edna og b\u00ed\u00f0 \u00fe\u00edn.<br \/> <\/span> <span class=\"ljodatexti\"> <a name=\"5\"><span class=\"versanumer_ljod\">5<\/span><\/a>\u00de\u00fa ert ekki gu\u00f0 sem gle\u00f0st yfir rangl\u00e6ti,<br \/>\u00fev\u00ed geta vondir menn ekki leita\u00f0 skj\u00f3ls hj\u00e1 \u00fe\u00e9r.<br \/> <\/span> <span class=\"ljodatexti\"> <a name=\"6\"><span class=\"versanumer_ljod\">6<\/span><\/a>Drambl\u00e1tir standast ekki fyrir augum \u00fe\u00ednum,<br \/>illvirkja hatar \u00fe\u00fa.<br \/> <\/span> <span class=\"ljodatexti\"> <a name=\"7\"><span class=\"versanumer_ljod\">7<\/span><\/a>\u00de\u00fa tort\u00edmir lygurum. <br \/>Drottinn hefur andstygg\u00f0 \u00e1 bl\u00f3\u00f0\u00feyrstum og svikurum.<br \/> <\/span> <span class=\"ljodatexti\"> <a name=\"8\"><span class=\"versanumer_ljod\">8<\/span><\/a>En \u00e9g f\u00e6 a\u00f0 ganga \u00ed h\u00fas \u00feitt<br \/>fyrir mikla miskunn \u00fe\u00edna,<br \/>f\u00e6 a\u00f0 falla fram fyrir \u00fe\u00ednu heilaga musteri<br \/>\u00ed \u00f3tta frammi fyrir \u00fe\u00e9r.<br \/> <\/span> <span class=\"ljodatexti\"> <a name=\"9\"><span class=\"versanumer_ljod\">9<\/span><\/a>Drottinn, lei\u00f0 mig eftir r\u00e9ttl\u00e6ti \u00fe\u00ednu<br \/>sakir \u00f3vina minna,<br \/>ger sl\u00e9ttan veg \u00feinn fyrir m\u00e9r.<br \/> <\/span> <span class=\"ljodatexti\"> <a name=\"10\"><span class=\"versanumer_ljod\">10<\/span><\/a>Sannleikur er ekki \u00ed munni \u00feeirra,<br \/>hugur \u00feeirra er spilltur,<br \/>kok \u00feeirra opin gr\u00f6f,<br \/>me\u00f0 tungunni hr\u00e6sna \u00feeir.<br \/> <\/span> <span class=\"ljodatexti\"> <a name=\"11\"><span class=\"versanumer_ljod\">11<\/span><\/a>Gu\u00f0, d\u00e6m \u00fe\u00e1 seka<br \/>og l\u00e1t \u00fe\u00e1 falla \u00e1 eigin brag\u00f0i. <br \/>Hrek \u00fe\u00e1 burt sakir hinna m\u00f6rgu afbrota \u00feeirra<br \/>\u00fev\u00ed a\u00f0 \u00feeir hafa risi\u00f0 gegn \u00fe\u00e9r. <br \/> <\/span> <span class=\"ljodatexti\"> <a name=\"12\"><span class=\"versanumer_ljod\">12<\/span><\/a>Allir, sem leita h\u00e6lis hj\u00e1 \u00fe\u00e9r, munu gle\u00f0jast,<br \/>\u00feeir fagna um aldur.<br \/>\u00de\u00fa sk\u00fdlir \u00feeim<br \/>og \u00feeir sem elska nafn \u00feitt fagna yfir \u00fe\u00e9r<br \/> <\/span> <span class=\"ljodatexti\"> <a name=\"13\"><span class=\"versanumer_ljod\">13<\/span><\/a>\u00fev\u00ed a\u00f0 \u00fe\u00fa, Drottinn, blessar hinn r\u00e9ttl\u00e1ta, <br \/>hl\u00edfir honum me\u00f0 n\u00e1\u00f0 \u00feinni eins og me\u00f0 skildi. <\/span> <\/p>\n","protected":false},"excerpt":{"rendered":"<p>1 Til s\u00f6ngstj\u00f3rans. Me\u00f0 hlj\u00f3\u00f0p\u00edpu. Dav\u00ed\u00f0ss\u00e1lmur. 2Heyr or\u00f0 m\u00edn, Drottinn, gef gaum a\u00f0 andv\u00f6rpum m\u00ednum. 3Heyr \u00fe\u00fa hr\u00f3p mitt, konungur minn og Gu\u00f0 minn,\u00fev\u00ed a\u00f0 til \u00fe\u00edn bi\u00f0 \u00e9g. 4\u00c1 morgnana heyrir \u00fe\u00fa \u00e1kall mitt, Drottinn,\u00e1 morgnana f\u00e6ri \u00e9g \u00fe\u00e9r f\u00f3rn m\u00edna og b\u00ed\u00f0 \u00fe\u00edn. 5\u00de\u00fa ert ekki gu\u00f0 sem gle\u00f0st yfir rangl\u00e6ti,\u00fev\u00ed geta vondir menn ekki leita\u00f0 skj\u00f3ls hj\u00e1 \u00fe\u00e9r. 6Drambl\u00e1tir standast ekki fyrir augum \u00fe\u00ednum,illvirkja hatar \u00fe\u00fa. 7\u00de\u00fa tort\u00edmir lygurum. Drottinn hefur andstygg\u00f0 \u00e1 bl\u00f3\u00f0\u00feyrstum og svikurum. 8En \u00e9g f\u00e6 a\u00f0 ganga \u00ed h\u00fas \u00feittfyrir mikla miskunn \u00fe\u00edna,f\u00e6 a\u00f0 falla fram fyrir \u00fe\u00ednu heilaga musteri\u00ed \u00f3tta frammi fyrir <a href=\"https:\/\/biblian.is\/biblian\/salmarnir-5-kafli\/\"> [&#8230;]<\/a><\/p>\n","protected":false},"author":1,"featured_media":0,"parent":0,"menu_order":0,"comment_status":"open","ping_status":"open","template":"bibliukaflar_salmarnir.php","meta":{"footnotes":""},"class_list":["post-2100","page","type-page","status-publish","hentry"],"_links":{"self":[{"href":"https:\/\/biblian.is\/biblian\/wp-json\/wp\/v2\/pages\/2100","targetHints":{"allow":["GET"]}}],"collection":[{"href":"https:\/\/biblian.is\/biblian\/wp-json\/wp\/v2\/pages"}],"about":[{"href":"https:\/\/biblian.is\/biblian\/wp-json\/wp\/v2\/types\/page"}],"author":[{"embeddable":true,"href":"https:\/\/biblian.is\/biblian\/wp-json\/wp\/v2\/users\/1"}],"replies":[{"embeddable":true,"href":"https:\/\/biblian.is\/biblian\/wp-json\/wp\/v2\/comments?post=2100"}],"version-history":[{"count":0,"href":"https:\/\/biblian.is\/biblian\/wp-json\/wp\/v2\/pages\/2100\/revisions"}],"wp:attachment":[{"href":"https:\/\/biblian.is\/biblian\/wp-json\/wp\/v2\/media?parent=2100"}],"curies":[{"name":"wp","href":"https:\/\/api.w.org\/{rel}","templated":true}]}}