{"id":2098,"date":"2017-12-30T21:01:45","date_gmt":"2017-12-30T21:01:45","guid":{"rendered":"http:\/\/biblian.is\/biblian\/s%c2%87lmarnir-3-kafli\/"},"modified":"2020-05-30T18:12:36","modified_gmt":"2020-05-30T18:12:36","slug":"salmarnir-3-kafli","status":"publish","type":"page","link":"https:\/\/biblian.is\/biblian\/salmarnir-3-kafli\/","title":{"rendered":"S\u00e1lmarnir 3. kafli"},"content":{"rendered":"<p><a name=\"1\"><span class=\"versanumer_2007\">1<\/span><\/a> S\u00e1lmur Dav\u00ed\u00f0s \u00fe\u00e1 er hann fl\u00fd\u00f0i fyrir Absalon syni s\u00ednum.<br \/> <span class=\"ljodatexti\"> <a name=\"2\"><span class=\"versanumer_ljod\">2<\/span><\/a>Drottinn, hversu margir eru \u00f3vinir m\u00ednir,<br \/>margir r\u00edsa gegn m\u00e9r,<br \/> <\/span> <span class=\"ljodatexti\"> <a name=\"3\"><span class=\"versanumer_ljod\">3<\/span><\/a>margir segja um mig:<br \/>\u201eHann f\u00e6r enga hj\u00e1lp fr\u00e1 Gu\u00f0i.\u201c (Sela <span class=\"nedan_mal\" title=\" Merking or\u00f0sins \u201esela\u201c er \u00f3\u00feekkt en \u00fea\u00f0 er sennilega s\u00f6ngfr\u00e6\u00f0it\u00e1kn sem merkir anna\u00f0hvort a\u00f0 flytja skuli millispil e\u00f0a vi\u00f0lag e\u00f0a endurtaka \u00fea\u00f0 sem \u00e1 undan er gengi\u00f0. \u00deegar s\u00e1lmarnir eru fluttir skal ekki lesa e\u00f0a syngja or\u00f0i\u00f0 \u201esela\u201c.\">[<\/span> )<br \/> <\/span> <span class=\"ljodatexti\"> <a name=\"4\"><span class=\"versanumer_ljod\">4<\/span><\/a>En \u00fe\u00fa, Drottinn, ert skj\u00f6ldur minn,<br \/>s\u00e6md m\u00edn og l\u00e6tur mig bera h\u00f6fu\u00f0i\u00f0 h\u00e1tt.<br \/> <\/span> <span class=\"ljodatexti\"> <a name=\"5\"><span class=\"versanumer_ljod\">5<\/span><\/a>\u00c9g hr\u00f3pa h\u00e1tt til Drottins<br \/>og hann svarar af s\u00ednu heilaga fjalli. (Sela)<br \/> <\/span> <span class=\"ljodatexti\"> <a name=\"6\"><span class=\"versanumer_ljod\">6<\/span><\/a>\u00c9g leggst til hv\u00edldar og sofna,<br \/>\u00e9g vakna \u00fev\u00ed a\u00f0 Drottinn hj\u00e1lpar m\u00e9r.<br \/> <\/span> <span class=\"ljodatexti\"> <a name=\"7\"><span class=\"versanumer_ljod\">7<\/span><\/a>\u00c9g \u00f3ttast eigi \u00fe\u00f3 a\u00f0 \u00f3v\u00edgur her<br \/>fylki s\u00e9r gegn m\u00e9r \u00e1 alla vegu.<br \/> <\/span> <span class=\"ljodatexti\"> <a name=\"8\"><span class=\"versanumer_ljod\">8<\/span><\/a>R\u00eds upp, Drottinn, bjarga m\u00e9r, Gu\u00f0 minn,<br \/>\u00fev\u00ed a\u00f0 \u00fe\u00fa l\u00f6\u00f0rungar fjandmenn m\u00edna, <br \/>br\u00fdtur tennur \u00f3gu\u00f0legra.<br \/> <\/span> <span class=\"ljodatexti\"> <a name=\"9\"><span class=\"versanumer_ljod\">9<\/span><\/a>Hj\u00e1lpin kemur fr\u00e1 Drottni.<br \/>Blessun \u00fe\u00edn komi yfir l\u00fd\u00f0 \u00feinn. (Sela) <\/span> <\/p>\n","protected":false},"excerpt":{"rendered":"<p>1 S\u00e1lmur Dav\u00ed\u00f0s \u00fe\u00e1 er hann fl\u00fd\u00f0i fyrir Absalon syni s\u00ednum. 2Drottinn, hversu margir eru \u00f3vinir m\u00ednir,margir r\u00edsa gegn m\u00e9r, 3margir segja um mig:\u201eHann f\u00e6r enga hj\u00e1lp fr\u00e1 Gu\u00f0i.\u201c (Sela [ ) 4En \u00fe\u00fa, Drottinn, ert skj\u00f6ldur minn,s\u00e6md m\u00edn og l\u00e6tur mig bera h\u00f6fu\u00f0i\u00f0 h\u00e1tt. 5\u00c9g hr\u00f3pa h\u00e1tt til Drottinsog hann svarar af s\u00ednu heilaga fjalli. (Sela) 6\u00c9g leggst til hv\u00edldar og sofna,\u00e9g vakna \u00fev\u00ed a\u00f0 Drottinn hj\u00e1lpar m\u00e9r. 7\u00c9g \u00f3ttast eigi \u00fe\u00f3 a\u00f0 \u00f3v\u00edgur herfylki s\u00e9r gegn m\u00e9r \u00e1 alla vegu. 8R\u00eds upp, Drottinn, bjarga m\u00e9r, Gu\u00f0 minn,\u00fev\u00ed a\u00f0 \u00fe\u00fa l\u00f6\u00f0rungar fjandmenn m\u00edna, br\u00fdtur tennur \u00f3gu\u00f0legra. 9Hj\u00e1lpin kemur fr\u00e1 <a href=\"https:\/\/biblian.is\/biblian\/salmarnir-3-kafli\/\"> [&#8230;]<\/a><\/p>\n","protected":false},"author":1,"featured_media":0,"parent":0,"menu_order":0,"comment_status":"open","ping_status":"open","template":"bibliukaflar_salmarnir.php","meta":{"footnotes":""},"class_list":["post-2098","page","type-page","status-publish","hentry"],"_links":{"self":[{"href":"https:\/\/biblian.is\/biblian\/wp-json\/wp\/v2\/pages\/2098","targetHints":{"allow":["GET"]}}],"collection":[{"href":"https:\/\/biblian.is\/biblian\/wp-json\/wp\/v2\/pages"}],"about":[{"href":"https:\/\/biblian.is\/biblian\/wp-json\/wp\/v2\/types\/page"}],"author":[{"embeddable":true,"href":"https:\/\/biblian.is\/biblian\/wp-json\/wp\/v2\/users\/1"}],"replies":[{"embeddable":true,"href":"https:\/\/biblian.is\/biblian\/wp-json\/wp\/v2\/comments?post=2098"}],"version-history":[{"count":0,"href":"https:\/\/biblian.is\/biblian\/wp-json\/wp\/v2\/pages\/2098\/revisions"}],"wp:attachment":[{"href":"https:\/\/biblian.is\/biblian\/wp-json\/wp\/v2\/media?parent=2098"}],"curies":[{"name":"wp","href":"https:\/\/api.w.org\/{rel}","templated":true}]}}