{"id":2097,"date":"2017-12-30T21:01:40","date_gmt":"2017-12-30T21:01:40","guid":{"rendered":"http:\/\/biblian.is\/biblian\/s%c2%87lmarnir-2-kafli\/"},"modified":"2022-12-16T13:29:35","modified_gmt":"2022-12-16T13:29:35","slug":"salmarnir-2-kafli","status":"publish","type":"page","link":"https:\/\/biblian.is\/biblian\/salmarnir-2-kafli\/","title":{"rendered":"S\u00e1lmarnir 2. kafli"},"content":{"rendered":"<p><span class=\"ljodatexti\"> <a name=\"1\"><\/a><span class=\"versanumer_ljod\">1<\/span>Hv\u00ed gera \u00fej\u00f3\u00f0irnar sams\u00e6ri,<br \/>\nhv\u00ed hyggja \u00fe\u00e6r \u00e1 f\u00e1n\u00fdt r\u00e1\u00f0?<br \/>\n<\/span> <span class=\"ljodatexti\"> <a name=\"2\"><\/a><span class=\"versanumer_ljod\">2<\/span>Konungar jar\u00f0ar r\u00edsa upp,<br \/>\nh\u00f6f\u00f0ingjar r\u00e1\u00f0a r\u00e1\u00f0um s\u00ednum<br \/>\ngegn Drottni og hans smur\u00f0a:<br \/>\n<\/span> <span class=\"ljodatexti\"> <a name=\"3\"><\/a><span class=\"versanumer_ljod\">3<\/span>\u201eV\u00e9r skulum sl\u00edta fj\u00f6tra \u00feeirra<br \/>\nog varpa af oss vi\u00f0jum \u00feeirra.\u201c<br \/>\n<\/span> <span class=\"ljodatexti\"> <a name=\"4\"><\/a><span class=\"versanumer_ljod\">4<\/span>Hann, sem situr \u00e1 himni, hl\u00e6r,<br \/>\nDrottinn gerir gys a\u00f0 \u00feeim.<br \/>\n<\/span> <span class=\"ljodatexti\"> <a name=\"5\"><\/a><span class=\"versanumer_ljod\">5<\/span>Hann talar til \u00feeirra \u00ed rei\u00f0i sinni<br \/>\nog skelfir \u00fe\u00e1 \u00ed br\u00e6\u00f0i sinni:<br \/>\n<\/span> <span class=\"ljodatexti\"> <a name=\"6\"><\/a><span class=\"versanumer_ljod\">6<\/span>\u201eKonung minn hef \u00e9g kr\u00fdnt<br \/>\n\u00e1 S\u00edon, m\u00ednu heilaga fjalli.\u201c<br \/>\n<\/span> <span class=\"ljodatexti\"> <a name=\"7\"><\/a><span class=\"versanumer_ljod\">7<\/span>\u00c9g vil kunngj\u00f6ra \u00farskur\u00f0 Drottins,<br \/>\nhann sag\u00f0i vi\u00f0 mig: \u201e\u00de\u00fa ert sonur minn,<br \/>\n\u00ed dag hef \u00e9g f\u00e6tt \u00feig.<br \/>\n<\/span> <span class=\"ljodatexti\"> <a name=\"8\"><\/a><span class=\"versanumer_ljod\">8<\/span>Bi\u00f0 \u00fe\u00fa mig, og \u00e9g gef \u00fe\u00e9r \u00fej\u00f3\u00f0ir a\u00f0 erf\u00f0um<br \/>\nog v\u00ed\u00f0a ver\u00f6ld til eignar:<br \/>\n<\/span> <span class=\"ljodatexti\"> <a name=\"9\"><\/a><span class=\"versanumer_ljod\">9<\/span>\u00de\u00fa skalt mola \u00fe\u00e6r me\u00f0 j\u00e1rnstaf,<br \/>\nmylja \u00fe\u00e6r eins og leirker.\u201c<br \/>\n<\/span> <span class=\"ljodatexti\"> <a name=\"10\"><\/a><span class=\"versanumer_ljod\">10<\/span>Veri\u00f0 \u00fev\u00ed hyggnir, \u00fe\u00e9r konungar,<br \/>\nl\u00e1ti\u00f0 y\u00f0ur segjast, h\u00f6f\u00f0ingjar \u00fej\u00f3\u00f0a.<br \/>\n<\/span> <span class=\"ljodatexti\"> <a name=\"11\"><\/a><span class=\"versanumer_ljod\">11<\/span>\u00dej\u00f3ni\u00f0 Drottni me\u00f0 lotningu,<br \/>\nkyssi\u00f0 f\u00e6tur hans titrandi <span class=\"nedan_mal\" title=\" Hebreski textinn er \u00f3lj\u00f3s. \u00d6nnur \u00fe\u00fd\u00f0ing: hylli\u00f0 soninn me\u00f0 lotningu.\">[<\/span><br \/>\n<\/span> <span class=\"ljodatexti\"> <a name=\"12\"><\/a><span class=\"versanumer_ljod\">12<\/span>til a\u00f0 firra y\u00f0ur rei\u00f0i hans<br \/>\nsvo a\u00f0 \u00fe\u00e9r farist ekki \u00e1 veginum<br \/>\n<\/span> <span class=\"ljodatexti\"> <a name=\"13\"><\/a><span class=\"versanumer_ljod\">13<\/span>\u00fev\u00ed a\u00f0 skj\u00f3tt blossar upp rei\u00f0i hans.<br \/>\nS\u00e6ll er s\u00e1 er leitar h\u00e6lis hj\u00e1 honum. <\/span><\/p>\n","protected":false},"excerpt":{"rendered":"<p>1Hv\u00ed gera \u00fej\u00f3\u00f0irnar sams\u00e6ri, hv\u00ed hyggja \u00fe\u00e6r \u00e1 f\u00e1n\u00fdt r\u00e1\u00f0? 2Konungar jar\u00f0ar r\u00edsa upp, h\u00f6f\u00f0ingjar r\u00e1\u00f0a r\u00e1\u00f0um s\u00ednum gegn Drottni og hans smur\u00f0a: 3\u201eV\u00e9r skulum sl\u00edta fj\u00f6tra \u00feeirra og varpa af oss vi\u00f0jum \u00feeirra.\u201c 4Hann, sem situr \u00e1 himni, hl\u00e6r, Drottinn gerir gys a\u00f0 \u00feeim. 5Hann talar til \u00feeirra \u00ed rei\u00f0i sinni og skelfir \u00fe\u00e1 \u00ed br\u00e6\u00f0i sinni: 6\u201eKonung minn hef \u00e9g kr\u00fdnt \u00e1 S\u00edon, m\u00ednu heilaga fjalli.\u201c 7\u00c9g vil kunngj\u00f6ra \u00farskur\u00f0 Drottins, hann sag\u00f0i vi\u00f0 mig: \u201e\u00de\u00fa ert sonur minn, \u00ed dag hef \u00e9g f\u00e6tt \u00feig. 8Bi\u00f0 \u00fe\u00fa mig, og \u00e9g gef \u00fe\u00e9r \u00fej\u00f3\u00f0ir a\u00f0 erf\u00f0um og v\u00ed\u00f0a ver\u00f6ld <a href=\"https:\/\/biblian.is\/biblian\/salmarnir-2-kafli\/\"> [&#8230;]<\/a><\/p>\n","protected":false},"author":1,"featured_media":0,"parent":0,"menu_order":0,"comment_status":"open","ping_status":"open","template":"bibliukaflar_salmarnir.php","meta":{"footnotes":""},"class_list":["post-2097","page","type-page","status-publish","hentry"],"_links":{"self":[{"href":"https:\/\/biblian.is\/biblian\/wp-json\/wp\/v2\/pages\/2097","targetHints":{"allow":["GET"]}}],"collection":[{"href":"https:\/\/biblian.is\/biblian\/wp-json\/wp\/v2\/pages"}],"about":[{"href":"https:\/\/biblian.is\/biblian\/wp-json\/wp\/v2\/types\/page"}],"author":[{"embeddable":true,"href":"https:\/\/biblian.is\/biblian\/wp-json\/wp\/v2\/users\/1"}],"replies":[{"embeddable":true,"href":"https:\/\/biblian.is\/biblian\/wp-json\/wp\/v2\/comments?post=2097"}],"version-history":[{"count":0,"href":"https:\/\/biblian.is\/biblian\/wp-json\/wp\/v2\/pages\/2097\/revisions"}],"wp:attachment":[{"href":"https:\/\/biblian.is\/biblian\/wp-json\/wp\/v2\/media?parent=2097"}],"curies":[{"name":"wp","href":"https:\/\/api.w.org\/{rel}","templated":true}]}}