{"id":2091,"date":"2017-12-30T21:01:40","date_gmt":"2017-12-30T21:01:40","guid":{"rendered":"http:\/\/biblian.is\/biblian\/jobsb%c2%97k-38-kafli\/"},"modified":"2024-06-27T02:38:45","modified_gmt":"2024-06-27T02:38:45","slug":"jobsbok-38-kafli","status":"publish","type":"page","link":"https:\/\/biblian.is\/biblian\/jobsbok-38-kafli\/","title":{"rendered":"Jobsb\u00f3k 38. kafli"},"content":{"rendered":"<h2 class=\"millifyrirsogn_2007\"> Samtal Gu\u00f0s og Jobs <\/h2>\n<h3 class=\"millifyrirsogn_2007\">Fyrri r\u00e6\u00f0a Drottins<\/h3>\n<p><a name=\"1\"><span class=\"versanumer_2007\">1<\/span><\/a> \u00de\u00e1 svara\u00f0i Drottinn Job \u00far storminum og sag\u00f0i:<br \/> <span class=\"ljodatexti\"> <a name=\"2\"><span class=\"versanumer_ljod\">2<\/span><\/a>Hver er s\u00e1 sem hylur r\u00e1\u00f0s\u00e1lyktunina myrkri<br \/>me\u00f0 innihaldslausum or\u00f0ava\u00f0li?<br \/> <\/span> <span class=\"ljodatexti\"> <a name=\"3\"><span class=\"versanumer_ljod\">3<\/span><\/a>Gyrtu lendar \u00fe\u00ednar eins og manni s\u00e6mir,<br \/>n\u00fa \u00e6tla \u00e9g a\u00f0 spyrja \u00feig en \u00fe\u00fa skalt svara.<br \/> <\/span> <span class=\"ljodatexti\"> <a name=\"4\"><span class=\"versanumer_ljod\">4<\/span><\/a>Hvar varstu \u00feegar \u00e9g grundvalla\u00f0i j\u00f6r\u00f0ina?<br \/>Seg\u00f0u \u00fea\u00f0 ef \u00fe\u00fa veist \u00fea\u00f0 og skilur.<br \/> <\/span> <span class=\"ljodatexti\"> <a name=\"5\"><span class=\"versanumer_ljod\">5<\/span><\/a>Hver \u00e1kva\u00f0 umfang hennar, veist \u00fe\u00fa \u00fea\u00f0,<br \/>e\u00f0a hver \u00feandi m\u00e6liva\u00f0 yfir henni?<br \/> <\/span> <span class=\"ljodatexti\"> <a name=\"6\"><span class=\"versanumer_ljod\">6<\/span><\/a>\u00c1 hva\u00f0 var s\u00f6kklum hennar s\u00f6kkt<br \/>e\u00f0a hver lag\u00f0i hornstein hennar<br \/> <\/span> <span class=\"ljodatexti\"> <a name=\"7\"><span class=\"versanumer_ljod\">7<\/span><\/a>\u00feegar morgunstj\u00f6rnurnar sungu saman gle\u00f0is\u00f6ng<br \/>og allir synir Gu\u00f0s f\u00f6gnu\u00f0u?<br \/> <\/span> <span class=\"ljodatexti\"> <a name=\"8\"><span class=\"versanumer_ljod\">8<\/span><\/a>Hver byrg\u00f0i hafi\u00f0 inni me\u00f0 hli\u00f0um<br \/>\u00feegar \u00fea\u00f0 braust fram \u00far m\u00f3\u00f0url\u00edfi<br \/> <\/span> <span class=\"ljodatexti\"> <a name=\"9\"><span class=\"versanumer_ljod\">9<\/span><\/a>og \u00e9g f\u00e9kk \u00fev\u00ed kl\u00e6\u00f0na\u00f0 \u00far sk\u00fdjum<br \/>og reifa\u00f0i \u00fea\u00f0 svarta\u00feoku,<br \/> <\/span> <span class=\"ljodatexti\"> <a name=\"10\"><span class=\"versanumer_ljod\">10<\/span><\/a>\u00feegar \u00e9g ruddi \u00fev\u00ed marka\u00f0a braut,<br \/>setti slagbranda fyrir og hli\u00f0<br \/> <\/span> <span class=\"ljodatexti\"> <a name=\"11\"><span class=\"versanumer_ljod\">11<\/span><\/a>og sag\u00f0i: \u201eHinga\u00f0 kemstu og ekki lengra,<br \/>h\u00e9r st\u00f6\u00f0vast hreyknar hrannir \u00fe\u00ednar.\u201c<br \/> <\/span> <span class=\"ljodatexti\"> <a name=\"12\"><span class=\"versanumer_ljod\">12<\/span><\/a>Hven\u00e6r hefur \u00fe\u00fa kalla\u00f0 \u00e1 morguninn,<br \/>v\u00edsa\u00f0 aftureldingunni \u00e1 sinn sta\u00f0<br \/> <\/span> <span class=\"ljodatexti\"> <a name=\"13\"><span class=\"versanumer_ljod\">13<\/span><\/a>svo a\u00f0 h\u00fan gr\u00edpi \u00ed kl\u00e6\u00f0afald jar\u00f0ar<br \/>og \u00f3gu\u00f0legir hristist af henni?<br \/> <\/span> <span class=\"ljodatexti\"> <a name=\"14\"><span class=\"versanumer_ljod\">14<\/span><\/a>H\u00fan breytist eins og leir undir innsigli<br \/>og litast l\u00edkt og kl\u00e6\u00f0i.<br \/> <\/span> <span class=\"ljodatexti\"> <a name=\"15\"><span class=\"versanumer_ljod\">15<\/span><\/a> \u00d3gu\u00f0legir ver\u00f0a sviptir lj\u00f3si s\u00ednu<br \/>og upplyftur armur \u00feeirra brotinn.<br \/> <\/span> <span class=\"ljodatexti\"> <a name=\"16\"><span class=\"versanumer_ljod\">16<\/span><\/a>Hefur\u00f0u komi\u00f0 a\u00f0 uppsprettum hafsins,<br \/>gengi\u00f0 \u00e1 botni frumdj\u00fapsins?<br \/> <\/span> <span class=\"ljodatexti\"> <a name=\"17\"><span class=\"versanumer_ljod\">17<\/span><\/a>Hafa hli\u00f0 dau\u00f0ans opinberast \u00fe\u00e9r,<br \/>hefur\u00f0u liti\u00f0 hli\u00f0 myrkursins?<br \/> <\/span> <span class=\"ljodatexti\"> <a name=\"18\"><span class=\"versanumer_ljod\">18<\/span><\/a>Hefur\u00f0u horft yfir v\u00ed\u00f0\u00e1ttur jar\u00f0ar?<br \/>Seg\u00f0u fr\u00e1 \u00feeim ef \u00fe\u00fa \u00feekkir \u00fe\u00e6r allar.<br \/> <\/span> <span class=\"ljodatexti\"> <a name=\"19\"><span class=\"versanumer_ljod\">19<\/span><\/a>Hvar er lei\u00f0in til heimkynna lj\u00f3ssins<br \/>og hvar er b\u00fasta\u00f0ur myrkursins<br \/> <\/span> <span class=\"ljodatexti\"> <a name=\"20\"><span class=\"versanumer_ljod\">20<\/span><\/a>svo a\u00f0 \u00fe\u00fa getir komi\u00f0 \u00fev\u00ed \u00e1 sinn sta\u00f0<br \/>og v\u00edsa\u00f0 \u00fev\u00ed veginn heim?<br \/> <\/span> <span class=\"ljodatexti\"> <a name=\"21\"><span class=\"versanumer_ljod\">21<\/span><\/a>\u00deetta veistu \u00fev\u00ed a\u00f0 \u00fe\u00e1 varstu f\u00e6ddur<br \/>og \u00e6vidagar \u00fe\u00ednir eru margir.<br \/> <\/span> <span class=\"ljodatexti\"> <a name=\"22\"><span class=\"versanumer_ljod\">22<\/span><\/a> Hefur\u00f0u komi\u00f0 a\u00f0 for\u00f0ab\u00fari sn\u00e6varins<br \/>og s\u00e9\u00f0 geymslur haglsins<br \/> <\/span> <span class=\"ljodatexti\"> <a name=\"23\"><span class=\"versanumer_ljod\">23<\/span><\/a> sem \u00e9g geymi til \u00ferengingat\u00edma,<br \/>til orrustu- og \u00f3fri\u00f0ardags?<br \/> <\/span> <span class=\"ljodatexti\"> <a name=\"24\"><span class=\"versanumer_ljod\">24<\/span><\/a> Hvar er vegurinn \u00feanga\u00f0 sem lj\u00f3sinu er dreift<br \/>og austanvindurinn tv\u00edstrast um j\u00f6r\u00f0ina?<br \/> <\/span> <span class=\"ljodatexti\"> <a name=\"25\"><span class=\"versanumer_ljod\">25<\/span><\/a> Hver ger\u00f0i g\u00f6ng fyrir regnsk\u00farina<br \/>og veg fyrir eldingarnar<br \/> <\/span> <span class=\"ljodatexti\"> <a name=\"26\"><span class=\"versanumer_ljod\">26<\/span><\/a> svo a\u00f0 rignir yfir \u00f3byggt land,<br \/>yfir ey\u00f0im\u00f6rkina \u00fear sem enginn b\u00fdr,<br \/> <\/span> <span class=\"ljodatexti\"> <a name=\"27\"><span class=\"versanumer_ljod\">27<\/span><\/a> og mettar au\u00f0n og ey\u00f0il\u00f6nd<br \/>og l\u00e6tur gr\u00e6ngresi spretta?<br \/> <\/span> <span class=\"ljodatexti\"> <a name=\"28\"><span class=\"versanumer_ljod\">28<\/span><\/a> \u00c1 regni\u00f0 s\u00e9r f\u00f6\u00f0ur<br \/>e\u00f0a hver hefur geti\u00f0 daggardropana<br \/> <\/span> <span class=\"ljodatexti\"> <a name=\"29\"><span class=\"versanumer_ljod\">29<\/span><\/a> og hver f\u00e6ddi hr\u00edmi\u00f0 sem kemur af himni?<br \/> <\/span> <span class=\"ljodatexti\"> <a name=\"30\"><span class=\"versanumer_ljod\">30<\/span><\/a> Vatni\u00f0 stir\u00f0nar sem steinn<br \/>og yfirbor\u00f0 dj\u00fapsins \u00fe\u00e9ttist.<br \/> <\/span> <span class=\"ljodatexti\"> <a name=\"31\"><span class=\"versanumer_ljod\">31<\/span><\/a> Hn\u00fdtir \u00fe\u00fa strengi Sj\u00f6stj\u00f6rnunnar<br \/>e\u00f0a leysir \u00fe\u00fa fj\u00f6tra \u00d3r\u00edons?<br \/> <\/span> <span class=\"ljodatexti\"> <a name=\"32\"><span class=\"versanumer_ljod\">32<\/span><\/a> L\u00e6tur \u00fe\u00fa stj\u00f6rnumerkin koma \u00ed lj\u00f3s \u00e1 r\u00e9ttum t\u00edma,<br \/>lei\u00f0ir fram lj\u00f3nynjuna og hvolpa hennar?<br \/> <\/span> <span class=\"ljodatexti\"> <a name=\"33\"><span class=\"versanumer_ljod\">33<\/span><\/a> \u00deekkir \u00fe\u00fa l\u00f6g himinsins,<br \/> \u00e1kve\u00f0ur \u00fe\u00fa vald hans \u00e1 j\u00f6r\u00f0inni?<br \/> <\/span> <span class=\"ljodatexti\"> <a name=\"34\"><span class=\"versanumer_ljod\">34<\/span><\/a> Hefur \u00fe\u00fa r\u00f6dd \u00fe\u00edna upp til sk\u00fdja<br \/>svo a\u00f0 vatnsflaumur hylji \u00feig?<br \/> <\/span> <span class=\"ljodatexti\"> <a name=\"35\"><span class=\"versanumer_ljod\">35<\/span><\/a> Sendir\u00f0u eldingar fr\u00e1 \u00fe\u00e9r svo a\u00f0 \u00fe\u00e6r \u00fej\u00f3ta af sta\u00f0<br \/>og segja vi\u00f0 \u00feig: \u201eH\u00e9r erum v\u00e9r\u201c?<br \/> <\/span> <span class=\"ljodatexti\"> <a name=\"36\"><span class=\"versanumer_ljod\">36<\/span><\/a> Hver veitti \u00edbisfuglinum speki,<br \/>hver gaf hananum skilning?<br \/> <\/span> <span class=\"ljodatexti\"> <a name=\"37\"><span class=\"versanumer_ljod\">37<\/span><\/a> Hver telur sk\u00fdin af \u00feekkingu<br \/>og hver hellir \u00far vatnskerum himins<br \/> <\/span> <span class=\"ljodatexti\"> <a name=\"38\"><span class=\"versanumer_ljod\">38<\/span><\/a> \u00feegar moldin ver\u00f0ur a\u00f0 kekkjum<br \/>og hnausarnir lo\u00f0a saman?<br \/> <\/span> <span class=\"ljodatexti\"> <a name=\"39\"><span class=\"versanumer_ljod\">39<\/span><\/a> Vei\u00f0ir \u00fe\u00fa br\u00e1\u00f0 handa lj\u00f3nynjunni?<br \/>Se\u00f0ur \u00fe\u00fa hungur lj\u00f3nshvolpanna<br \/> <\/span> <span class=\"ljodatexti\"> <a name=\"40\"><span class=\"versanumer_ljod\">40<\/span><\/a> \u00feegar \u00feeir k\u00fara \u00ed b\u00e6li s\u00ednu<br \/>og liggja \u00ed leyni \u00ed runnanum?<br \/> <\/span> <span class=\"ljodatexti\"> <a name=\"41\"><span class=\"versanumer_ljod\">41<\/span><\/a> Hver f\u00e6rir hrafninum br\u00e1\u00f0<br \/>\u00feegar ungar hans hr\u00f3pa til Gu\u00f0s,<br \/>fl\u00f6gra fram og aftur \u00e1n \u00e6tis? <\/span> <\/p>\n","protected":false},"excerpt":{"rendered":"<p>Samtal Gu\u00f0s og Jobs Fyrri r\u00e6\u00f0a Drottins 1 \u00de\u00e1 svara\u00f0i Drottinn Job \u00far storminum og sag\u00f0i: 2Hver er s\u00e1 sem hylur r\u00e1\u00f0s\u00e1lyktunina myrkrime\u00f0 innihaldslausum or\u00f0ava\u00f0li? 3Gyrtu lendar \u00fe\u00ednar eins og manni s\u00e6mir,n\u00fa \u00e6tla \u00e9g a\u00f0 spyrja \u00feig en \u00fe\u00fa skalt svara. 4Hvar varstu \u00feegar \u00e9g grundvalla\u00f0i j\u00f6r\u00f0ina?Seg\u00f0u \u00fea\u00f0 ef \u00fe\u00fa veist \u00fea\u00f0 og skilur. 5Hver \u00e1kva\u00f0 umfang hennar, veist \u00fe\u00fa \u00fea\u00f0,e\u00f0a hver \u00feandi m\u00e6liva\u00f0 yfir henni? 6\u00c1 hva\u00f0 var s\u00f6kklum hennar s\u00f6kkte\u00f0a hver lag\u00f0i hornstein hennar 7\u00feegar morgunstj\u00f6rnurnar sungu saman gle\u00f0is\u00f6ngog allir synir Gu\u00f0s f\u00f6gnu\u00f0u? 8Hver byrg\u00f0i hafi\u00f0 inni me\u00f0 hli\u00f0um\u00feegar \u00fea\u00f0 braust fram \u00far m\u00f3\u00f0url\u00edfi 9og \u00e9g f\u00e9kk \u00fev\u00ed <a href=\"https:\/\/biblian.is\/biblian\/jobsbok-38-kafli\/\"> [&#8230;]<\/a><\/p>\n","protected":false},"author":1,"featured_media":0,"parent":0,"menu_order":0,"comment_status":"open","ping_status":"open","template":"bibliukaflar_NT.php","meta":{"footnotes":""},"class_list":["post-2091","page","type-page","status-publish","hentry"],"_links":{"self":[{"href":"https:\/\/biblian.is\/biblian\/wp-json\/wp\/v2\/pages\/2091","targetHints":{"allow":["GET"]}}],"collection":[{"href":"https:\/\/biblian.is\/biblian\/wp-json\/wp\/v2\/pages"}],"about":[{"href":"https:\/\/biblian.is\/biblian\/wp-json\/wp\/v2\/types\/page"}],"author":[{"embeddable":true,"href":"https:\/\/biblian.is\/biblian\/wp-json\/wp\/v2\/users\/1"}],"replies":[{"embeddable":true,"href":"https:\/\/biblian.is\/biblian\/wp-json\/wp\/v2\/comments?post=2091"}],"version-history":[{"count":0,"href":"https:\/\/biblian.is\/biblian\/wp-json\/wp\/v2\/pages\/2091\/revisions"}],"wp:attachment":[{"href":"https:\/\/biblian.is\/biblian\/wp-json\/wp\/v2\/media?parent=2091"}],"curies":[{"name":"wp","href":"https:\/\/api.w.org\/{rel}","templated":true}]}}