{"id":2088,"date":"2017-12-30T21:01:40","date_gmt":"2017-12-30T21:01:40","guid":{"rendered":"http:\/\/biblian.is\/biblian\/jobsb%c2%97k-35-kafli\/"},"modified":"2024-06-27T02:38:44","modified_gmt":"2024-06-27T02:38:44","slug":"jobsbok-35-kafli","status":"publish","type":"page","link":"https:\/\/biblian.is\/biblian\/jobsbok-35-kafli\/","title":{"rendered":"Jobsb\u00f3k 35. kafli"},"content":{"rendered":"<h3 class=\"millifyrirsogn_2007\"> \u00deri\u00f0ja r\u00e6\u00f0a El\u00edh\u00fa<\/h3>\n<p><a name=\"1\"><span class=\"versanumer_2007\">1<\/span><\/a> El\u00edh\u00fa t\u00f3k til m\u00e1ls og sag\u00f0i:<br \/> <span class=\"ljodatexti\"> <a name=\"2\"><span class=\"versanumer_ljod\">2<\/span><\/a>Telur\u00f0u r\u00e9ttm\u00e6tt a\u00f0 segja:<br \/>\u201e\u00c9g hef r\u00e9tt fyrir m\u00e9r, ekki Gu\u00f0,\u201c<br \/> <\/span> <span class=\"ljodatexti\"> <a name=\"3\"><span class=\"versanumer_ljod\">3<\/span><\/a>og spyrja: \u201eHva\u00f0 gagnar \u00fea\u00f0 m\u00e9r,<br \/>hva\u00f0a \u00e1vinning hef \u00e9g af \u00fev\u00ed a\u00f0 syndga ekki?\u201c<br \/> <\/span> <span class=\"ljodatexti\"> <a name=\"4\"><span class=\"versanumer_ljod\">4<\/span><\/a>N\u00fa skal \u00e9g svara \u00fe\u00e9r<br \/>og vinum \u00fe\u00ednum me\u00f0 \u00fe\u00e9r:<br \/> <\/span> <span class=\"ljodatexti\"> <a name=\"5\"><span class=\"versanumer_ljod\">5<\/span><\/a>Horf\u00f0u til himins og sj\u00e1\u00f0u,<br \/>virtu fyrir \u00fe\u00e9r sk\u00fdin h\u00e1tt fyrir ofan \u00feig.<br \/> <\/span> <span class=\"ljodatexti\"> <a name=\"6\"><span class=\"versanumer_ljod\">6<\/span><\/a>Hva\u00f0 gerir\u00f0u honum me\u00f0 \u00fev\u00ed a\u00f0 syndga?<br \/>Hva\u00f0 gerir\u00f0u honum ef brot \u00fe\u00edn eru m\u00f6rg?<br \/> <\/span> <span class=\"ljodatexti\"> <a name=\"7\"><span class=\"versanumer_ljod\">7<\/span><\/a>Hva\u00f0 gefur\u00f0u honum me\u00f0 \u00fev\u00ed a\u00f0 vera r\u00e9ttl\u00e1tur<br \/>e\u00f0a hva\u00f0 \u00feiggur hann \u00far hendi \u00feinni?<br \/> <\/span> <span class=\"ljodatexti\"> <a name=\"8\"><span class=\"versanumer_ljod\">8<\/span><\/a>Rangl\u00e6ti \u00feitt kemur ni\u00f0ur \u00e1 f\u00f3lki eins og \u00fe\u00e9r,<br \/>r\u00e9ttl\u00e6ti \u00feitt snertir a\u00f0eins menn.<br \/> <\/span> <span class=\"ljodatexti\"> <a name=\"9\"><span class=\"versanumer_ljod\">9<\/span><\/a>Menn kveina undan fj\u00f6lm\u00f6rgum k\u00fagurum,<br \/>hr\u00f3pa \u00e1 hj\u00e1lp undan oki voldugra<br \/> <\/span> <span class=\"ljodatexti\"> <a name=\"10\"><span class=\"versanumer_ljod\">10<\/span><\/a>en enginn spyr: \u201eHvar er Gu\u00f0, skapari minn,<br \/>sem l\u00e6tur lofs\u00f6ng hlj\u00f3ma um n\u00f3tt,<br \/> <\/span> <span class=\"ljodatexti\"> <a name=\"11\"><span class=\"versanumer_ljod\">11<\/span><\/a>hefur veitt okkur meiri \u00feekkingu en d\u00fdrum merkurinnar<br \/>og meiri skynsemi en fuglum himinsins?\u201c<br \/> <\/span> <span class=\"ljodatexti\"> <a name=\"12\"><span class=\"versanumer_ljod\">12<\/span><\/a>Hann svarar ekki \u00feegar \u00feeir hr\u00f3pa<br \/>vegna hroka illmenna.<br \/> <\/span> <span class=\"ljodatexti\"> <a name=\"13\"><span class=\"versanumer_ljod\">13<\/span><\/a>\u00dea\u00f0 er til einskis, Gu\u00f0 heyrir ekki,<br \/>Hinn alm\u00e1ttki gefur \u00fev\u00ed engan gaum.<br \/> <\/span> <span class=\"ljodatexti\"> <a name=\"14\"><span class=\"versanumer_ljod\">14<\/span><\/a>\u00de\u00f3tt \u00fe\u00fa segir a\u00f0 \u00fe\u00fa ver\u00f0ir hans ekki var<br \/>\u00fe\u00e1 hefur m\u00e1l \u00feitt veri\u00f0 lagt fyrir hann<br \/>og \u00fe\u00fa ver\u00f0ur a\u00f0 b\u00ed\u00f0a hans.<br \/> <\/span> <span class=\"ljodatexti\"> <a name=\"15\"><span class=\"versanumer_ljod\">15<\/span><\/a>En n\u00fa, \u00feegar hann hefur ekki refsa\u00f0 \u00ed rei\u00f0i sinni<br \/>og l\u00e6tur s\u00e9r f\u00e1tt um afbrot finnast,<br \/> <\/span> <span class=\"ljodatexti\"> <a name=\"16\"><span class=\"versanumer_ljod\">16<\/span><\/a>galopnar Job munninn, fleiprar<br \/>og ve\u00f0ur elginn \u00ed skilningsleysi s\u00ednu. <\/span> <\/p>\n","protected":false},"excerpt":{"rendered":"<p>\u00deri\u00f0ja r\u00e6\u00f0a El\u00edh\u00fa 1 El\u00edh\u00fa t\u00f3k til m\u00e1ls og sag\u00f0i: 2Telur\u00f0u r\u00e9ttm\u00e6tt a\u00f0 segja:\u201e\u00c9g hef r\u00e9tt fyrir m\u00e9r, ekki Gu\u00f0,\u201c 3og spyrja: \u201eHva\u00f0 gagnar \u00fea\u00f0 m\u00e9r,hva\u00f0a \u00e1vinning hef \u00e9g af \u00fev\u00ed a\u00f0 syndga ekki?\u201c 4N\u00fa skal \u00e9g svara \u00fe\u00e9rog vinum \u00fe\u00ednum me\u00f0 \u00fe\u00e9r: 5Horf\u00f0u til himins og sj\u00e1\u00f0u,virtu fyrir \u00fe\u00e9r sk\u00fdin h\u00e1tt fyrir ofan \u00feig. 6Hva\u00f0 gerir\u00f0u honum me\u00f0 \u00fev\u00ed a\u00f0 syndga?Hva\u00f0 gerir\u00f0u honum ef brot \u00fe\u00edn eru m\u00f6rg? 7Hva\u00f0 gefur\u00f0u honum me\u00f0 \u00fev\u00ed a\u00f0 vera r\u00e9ttl\u00e1ture\u00f0a hva\u00f0 \u00feiggur hann \u00far hendi \u00feinni? 8Rangl\u00e6ti \u00feitt kemur ni\u00f0ur \u00e1 f\u00f3lki eins og \u00fe\u00e9r,r\u00e9ttl\u00e6ti \u00feitt snertir a\u00f0eins menn. 9Menn kveina undan fj\u00f6lm\u00f6rgum <a href=\"https:\/\/biblian.is\/biblian\/jobsbok-35-kafli\/\"> [&#8230;]<\/a><\/p>\n","protected":false},"author":1,"featured_media":0,"parent":0,"menu_order":0,"comment_status":"open","ping_status":"open","template":"bibliukaflar_NT.php","meta":{"footnotes":""},"class_list":["post-2088","page","type-page","status-publish","hentry"],"_links":{"self":[{"href":"https:\/\/biblian.is\/biblian\/wp-json\/wp\/v2\/pages\/2088","targetHints":{"allow":["GET"]}}],"collection":[{"href":"https:\/\/biblian.is\/biblian\/wp-json\/wp\/v2\/pages"}],"about":[{"href":"https:\/\/biblian.is\/biblian\/wp-json\/wp\/v2\/types\/page"}],"author":[{"embeddable":true,"href":"https:\/\/biblian.is\/biblian\/wp-json\/wp\/v2\/users\/1"}],"replies":[{"embeddable":true,"href":"https:\/\/biblian.is\/biblian\/wp-json\/wp\/v2\/comments?post=2088"}],"version-history":[{"count":0,"href":"https:\/\/biblian.is\/biblian\/wp-json\/wp\/v2\/pages\/2088\/revisions"}],"wp:attachment":[{"href":"https:\/\/biblian.is\/biblian\/wp-json\/wp\/v2\/media?parent=2088"}],"curies":[{"name":"wp","href":"https:\/\/api.w.org\/{rel}","templated":true}]}}