{"id":2081,"date":"2017-12-30T21:01:40","date_gmt":"2017-12-30T21:01:40","guid":{"rendered":"http:\/\/biblian.is\/biblian\/jobsb%c2%97k-28-kafli\/"},"modified":"2024-06-27T02:38:43","modified_gmt":"2024-06-27T02:38:43","slug":"jobsbok-28-kafli","status":"publish","type":"page","link":"https:\/\/biblian.is\/biblian\/jobsbok-28-kafli\/","title":{"rendered":"Jobsb\u00f3k 28. kafli"},"content":{"rendered":"<h3 class=\"millifyrirsogn_2007\"> Lj\u00f3\u00f0 um spekina<\/h3>\n<p><span class=\"ljodatexti\"><a name=\"1\"><span class=\"versanumer_ljod\">1<\/span><\/a>Silfur er a\u00f0 finna \u00ed n\u00e1mum<br \/>og gull \u00e1 s\u00e9r hreinsunarsta\u00f0.<br \/> <\/span> <span class=\"ljodatexti\"> <a name=\"2\"><span class=\"versanumer_ljod\">2<\/span><\/a>J\u00e1rn er grafi\u00f0 \u00far j\u00f6r\u00f0u<br \/>og eir er br\u00e6ddur \u00far grj\u00f3ti.<br \/> <\/span> <span class=\"ljodatexti\"> <a name=\"3\"><span class=\"versanumer_ljod\">3<\/span><\/a>Menn h\u00e9ldu myrkrinu \u00ed skefjum<br \/>\u00feegar \u00feeir k\u00f6nnu\u00f0u grj\u00f3t \u00ed dimmu og ni\u00f0amyrkri.<br \/> <\/span> <span class=\"ljodatexti\"> <a name=\"4\"><span class=\"versanumer_ljod\">4<\/span><\/a>\u00deeir grafa g\u00f6ng fjarri mannabygg\u00f0,<br \/>gleymdir, \u00e1n f\u00f3tfestu,<br \/>hanga \u00feeir m\u00f6nnum fjarri,<br \/>sveiflast fram og aftur.<br \/> <\/span> <span class=\"ljodatexti\"> <a name=\"5\"><span class=\"versanumer_ljod\">5<\/span><\/a>\u00dar j\u00f6r\u00f0u kemur korn \u00ed brau\u00f0<br \/>en i\u00f0rum hennar er umbylt eins og af eldi,<br \/> <\/span> <span class=\"ljodatexti\"> <a name=\"6\"><span class=\"versanumer_ljod\">6<\/span><\/a>\u00ed grj\u00f3ti hennar er saf\u00edr a\u00f0 finna<br \/>og \u00ed \u00fev\u00ed eru gullkorn.<br \/> <\/span> <span class=\"ljodatexti\"> <a name=\"7\"><span class=\"versanumer_ljod\">7<\/span><\/a>Veginn \u00feanga\u00f0 \u00feekkir r\u00e1nfuglinn ekki<br \/>og valsauga\u00f0 hefur hann aldrei liti\u00f0,<br \/> <\/span> <span class=\"ljodatexti\"> <a name=\"8\"><span class=\"versanumer_ljod\">8<\/span><\/a>stolt r\u00e1nd\u00fdr feta hann ekki<br \/>og lj\u00f3ni\u00f0 gengur hann ekki.<br \/> <\/span> <span class=\"ljodatexti\"> <a name=\"9\"><span class=\"versanumer_ljod\">9<\/span><\/a>\u00c1 tinnusteina leggur ma\u00f0urinn h\u00f6nd s\u00edna,<br \/>umturnar fj\u00f6llunum fr\u00e1 r\u00f3tum,<br \/> <\/span> <span class=\"ljodatexti\"> <a name=\"10\"><span class=\"versanumer_ljod\">10<\/span><\/a>heggur g\u00f6ng gegnum bj\u00f6rg<br \/>og kemur auga \u00e1 alls kyns gersemar.<br \/> <\/span> <span class=\"ljodatexti\"> <a name=\"11\"><span class=\"versanumer_ljod\">11<\/span><\/a>Hann lokar seytlandi vatns\u00e6\u00f0um<br \/>og ber hi\u00f0 hulda \u00fat \u00ed birtuna.<br \/> <\/span> <span class=\"ljodatexti\"> <a name=\"12\"><span class=\"versanumer_ljod\">12<\/span><\/a>En spekin, hvar er hana a\u00f0 finna<br \/>og hvar \u00e1 skilningurinn heima?<br \/> <\/span> <span class=\"ljodatexti\"> <a name=\"13\"><span class=\"versanumer_ljod\">13<\/span><\/a>Enginn ratar til hennar,<br \/>\u00e1 landi lifenda er hana hvergi a\u00f0 finna.<br \/> <\/span> <span class=\"ljodatexti\"> <a name=\"14\"><span class=\"versanumer_ljod\">14<\/span><\/a>Frumdj\u00fapi\u00f0 segir: \u201e\u00cd m\u00e9r er h\u00fan ekki,\u201c<br \/>og hafi\u00f0 segir: \u201eEkki er h\u00fan hj\u00e1 m\u00e9r.\u201c<br \/> <\/span> <span class=\"ljodatexti\"> <a name=\"15\"><span class=\"versanumer_ljod\">15<\/span><\/a>Fyrir sk\u00edragull f\u00e6st h\u00fan ekki<br \/>og silfur ver\u00f0ur ekki fyrir hana vegi\u00f0.<br \/> <\/span> <span class=\"ljodatexti\"> <a name=\"16\"><span class=\"versanumer_ljod\">16<\/span><\/a>\u00d3f\u00edrgull n\u00e6r ekki andvir\u00f0i hennar,<br \/>ekki heldur d\u00fdrindis karne\u00f3l e\u00f0a saf\u00edr.<br \/> <\/span> <span class=\"ljodatexti\"> <a name=\"17\"><span class=\"versanumer_ljod\">17<\/span><\/a>Hvorki gull n\u00e9 gler jafnast \u00e1 vi\u00f0 hana,<br \/>\u00ed skiptum fyrir gullker f\u00e6st h\u00fan ekki<br \/> <\/span> <span class=\"ljodatexti\"> <a name=\"18\"><span class=\"versanumer_ljod\">18<\/span><\/a>svo a\u00f0 ekki s\u00e9 minnst \u00e1 k\u00f3ral e\u00f0a kristal.<br \/>A\u00f0 eiga spekina er d\u00fdrm\u00e6tara en perlur.<br \/> <\/span> <span class=\"ljodatexti\"> <a name=\"19\"><span class=\"versanumer_ljod\">19<\/span><\/a>T\u00f3pas fr\u00e1 K\u00fas jafnast ekki \u00e1 vi\u00f0 hana<br \/>og sk\u00edrasta gull n\u00e6gir ekki sem borgun.<br \/> <\/span> <span class=\"ljodatexti\"> <a name=\"20\"><span class=\"versanumer_ljod\">20<\/span><\/a>J\u00e1, spekin, hva\u00f0an kemur h\u00fan,<br \/>hvar \u00e1 skilningurinn heima?<br \/> <\/span> <span class=\"ljodatexti\"> <a name=\"21\"><span class=\"versanumer_ljod\">21<\/span><\/a>H\u00fan er hulin augum allra sem lifa,<br \/>falin fuglum himinsins.<br \/> <\/span> <span class=\"ljodatexti\"> <a name=\"22\"><span class=\"versanumer_ljod\">22<\/span><\/a> Undirheimar og dau\u00f0i segja:<br \/>\u201eA\u00f0eins or\u00f0spor hennar hefur borist oss til eyrna.\u201c<br \/> <\/span> <span class=\"ljodatexti\"> <a name=\"23\"><span class=\"versanumer_ljod\">23<\/span><\/a> Gu\u00f0 \u00feekkir lei\u00f0ina til hennar,<br \/>veit hvar hana er a\u00f0 finna<br \/> <\/span> <span class=\"ljodatexti\"> <a name=\"24\"><span class=\"versanumer_ljod\">24<\/span><\/a> \u00fev\u00ed a\u00f0 hann s\u00e9r til ystu marka jar\u00f0ar,<br \/>l\u00edtur allt undir himninum.<br \/> <\/span> <span class=\"ljodatexti\"> <a name=\"25\"><span class=\"versanumer_ljod\">25<\/span><\/a> \u00deegar hann gaf vindinum styrk<br \/>og \u00e1kva\u00f0 umfang hafsins,<br \/> <\/span> <span class=\"ljodatexti\"> <a name=\"26\"><span class=\"versanumer_ljod\">26<\/span><\/a> setti regninu reglur<br \/>og marka\u00f0i \u00ferumusk\u00fdjunum braut,<br \/> <\/span> <span class=\"ljodatexti\"> <a name=\"27\"><span class=\"versanumer_ljod\">27<\/span><\/a> \u00fe\u00e1 s\u00e1 hann spekina og sag\u00f0i fr\u00e1 henni,<br \/>rannsaka\u00f0i hana og sta\u00f0festi.<br \/> <\/span> <span class=\"ljodatexti\"> <a name=\"28\"><span class=\"versanumer_ljod\">28<\/span><\/a> En vi\u00f0 manninn sag\u00f0i hann:<br \/>\u201e\u00dea\u00f0 er speki a\u00f0 \u00f3ttast Drottin,<br \/>viska a\u00f0 for\u00f0ast illt.\u201c <\/span> <\/p>\n","protected":false},"excerpt":{"rendered":"<p>Lj\u00f3\u00f0 um spekina 1Silfur er a\u00f0 finna \u00ed n\u00e1mumog gull \u00e1 s\u00e9r hreinsunarsta\u00f0. 2J\u00e1rn er grafi\u00f0 \u00far j\u00f6r\u00f0uog eir er br\u00e6ddur \u00far grj\u00f3ti. 3Menn h\u00e9ldu myrkrinu \u00ed skefjum\u00feegar \u00feeir k\u00f6nnu\u00f0u grj\u00f3t \u00ed dimmu og ni\u00f0amyrkri. 4\u00deeir grafa g\u00f6ng fjarri mannabygg\u00f0,gleymdir, \u00e1n f\u00f3tfestu,hanga \u00feeir m\u00f6nnum fjarri,sveiflast fram og aftur. 5\u00dar j\u00f6r\u00f0u kemur korn \u00ed brau\u00f0en i\u00f0rum hennar er umbylt eins og af eldi, 6\u00ed grj\u00f3ti hennar er saf\u00edr a\u00f0 finnaog \u00ed \u00fev\u00ed eru gullkorn. 7Veginn \u00feanga\u00f0 \u00feekkir r\u00e1nfuglinn ekkiog valsauga\u00f0 hefur hann aldrei liti\u00f0, 8stolt r\u00e1nd\u00fdr feta hann ekkiog lj\u00f3ni\u00f0 gengur hann ekki. 9\u00c1 tinnusteina leggur ma\u00f0urinn h\u00f6nd s\u00edna,umturnar fj\u00f6llunum fr\u00e1 <a href=\"https:\/\/biblian.is\/biblian\/jobsbok-28-kafli\/\"> [&#8230;]<\/a><\/p>\n","protected":false},"author":1,"featured_media":0,"parent":0,"menu_order":0,"comment_status":"open","ping_status":"open","template":"bibliukaflar_NT.php","meta":{"footnotes":""},"class_list":["post-2081","page","type-page","status-publish","hentry"],"_links":{"self":[{"href":"https:\/\/biblian.is\/biblian\/wp-json\/wp\/v2\/pages\/2081","targetHints":{"allow":["GET"]}}],"collection":[{"href":"https:\/\/biblian.is\/biblian\/wp-json\/wp\/v2\/pages"}],"about":[{"href":"https:\/\/biblian.is\/biblian\/wp-json\/wp\/v2\/types\/page"}],"author":[{"embeddable":true,"href":"https:\/\/biblian.is\/biblian\/wp-json\/wp\/v2\/users\/1"}],"replies":[{"embeddable":true,"href":"https:\/\/biblian.is\/biblian\/wp-json\/wp\/v2\/comments?post=2081"}],"version-history":[{"count":0,"href":"https:\/\/biblian.is\/biblian\/wp-json\/wp\/v2\/pages\/2081\/revisions"}],"wp:attachment":[{"href":"https:\/\/biblian.is\/biblian\/wp-json\/wp\/v2\/media?parent=2081"}],"curies":[{"name":"wp","href":"https:\/\/api.w.org\/{rel}","templated":true}]}}