{"id":2070,"date":"2017-12-30T21:01:35","date_gmt":"2017-12-30T21:01:35","guid":{"rendered":"http:\/\/biblian.is\/biblian\/jobsb%c2%97k-17-kafli\/"},"modified":"2024-06-27T02:38:41","modified_gmt":"2024-06-27T02:38:41","slug":"jobsbok-17-kafli","status":"publish","type":"page","link":"https:\/\/biblian.is\/biblian\/jobsbok-17-kafli\/","title":{"rendered":"Jobsb\u00f3k 17. kafli"},"content":{"rendered":"<p><span class=\"ljodatexti\"> <a name=\"1\"><span class=\"versanumer_ljod\">1<\/span><\/a>Kraftur minn er \u00ferotinn,<br \/>dagar m\u00ednir taldir,<br \/>gr\u00f6fin b\u00ed\u00f0ur m\u00edn.<br \/> <\/span> <span class=\"ljodatexti\"> <a name=\"2\"><span class=\"versanumer_ljod\">2<\/span><\/a>J\u00e1, \u00e9g er haf\u00f0ur a\u00f0 spotti<br \/>og bitur \u00fereyja augu m\u00edn n\u00f3ttina.<br \/> <\/span> <span class=\"ljodatexti\"> <a name=\"3\"><span class=\"versanumer_ljod\">3<\/span><\/a>Settu ve\u00f0 fyrir mig hj\u00e1 \u00fe\u00e9r,<br \/>hver mundi annars ganga \u00ed \u00e1byrg\u00f0 fyrir mig?<br \/> <\/span> <span class=\"ljodatexti\"> <a name=\"4\"><span class=\"versanumer_ljod\">4<\/span><\/a>\u00dear sem \u00fe\u00fa varna\u00f0ir hj\u00f6rtum \u00feeirra skilnings<br \/>muntu ekki veita \u00feeim sigur.<br \/> <\/span> <span class=\"ljodatexti\"> <a name=\"5\"><span class=\"versanumer_ljod\">5<\/span><\/a>Vinum er bo\u00f0i\u00f0 til a\u00f0 skipta eign<br \/>en augu barnanna sl\u00e6vast.<br \/> <\/span> <span class=\"ljodatexti\"> <a name=\"6\"><span class=\"versanumer_ljod\">6<\/span><\/a>Hann hefur gert mig a\u00f0 athl\u00e6gi me\u00f0al f\u00f3lksins,<br \/>menn hr\u00e6kja \u00ed andlit mitt.<br \/> <\/span> <span class=\"ljodatexti\"> <a name=\"7\"><span class=\"versanumer_ljod\">7<\/span><\/a>Auga mitt var\u00f0 dapurt af sorg<br \/>og allir limir m\u00ednir ur\u00f0u sem skuggi.<br \/> <\/span> <span class=\"ljodatexti\"> <a name=\"8\"><span class=\"versanumer_ljod\">8<\/span><\/a>Hei\u00f0arlegt f\u00f3lk hryllir vi\u00f0 \u00feessu<br \/>og hinum hreina ofb\u00fd\u00f0ur gu\u00f0leysinginn.<br \/> <\/span> <span class=\"ljodatexti\"> <a name=\"9\"><span class=\"versanumer_ljod\">9<\/span><\/a>Hinn r\u00e9ttl\u00e1ti \u00fer\u00e6\u00f0ir veg sinn<br \/>og s\u00e1 sem hefur flekklausar hendur styrkist.<br \/> <\/span> <span class=\"ljodatexti\"> <a name=\"10\"><span class=\"versanumer_ljod\">10<\/span><\/a>\u00de\u00f3tt \u00fe\u00e9r komi\u00f0 allir hinga\u00f0 aftur<br \/>finn \u00e9g engan vitran me\u00f0al y\u00f0ar.<br \/> <\/span> <span class=\"ljodatexti\"> <a name=\"11\"><span class=\"versanumer_ljod\">11<\/span><\/a>Dagar m\u00ednir eru li\u00f0nir,<br \/>fyrir\u00e6tlanir m\u00ednar sundurt\u00e6ttar,<br \/>\u00fea\u00f0 sem m\u00e9r l\u00e1 \u00e1 hjarta.<br \/> <\/span> <span class=\"ljodatexti\"> <a name=\"12\"><span class=\"versanumer_ljod\">12<\/span><\/a>N\u00f3ttin var\u00f0 m\u00e9r dagur,<br \/>birta kemur \u00far myrkri.<br \/> <\/span> <span class=\"ljodatexti\"> <a name=\"13\"><span class=\"versanumer_ljod\">13<\/span><\/a>Hva\u00f0 \u00e1 \u00e9g \u00ed v\u00e6ndum?<br \/>Undirheimar ver\u00f0a b\u00fasta\u00f0ur minn,<br \/>\u00e9g brei\u00f0i \u00fat hv\u00edlu m\u00edna \u00ed myrkri,<br \/> <\/span> <span class=\"ljodatexti\"> <a name=\"14\"><span class=\"versanumer_ljod\">14<\/span><\/a>\u00e9g segi vi\u00f0 gr\u00f6fina: \u201e\u00de\u00fa ert fa\u00f0ir minn,\u201c<br \/>vi\u00f0 ma\u00f0kinn: \u201e\u00de\u00fa ert m\u00f3\u00f0ir m\u00edn og systir.\u201c<br \/> <\/span> <span class=\"ljodatexti\"> <a name=\"15\"><span class=\"versanumer_ljod\">15<\/span><\/a>Hvar er \u00fe\u00e1 von m\u00edn?<br \/>Von m\u00edn, hver eygir hana?<br \/> <\/span> <span class=\"ljodatexti\"> <a name=\"16\"><span class=\"versanumer_ljod\">16<\/span><\/a>Fer h\u00fan me\u00f0 m\u00e9r til undirheima?<br \/>Hn\u00edgum vi\u00f0 saman \u00ed dufti\u00f0? <\/span> <\/p>\n","protected":false},"excerpt":{"rendered":"<p>1Kraftur minn er \u00ferotinn,dagar m\u00ednir taldir,gr\u00f6fin b\u00ed\u00f0ur m\u00edn. 2J\u00e1, \u00e9g er haf\u00f0ur a\u00f0 spottiog bitur \u00fereyja augu m\u00edn n\u00f3ttina. 3Settu ve\u00f0 fyrir mig hj\u00e1 \u00fe\u00e9r,hver mundi annars ganga \u00ed \u00e1byrg\u00f0 fyrir mig? 4\u00dear sem \u00fe\u00fa varna\u00f0ir hj\u00f6rtum \u00feeirra skilningsmuntu ekki veita \u00feeim sigur. 5Vinum er bo\u00f0i\u00f0 til a\u00f0 skipta eignen augu barnanna sl\u00e6vast. 6Hann hefur gert mig a\u00f0 athl\u00e6gi me\u00f0al f\u00f3lksins,menn hr\u00e6kja \u00ed andlit mitt. 7Auga mitt var\u00f0 dapurt af sorgog allir limir m\u00ednir ur\u00f0u sem skuggi. 8Hei\u00f0arlegt f\u00f3lk hryllir vi\u00f0 \u00feessuog hinum hreina ofb\u00fd\u00f0ur gu\u00f0leysinginn. 9Hinn r\u00e9ttl\u00e1ti \u00fer\u00e6\u00f0ir veg sinnog s\u00e1 sem hefur flekklausar hendur styrkist. 10\u00de\u00f3tt \u00fe\u00e9r komi\u00f0 <a href=\"https:\/\/biblian.is\/biblian\/jobsbok-17-kafli\/\"> [&#8230;]<\/a><\/p>\n","protected":false},"author":1,"featured_media":0,"parent":0,"menu_order":0,"comment_status":"open","ping_status":"open","template":"bibliukaflar_NT.php","meta":{"footnotes":""},"class_list":["post-2070","page","type-page","status-publish","hentry"],"_links":{"self":[{"href":"https:\/\/biblian.is\/biblian\/wp-json\/wp\/v2\/pages\/2070","targetHints":{"allow":["GET"]}}],"collection":[{"href":"https:\/\/biblian.is\/biblian\/wp-json\/wp\/v2\/pages"}],"about":[{"href":"https:\/\/biblian.is\/biblian\/wp-json\/wp\/v2\/types\/page"}],"author":[{"embeddable":true,"href":"https:\/\/biblian.is\/biblian\/wp-json\/wp\/v2\/users\/1"}],"replies":[{"embeddable":true,"href":"https:\/\/biblian.is\/biblian\/wp-json\/wp\/v2\/comments?post=2070"}],"version-history":[{"count":0,"href":"https:\/\/biblian.is\/biblian\/wp-json\/wp\/v2\/pages\/2070\/revisions"}],"wp:attachment":[{"href":"https:\/\/biblian.is\/biblian\/wp-json\/wp\/v2\/media?parent=2070"}],"curies":[{"name":"wp","href":"https:\/\/api.w.org\/{rel}","templated":true}]}}