{"id":2066,"date":"2017-12-30T21:01:35","date_gmt":"2017-12-30T21:01:35","guid":{"rendered":"http:\/\/biblian.is\/biblian\/jobsb%c2%97k-13-kafli\/"},"modified":"2024-06-27T02:38:40","modified_gmt":"2024-06-27T02:38:40","slug":"jobsbok-13-kafli","status":"publish","type":"page","link":"https:\/\/biblian.is\/biblian\/jobsbok-13-kafli\/","title":{"rendered":"Jobsb\u00f3k 13. kafli"},"content":{"rendered":"<h3 class=\"millifyrirsogn_2007\"> Marklaust tal vinanna<\/h3>\n<p><span class=\"ljodatexti\"> <a name=\"1\"><span class=\"versanumer_ljod\">1<\/span><\/a>Allt \u00feetta s\u00e1 \u00e9g me\u00f0 eigin augum<br \/> <\/span> <span class=\"ljodatexti\"> og heyr\u00f0i me\u00f0 eigin eyrum og skildi,<br \/> <\/span> <span class=\"ljodatexti\"> <a name=\"2\"><span class=\"versanumer_ljod\">2<\/span><\/a>\u00fea\u00f0 sem \u00fe\u00e9r viti\u00f0 veit \u00e9g einnig<br \/>og stend y\u00f0ur ekki a\u00f0 baki.<br \/> <\/span> <span class=\"ljodatexti\"> <a name=\"3\"><span class=\"versanumer_ljod\">3<\/span><\/a>En \u00e9g \u00e6tla a\u00f0 tala vi\u00f0 Hinn alm\u00e1ttka,<br \/>\u00e9g \u00e6tla a\u00f0 verja m\u00e1l mitt frammi fyrir Gu\u00f0i.<br \/> <\/span> <span class=\"ljodatexti\"> <a name=\"4\"><span class=\"versanumer_ljod\">4<\/span><\/a>En \u00fe\u00e9r hylji\u00f0 sannleikann lygi<br \/>og eru\u00f0 allir \u00f3n\u00fdtir l\u00e6knar.<br \/> <\/span> <span class=\"ljodatexti\"> <a name=\"5\"><span class=\"versanumer_ljod\">5<\/span><\/a>\u00d3skandi v\u00e6ri a\u00f0 \u00fe\u00e9r \u00feeg\u00f0u\u00f0,<br \/>\u00fea\u00f0 m\u00e6tti meta y\u00f0ur til visku.<br \/> <\/span> <span class=\"ljodatexti\"> <a name=\"6\"><span class=\"versanumer_ljod\">6<\/span><\/a>Hl\u00fd\u00f0i\u00f0 n\u00fa \u00e1 v\u00f6rn m\u00edna,<br \/>hlusti\u00f0 \u00e1 r\u00f6kin af v\u00f6rum m\u00ednum.<br \/> <\/span> <span class=\"ljodatexti\"> <a name=\"7\"><span class=\"versanumer_ljod\">7<\/span><\/a>\u00c6tli\u00f0 \u00fe\u00e9r a\u00f0 verja Gu\u00f0 me\u00f0 rangf\u00e6rslum,<br \/>svara fyrir hann me\u00f0 lygi?<br \/> <\/span> <span class=\"ljodatexti\"> <a name=\"8\"><span class=\"versanumer_ljod\">8<\/span><\/a>Vilji\u00f0 \u00fe\u00e9r taka m\u00e1lsta\u00f0 hans,<br \/>vera m\u00e1lsvarar Gu\u00f0s?<br \/> <\/span> <span class=\"ljodatexti\"> <a name=\"9\"><span class=\"versanumer_ljod\">9<\/span><\/a>Getur fari\u00f0 vel er hann yfirheyrir y\u00f0ur<br \/>e\u00f0a geti\u00f0 \u00fe\u00e9r blekkt hann eins og ma\u00f0ur blekkir mann?<br \/> <\/span> <span class=\"ljodatexti\"> <a name=\"10\"><span class=\"versanumer_ljod\">10<\/span><\/a>Hann mundi \u00e1v\u00edta y\u00f0ur har\u00f0lega<br \/>v\u00e6ru\u00f0 \u00fe\u00e9r hlutdr\u00e6gir \u00e1 laun.<br \/> <\/span> <span class=\"ljodatexti\"> <a name=\"11\"><span class=\"versanumer_ljod\">11<\/span><\/a>Mun h\u00e1tign hans ekki skelfa y\u00f0ur,<br \/>\u00f3tti vi\u00f0 hann ekki yfir\u00feyrma y\u00f0ur?<br \/> <\/span> <span class=\"ljodatexti\"> <a name=\"12\"><span class=\"versanumer_ljod\">12<\/span><\/a>\u00c1t\u00f6lur y\u00f0ar eru aska,<br \/>sv\u00f6r y\u00f0ar leir.<br \/> <\/span> <span class=\"ljodatexti\"> <a name=\"13\"><span class=\"versanumer_ljod\">13<\/span><\/a>\u00deagni\u00f0 n\u00fa \u00fev\u00ed a\u00f0 \u00e9g \u00e6tla a\u00f0 tala<br \/>og komi svo yfir mig hva\u00f0 sem ver\u00f0a vill.<br \/> <\/span> <span class=\"ljodatexti\"> <a name=\"14\"><span class=\"versanumer_ljod\">14<\/span><\/a>\u00c9g stofna sj\u00e1lfum m\u00e9r \u00ed h\u00e6ttu<br \/>og legg l\u00edf mitt undir.<br \/> <\/span> <span class=\"ljodatexti\"> <a name=\"15\"><span class=\"versanumer_ljod\">15<\/span><\/a>Hann sviptir mig l\u00edfi, \u00e9g v\u00e6nti einskis,<br \/>vil a\u00f0eins r\u00e9ttl\u00e6ta breytni m\u00edna frammi fyrir honum.<br \/> <\/span> <span class=\"ljodatexti\"> <a name=\"16\"><span class=\"versanumer_ljod\">16<\/span><\/a>\u00dea\u00f0 getur or\u00f0i\u00f0 m\u00e9r til bjargar<br \/>\u00fev\u00ed a\u00f0 enginn \u00f3gu\u00f0legur kemur fyrir auglit hans.<br \/> <\/span> <span class=\"ljodatexti\"> <a name=\"17\"><span class=\"versanumer_ljod\">17<\/span><\/a>Hlusti\u00f0 n\u00fa vel \u00e1 r\u00e6\u00f0u m\u00edna,<br \/>leggi\u00f0 hlustir vi\u00f0 m\u00e1lflutningi m\u00ednum.<br \/> <\/span> <span class=\"ljodatexti\"> <a name=\"18\"><span class=\"versanumer_ljod\">18<\/span><\/a>N\u00fa legg \u00e9g m\u00e1l mitt fyrir,<br \/>\u00e9g veit a\u00f0 \u00e9g hef \u00e1 r\u00e9ttu a\u00f0 standa.<br \/> <\/span> <span class=\"ljodatexti\"> <a name=\"19\"><span class=\"versanumer_ljod\">19<\/span><\/a>G\u00e6ti nokkur \u00e1k\u00e6rt mig<br \/>vildi \u00e9g \u00feagna og deyja.<br \/> <\/span> <span class=\"ljodatexti\"> <a name=\"20\"><span class=\"versanumer_ljod\">20<\/span><\/a>Hl\u00edf\u00f0u m\u00e9r a\u00f0eins vi\u00f0 \u00feessu tvennu,<br \/>\u00fe\u00e1 \u00feyrfti \u00e9g ekki a\u00f0 dyljast fyrir \u00fe\u00e9r:<br \/> <\/span> <span class=\"ljodatexti\"> <a name=\"21\"><span class=\"versanumer_ljod\">21<\/span><\/a>L\u00e9ttu hendi \u00feinni af m\u00e9r<br \/>og \u00f3ttinn vi\u00f0 \u00feig skelfi mig ekki.<br \/> <\/span> <span class=\"ljodatexti\"> <a name=\"22\"><span class=\"versanumer_ljod\">22<\/span><\/a> Kalla\u00f0u mig fyrir og \u00e9g mun svara<br \/>en ef \u00e9g tala svarar \u00fe\u00fa.<br \/> <\/span> <span class=\"ljodatexti\"> <a name=\"23\"><span class=\"versanumer_ljod\">23<\/span><\/a> Hve margar eru misgj\u00f6r\u00f0ir m\u00ednar og syndir?<br \/>Ger\u00f0u m\u00e9r grein fyrir afbroti m\u00ednu og synd.<br \/> <\/span> <span class=\"ljodatexti\"> <a name=\"24\"><span class=\"versanumer_ljod\">24<\/span><\/a> Hvers vegna hylur \u00fe\u00fa auglit \u00feitt<br \/>og l\u00edtur \u00e1 mig sem \u00f3vin \u00feinn?<br \/> <\/span> <span class=\"ljodatexti\"> <a name=\"25\"><span class=\"versanumer_ljod\">25<\/span><\/a> \u00c6tlar\u00f0u a\u00f0 skelfa skr\u00e6lna\u00f0 laufbla\u00f0,<br \/>ofs\u00e6kja visinn reyr<br \/> <\/span> <span class=\"ljodatexti\"> <a name=\"26\"><span class=\"versanumer_ljod\">26<\/span><\/a> \u00fear sem \u00fe\u00fa gerir m\u00e9r bitra kosti<br \/>og l\u00e6tur mig gjalda \u00e6skusynda minna?<br \/> <\/span> <span class=\"ljodatexti\"> <a name=\"27\"><span class=\"versanumer_ljod\">27<\/span><\/a> \u00de\u00fa leggur f\u00e6tur m\u00edna \u00ed stokk,<br \/>gefur g\u00e6tur a\u00f0 vegum m\u00ednum<br \/>og markar hvert f\u00f3tspor mitt.<br \/> <\/span> <span class=\"ljodatexti\"> <a name=\"28\"><span class=\"versanumer_ljod\">28<\/span><\/a> Ma\u00f0urinn grotnar eins og ma\u00f0ksmoginn vi\u00f0ur,<br \/>eins og m\u00f6l\u00e9tin fl\u00edk. <\/span> <\/p>\n","protected":false},"excerpt":{"rendered":"<p>Marklaust tal vinanna 1Allt \u00feetta s\u00e1 \u00e9g me\u00f0 eigin augum og heyr\u00f0i me\u00f0 eigin eyrum og skildi, 2\u00fea\u00f0 sem \u00fe\u00e9r viti\u00f0 veit \u00e9g einnigog stend y\u00f0ur ekki a\u00f0 baki. 3En \u00e9g \u00e6tla a\u00f0 tala vi\u00f0 Hinn alm\u00e1ttka,\u00e9g \u00e6tla a\u00f0 verja m\u00e1l mitt frammi fyrir Gu\u00f0i. 4En \u00fe\u00e9r hylji\u00f0 sannleikann lygiog eru\u00f0 allir \u00f3n\u00fdtir l\u00e6knar. 5\u00d3skandi v\u00e6ri a\u00f0 \u00fe\u00e9r \u00feeg\u00f0u\u00f0,\u00fea\u00f0 m\u00e6tti meta y\u00f0ur til visku. 6Hl\u00fd\u00f0i\u00f0 n\u00fa \u00e1 v\u00f6rn m\u00edna,hlusti\u00f0 \u00e1 r\u00f6kin af v\u00f6rum m\u00ednum. 7\u00c6tli\u00f0 \u00fe\u00e9r a\u00f0 verja Gu\u00f0 me\u00f0 rangf\u00e6rslum,svara fyrir hann me\u00f0 lygi? 8Vilji\u00f0 \u00fe\u00e9r taka m\u00e1lsta\u00f0 hans,vera m\u00e1lsvarar Gu\u00f0s? 9Getur fari\u00f0 vel er hann yfirheyrir y\u00f0ure\u00f0a geti\u00f0 <a href=\"https:\/\/biblian.is\/biblian\/jobsbok-13-kafli\/\"> [&#8230;]<\/a><\/p>\n","protected":false},"author":1,"featured_media":0,"parent":0,"menu_order":0,"comment_status":"open","ping_status":"open","template":"bibliukaflar_NT.php","meta":{"footnotes":""},"class_list":["post-2066","page","type-page","status-publish","hentry"],"_links":{"self":[{"href":"https:\/\/biblian.is\/biblian\/wp-json\/wp\/v2\/pages\/2066","targetHints":{"allow":["GET"]}}],"collection":[{"href":"https:\/\/biblian.is\/biblian\/wp-json\/wp\/v2\/pages"}],"about":[{"href":"https:\/\/biblian.is\/biblian\/wp-json\/wp\/v2\/types\/page"}],"author":[{"embeddable":true,"href":"https:\/\/biblian.is\/biblian\/wp-json\/wp\/v2\/users\/1"}],"replies":[{"embeddable":true,"href":"https:\/\/biblian.is\/biblian\/wp-json\/wp\/v2\/comments?post=2066"}],"version-history":[{"count":0,"href":"https:\/\/biblian.is\/biblian\/wp-json\/wp\/v2\/pages\/2066\/revisions"}],"wp:attachment":[{"href":"https:\/\/biblian.is\/biblian\/wp-json\/wp\/v2\/media?parent=2066"}],"curies":[{"name":"wp","href":"https:\/\/api.w.org\/{rel}","templated":true}]}}