{"id":2055,"date":"2017-12-30T21:01:30","date_gmt":"2017-12-30T21:01:30","guid":{"rendered":"http:\/\/biblian.is\/biblian\/jobsb%c2%97k-2-kafli\/"},"modified":"2024-06-27T02:38:42","modified_gmt":"2024-06-27T02:38:42","slug":"jobsbok-2-kafli","status":"publish","type":"page","link":"https:\/\/biblian.is\/biblian\/jobsbok-2-kafli\/","title":{"rendered":"Jobsb\u00f3k 2. kafli"},"content":{"rendered":"<h3 class=\"millifyrirsogn_2007\"> S\u00ed\u00f0ari pr\u00f3fraun Jobs<\/h3>\n<p><a name=\"1\"><span class=\"versanumer_2007\">1<\/span><\/a> Dag nokkurn bar svo til a\u00f0 synir Gu\u00f0s komu og gengu fyrir Drottin og kom Satan einnig me\u00f0 \u00feeim og gekk fyrir Drottin. <a name=\"2\"><span class=\"versanumer_2007\">2<\/span><\/a> Drottinn spur\u00f0i Satan: \u201eHva\u00f0an kemur \u00fe\u00fa?\u201c Satan svara\u00f0i Drottni og sag\u00f0i: \u201e\u00c9g var \u00e1 fer\u00f0alagi um j\u00f6r\u00f0ina.\u201c <a name=\"3\"><span class=\"versanumer_2007\">3<\/span><\/a> \u00de\u00e1 spur\u00f0i Drottinn Satan: \u201eVeittir \u00fe\u00fa athygli Job, \u00fej\u00f3ni m\u00ednum? Enginn ma\u00f0ur \u00e1 j\u00f6r\u00f0inni er jafnr\u00e1\u00f0vandur og r\u00e9ttl\u00e1tur og hann. Hann \u00f3ttast Gu\u00f0 og for\u00f0ast illt. Hann er sta\u00f0fastur \u00ed r\u00e1\u00f0vendni sinni \u00fe\u00f3 a\u00f0 \u00fe\u00fa hafir a\u00f0 tilefnislausu egnt mig gegn honum til a\u00f0 gera \u00fat af vi\u00f0 hann.\u201c <a name=\"4\"><span class=\"versanumer_2007\">4<\/span><\/a> Satan svara\u00f0i Drottni og sag\u00f0i: \u201eN\u00e6r er skinni\u00f0 en skyrtan. Menn l\u00e1ta allt sem \u00feeir eiga fyrir l\u00edf sitt. <a name=\"5\"><span class=\"versanumer_2007\">5<\/span><\/a> En r\u00e9ttu \u00fat h\u00f6nd \u00fe\u00edna og snertu hold hans og bein. \u00de\u00e1 mun hann vissulega form\u00e6la \u00fe\u00e9r upp \u00ed opi\u00f0 ge\u00f0i\u00f0.\u201c <a name=\"6\"><span class=\"versanumer_2007\">6<\/span><\/a> \u00de\u00e1 sag\u00f0i Drottinn vi\u00f0 Satan: \u201eHann er \u00ed \u00fe\u00ednum h\u00f6ndum en \u00fe\u00fa skalt \u00feyrma l\u00edfi hans.\u201c<br \/> <a name=\"7\"><span class=\"versanumer_2007\">7<\/span><\/a> S\u00ed\u00f0an f\u00f3r Satan fr\u00e1 augliti Drottins og sl\u00f3 Job illkynju\u00f0um kaunum fr\u00e1 hvirfli til ilja. <a name=\"8\"><span class=\"versanumer_2007\">8<\/span><\/a> Hann t\u00f3k s\u00e9r \u00fe\u00e1 leirbrot til a\u00f0 skafa sig me\u00f0 \u00fear sem hann sat \u00e1 \u00f6skuhaugnum. <a name=\"9\"><span class=\"versanumer_2007\">9<\/span><\/a> \u00de\u00e1 sag\u00f0i kona hans vi\u00f0 hann: \u201eErtu enn sta\u00f0fastur \u00ed r\u00e1\u00f0vendni \u00feinni? Form\u00e6ltu Gu\u00f0i og far\u00f0u a\u00f0 deyja.\u201c <a name=\"10\"><span class=\"versanumer_2007\">10<\/span><\/a> Hann svara\u00f0i henni: \u201e\u00de\u00fa talar eins og f\u00e1v\u00eds kona. \u00c6ttum vi\u00f0 a\u00f0 \u00feiggja \u00fea\u00f0 sem er gott fr\u00e1 Gu\u00f0i en ekki \u00fea\u00f0 sem er illt?\u201c<br \/>\u00der\u00e1tt fyrir allt \u00feetta syndga\u00f0i Job ekki me\u00f0 v\u00f6rum s\u00ednum.<br \/> <a name=\"11\"><span class=\"versanumer_2007\">11<\/span><\/a> \u00deegar \u00fer\u00edr vinir Jobs fr\u00e9ttu um allt \u00fea\u00f0 b\u00f6l sem hann haf\u00f0i or\u00f0i\u00f0 fyrir h\u00e9ldu \u00feeir hver um sig a\u00f0 heiman, El\u00edfas fr\u00e1 Teman, Bildad fr\u00e1 S\u00faa og S\u00f3far fr\u00e1 Naama. \u00deeir t\u00f3ku sig saman um a\u00f0 fara og s\u00fdna honum sam\u00fa\u00f0 og hugga hann. <a name=\"12\"><span class=\"versanumer_2007\">12<\/span><\/a> En \u00feegar \u00feeir h\u00f3fu upp augu s\u00edn \u00e1lengdar g\u00e1tu \u00feeir ekki \u00feekkt hann. \u00de\u00e1 f\u00f3ru \u00feeir a\u00f0 gr\u00e1ta h\u00e1st\u00f6fum, rifu kl\u00e6\u00f0i s\u00edn og jusu mold yfir h\u00f6fu\u00f0 s\u00e9r h\u00e1tt \u00ed loft upp. <a name=\"13\"><span class=\"versanumer_2007\">13<\/span><\/a> S\u00ed\u00f0an s\u00e1tu \u00feeir hj\u00e1 honum \u00e1 j\u00f6r\u00f0inni sj\u00f6 daga og sj\u00f6 n\u00e6tur. Enginn \u00feeirra yrti \u00e1 hann \u00fev\u00ed a\u00f0 \u00feeir s\u00e1u a\u00f0 kv\u00f6l hans var mikil.<\/p>\n","protected":false},"excerpt":{"rendered":"<p>S\u00ed\u00f0ari pr\u00f3fraun Jobs 1 Dag nokkurn bar svo til a\u00f0 synir Gu\u00f0s komu og gengu fyrir Drottin og kom Satan einnig me\u00f0 \u00feeim og gekk fyrir Drottin. 2 Drottinn spur\u00f0i Satan: \u201eHva\u00f0an kemur \u00fe\u00fa?\u201c Satan svara\u00f0i Drottni og sag\u00f0i: \u201e\u00c9g var \u00e1 fer\u00f0alagi um j\u00f6r\u00f0ina.\u201c 3 \u00de\u00e1 spur\u00f0i Drottinn Satan: \u201eVeittir \u00fe\u00fa athygli Job, \u00fej\u00f3ni m\u00ednum? Enginn ma\u00f0ur \u00e1 j\u00f6r\u00f0inni er jafnr\u00e1\u00f0vandur og r\u00e9ttl\u00e1tur og hann. Hann \u00f3ttast Gu\u00f0 og for\u00f0ast illt. Hann er sta\u00f0fastur \u00ed r\u00e1\u00f0vendni sinni \u00fe\u00f3 a\u00f0 \u00fe\u00fa hafir a\u00f0 tilefnislausu egnt mig gegn honum til a\u00f0 gera \u00fat af vi\u00f0 hann.\u201c 4 Satan svara\u00f0i Drottni og <a href=\"https:\/\/biblian.is\/biblian\/jobsbok-2-kafli\/\"> [&#8230;]<\/a><\/p>\n","protected":false},"author":1,"featured_media":0,"parent":0,"menu_order":0,"comment_status":"open","ping_status":"open","template":"bibliukaflar_NT.php","meta":{"footnotes":""},"class_list":["post-2055","page","type-page","status-publish","hentry"],"_links":{"self":[{"href":"https:\/\/biblian.is\/biblian\/wp-json\/wp\/v2\/pages\/2055","targetHints":{"allow":["GET"]}}],"collection":[{"href":"https:\/\/biblian.is\/biblian\/wp-json\/wp\/v2\/pages"}],"about":[{"href":"https:\/\/biblian.is\/biblian\/wp-json\/wp\/v2\/types\/page"}],"author":[{"embeddable":true,"href":"https:\/\/biblian.is\/biblian\/wp-json\/wp\/v2\/users\/1"}],"replies":[{"embeddable":true,"href":"https:\/\/biblian.is\/biblian\/wp-json\/wp\/v2\/comments?post=2055"}],"version-history":[{"count":0,"href":"https:\/\/biblian.is\/biblian\/wp-json\/wp\/v2\/pages\/2055\/revisions"}],"wp:attachment":[{"href":"https:\/\/biblian.is\/biblian\/wp-json\/wp\/v2\/media?parent=2055"}],"curies":[{"name":"wp","href":"https:\/\/api.w.org\/{rel}","templated":true}]}}