{"id":2053,"date":"2017-12-30T21:01:30","date_gmt":"2017-12-30T21:01:30","guid":{"rendered":"http:\/\/biblian.is\/biblian\/esterarb%c2%97k-10-kafli\/"},"modified":"2023-02-25T04:38:31","modified_gmt":"2023-02-25T04:38:31","slug":"esterarbok-10-kafli","status":"publish","type":"page","link":"https:\/\/biblian.is\/biblian\/esterarbok-10-kafli\/","title":{"rendered":"Esterarb\u00f3k 10. kafli"},"content":{"rendered":"<h3 class=\"millifyrirsogn_2007\"> Frami Mordeka\u00ed<\/h3>\n<p><a name=\"1\"><span class=\"versanumer_2007\">1<\/span><\/a> Xerxes konungur lag\u00f0i skatt \u00e1 \u00edb\u00faa landsins og eyjanna \u00ed hafinu. <a name=\"2\"><span class=\"versanumer_2007\">2<\/span><\/a> En \u00f6ll st\u00f3rvirki hans og hreystiverk eru skr\u00e1\u00f0 \u00ed \u00e1rb\u00e6kur Med\u00edu- og Pers\u00edukonunga auk l\u00fdsingar \u00e1 frama \u00feeim sem Mordeka\u00ed hlotna\u00f0ist hj\u00e1 konunginum, <a name=\"3\"><span class=\"versanumer_2007\">3<\/span><\/a> enda var Gy\u00f0ingurinn Mordeka\u00ed n\u00e6stur konungi a\u00f0 tign. Me\u00f0al Gy\u00f0inga var hann mikils metinn og vins\u00e6ll af hinum fj\u00f6lm\u00f6rgu \u00e6ttmennum s\u00ednum \u00fev\u00ed a\u00f0 hann bar hag \u00fej\u00f3\u00f0ar sinnar fyrir brj\u00f3sti og l\u00e9t s\u00e9r annt um velfarna\u00f0 kynstofns s\u00edns.<\/p>\n","protected":false},"excerpt":{"rendered":"<p>Frami Mordeka\u00ed 1 Xerxes konungur lag\u00f0i skatt \u00e1 \u00edb\u00faa landsins og eyjanna \u00ed hafinu. 2 En \u00f6ll st\u00f3rvirki hans og hreystiverk eru skr\u00e1\u00f0 \u00ed \u00e1rb\u00e6kur Med\u00edu- og Pers\u00edukonunga auk l\u00fdsingar \u00e1 frama \u00feeim sem Mordeka\u00ed hlotna\u00f0ist hj\u00e1 konunginum, 3 enda var Gy\u00f0ingurinn Mordeka\u00ed n\u00e6stur konungi a\u00f0 tign. Me\u00f0al Gy\u00f0inga var hann mikils metinn og vins\u00e6ll af hinum fj\u00f6lm\u00f6rgu \u00e6ttmennum s\u00ednum \u00fev\u00ed a\u00f0 hann bar hag \u00fej\u00f3\u00f0ar sinnar fyrir brj\u00f3sti og l\u00e9t s\u00e9r annt um velfarna\u00f0 kynstofns s\u00edns.<\/p>\n","protected":false},"author":1,"featured_media":0,"parent":0,"menu_order":0,"comment_status":"open","ping_status":"open","template":"bibliukaflar_NT.php","meta":{"footnotes":""},"class_list":["post-2053","page","type-page","status-publish","hentry"],"_links":{"self":[{"href":"https:\/\/biblian.is\/biblian\/wp-json\/wp\/v2\/pages\/2053","targetHints":{"allow":["GET"]}}],"collection":[{"href":"https:\/\/biblian.is\/biblian\/wp-json\/wp\/v2\/pages"}],"about":[{"href":"https:\/\/biblian.is\/biblian\/wp-json\/wp\/v2\/types\/page"}],"author":[{"embeddable":true,"href":"https:\/\/biblian.is\/biblian\/wp-json\/wp\/v2\/users\/1"}],"replies":[{"embeddable":true,"href":"https:\/\/biblian.is\/biblian\/wp-json\/wp\/v2\/comments?post=2053"}],"version-history":[{"count":0,"href":"https:\/\/biblian.is\/biblian\/wp-json\/wp\/v2\/pages\/2053\/revisions"}],"wp:attachment":[{"href":"https:\/\/biblian.is\/biblian\/wp-json\/wp\/v2\/media?parent=2053"}],"curies":[{"name":"wp","href":"https:\/\/api.w.org\/{rel}","templated":true}]}}