{"id":2043,"date":"2017-12-30T21:01:30","date_gmt":"2017-12-30T21:01:30","guid":{"rendered":"http:\/\/biblian.is\/biblian\/nehem%c2%92ab%c2%97k-13-kafli\/"},"modified":"2023-02-25T04:33:32","modified_gmt":"2023-02-25T04:33:32","slug":"nehemiabok-13-kafli","status":"publish","type":"page","link":"https:\/\/biblian.is\/biblian\/nehemiabok-13-kafli\/","title":{"rendered":"Nehem\u00edab\u00f3k 13. kafli"},"content":{"rendered":"<h3 class=\"millifyrirsogn_2007\"> Si\u00f0b\u00f3t Nehem\u00eda<\/h3>\n<p><a name=\"1\"><span class=\"versanumer_2007\">1<\/span><\/a> Um \u00feessar mundir var lesi\u00f0 \u00far b\u00f3k M\u00f3se fyrir f\u00f3lki\u00f0. \u00de\u00e1 fannst rita\u00f0 \u00ed henni: \u201eHvorki Amm\u00f3n\u00edti n\u00e9 M\u00f3ab\u00edti m\u00e1 nokkru sinni ganga \u00ed s\u00f6fnu\u00f0 Gu\u00f0s <a name=\"2\"><span class=\"versanumer_2007\">2<\/span><\/a> af \u00fev\u00ed a\u00f0 \u00feeir f\u00e6r\u00f0u \u00cdsraelsm\u00f6nnum hvorki brau\u00f0 n\u00e9 vatn. M\u00f3ab keypti B\u00edleam til a\u00f0 b\u00f6lva \u00feeim. En Gu\u00f0 okkar breytti b\u00f6lvuninni \u00ed blessun.\u201c<br \/> <a name=\"3\"><span class=\"versanumer_2007\">3<\/span><\/a> Eftir a\u00f0 hafa hl\u00fdtt \u00e1 l\u00f6gm\u00e1li\u00f0 greindu \u00feeir allt f\u00f3lk af bl\u00f6ndu\u00f0um uppruna fr\u00e1 \u00cdsrael.<br \/> <a name=\"4\"><span class=\"versanumer_2007\">4<\/span><\/a> \u00c1\u00f0ur haf\u00f0i Eljas\u00edb prestur veri\u00f0 settur yfir geymsluherbergi\u00f0 \u00ed h\u00fasi Gu\u00f0s okkar. Hann var \u00e6ttingi Tob\u00eda <a name=\"5\"><span class=\"versanumer_2007\">5<\/span><\/a> og haf\u00f0i \u00fatb\u00fai\u00f0 handa honum st\u00f3rt herbergi. \u00dear haf\u00f0i \u00e1\u00f0ur veri\u00f0 geymt mj\u00f6l til kornf\u00f3rnar, reykelsi og \u00e1h\u00f6ld, einnig hin l\u00f6gbundnu afgj\u00f6ld af korni, v\u00edni og ol\u00edu til Lev\u00edtanna, s\u00f6ngvaranna og hli\u00f0var\u00f0anna og grei\u00f0slur til prestanna.<br \/> <a name=\"6\"><span class=\"versanumer_2007\">6<\/span><\/a> \u00c9g var ekki \u00ed Jer\u00fasalem \u00feegar allt \u00feetta ger\u00f0ist \u00fev\u00ed a\u00f0 \u00e1 \u00fer\u00edtugasta og \u00f6\u00f0ru stj\u00f3rnar\u00e1ri Artaxerxesar Bab\u00fdlon\u00edukonungs haf\u00f0i \u00e9g fari\u00f0 til konungs. En a\u00f0 nokkrum t\u00edma li\u00f0num beiddist \u00e9g orlofs af konungi. <a name=\"7\"><span class=\"versanumer_2007\">7<\/span><\/a> \u00deegar \u00e9g kom aftur til Jer\u00fasalem komst \u00e9g a\u00f0 \u00fev\u00ed hv\u00edl\u00edka \u00f3h\u00e6fu Eljas\u00edb haf\u00f0i unni\u00f0 fyrir Tob\u00eda me\u00f0 \u00fev\u00ed a\u00f0 b\u00faa honum herbergi \u00ed forg\u00f6r\u00f0um h\u00fass Gu\u00f0s. <a name=\"8\"><span class=\"versanumer_2007\">8<\/span><\/a> M\u00e9r misl\u00edka\u00f0i \u00feetta mj\u00f6g og kasta\u00f0i \u00f6llum h\u00fasmunum Tob\u00eda \u00fat \u00far herberginu \u00e1 g\u00f6tuna <a name=\"9\"><span class=\"versanumer_2007\">9<\/span><\/a> og skipa\u00f0i a\u00f0 herbergi\u00f0 skyldi hreinsa\u00f0. \u00dev\u00ed n\u00e6st l\u00e9t \u00e9g flytja \u00feanga\u00f0 aftur \u00e1h\u00f6ld h\u00fass Gu\u00f0s, mj\u00f6li\u00f0 \u00ed kornf\u00f3rnina og reykelsi\u00f0.<br \/> <a name=\"10\"><span class=\"versanumer_2007\">10<\/span><\/a> \u00c9g komst einnig a\u00f0 \u00fev\u00ed a\u00f0 framl\u00f6g til Lev\u00edtanna h\u00f6f\u00f0u ekki veri\u00f0 innt af hendi og a\u00f0 Lev\u00edtar og s\u00f6ngvarar, sem gegndu \u00fej\u00f3nustu, hef\u00f0u hr\u00f6kklast til jar\u00f0a sinna. <a name=\"11\"><span class=\"versanumer_2007\">11<\/span><\/a> \u00c9g \u00e1saka\u00f0i \u00fev\u00ed emb\u00e6ttismennina og spur\u00f0i: \u201eHvers vegna er h\u00fas Gu\u00f0s vanr\u00e6kt?\u201c \u00dev\u00ed n\u00e6st s\u00f3tti \u00e9g Lev\u00edtana og l\u00e9t \u00fe\u00e1 gegna st\u00f6rfum s\u00ednum a\u00f0 n\u00fdju.<br \/> <a name=\"12\"><span class=\"versanumer_2007\">12<\/span><\/a> Allir J\u00fadamenn t\u00f3ku n\u00fa aftur a\u00f0 grei\u00f0a t\u00edund af korni, v\u00edni og ol\u00edu \u00ed birg\u00f0ageymslurnar <a name=\"13\"><span class=\"versanumer_2007\">13<\/span><\/a> og \u00e9g skipa\u00f0i Selemja prest, Sad\u00f3k fr\u00e6\u00f0imann og Pedaja, einn af Lev\u00edtunum, yfir birg\u00f0ageymslurnar. \u00deeim til a\u00f0sto\u00f0ar skipa\u00f0i \u00e9g Hanan Sakk\u00farsson, Mattanjasonar. \u00deeir voru taldir traustir menn og \u00feeim bar a\u00f0 skipta t\u00edundinni \u00e1 me\u00f0al starfsbr\u00e6\u00f0ra sinna.<br \/> <a name=\"14\"><span class=\"versanumer_2007\">14<\/span><\/a> Gu\u00f0 minn, minnstu m\u00edn vegna \u00feessa. Afm\u00e1\u00f0u ekki \u00feau g\u00f3\u00f0u verk sem \u00e9g hef unni\u00f0 fyrir h\u00fas Gu\u00f0s m\u00edns og \u00fej\u00f3nustuna \u00ed \u00fev\u00ed.<br \/> <a name=\"15\"><span class=\"versanumer_2007\">15<\/span><\/a> Um \u00feessar mundir s\u00e1 \u00e9g f\u00f3lk tro\u00f0a v\u00edn\u00fer\u00e6r \u00e1 hv\u00edldardegi \u00ed J\u00fada. Einnig s\u00e1 \u00e9g f\u00f3lk hir\u00f0a korn og klyfja asna. \u00dea\u00f0 flutti einnig v\u00edn, v\u00ednber, f\u00edkjur og alls kyns v\u00f6rur til Jer\u00fasalem \u00e1 hv\u00edldardegi en \u00e9g vara\u00f0i \u00fea\u00f0 vi\u00f0 a\u00f0 selja matarbirg\u00f0ir s\u00ednar \u00e1 \u00feessum degi. <a name=\"16\"><span class=\"versanumer_2007\">16<\/span><\/a> F\u00f3lk fr\u00e1 T\u00fdrus, sem bj\u00f3 \u00ed Jer\u00fasalem, flutti \u00feanga\u00f0 fisk og alls kyns v\u00f6rur og bau\u00f0 \u00edb\u00faum \u00ed J\u00fada til kaups \u00ed Jer\u00fasalem \u00e1 hv\u00edldardegi.<br \/> <a name=\"17\"><span class=\"versanumer_2007\">17<\/span><\/a> \u00de\u00e1 \u00e1v\u00edta\u00f0i \u00e9g h\u00f6f\u00f0ingjana \u00ed J\u00fada og sag\u00f0i vi\u00f0 \u00fe\u00e1: \u201eHv\u00edl\u00edka sv\u00edvir\u00f0u vinni\u00f0 \u00fei\u00f0 me\u00f0 \u00fev\u00ed a\u00f0 vanhelga hv\u00edldardaginn! <a name=\"18\"><span class=\"versanumer_2007\">18<\/span><\/a> Var \u00fea\u00f0 ekki \u00feetta sem fe\u00f0ur ykkar ger\u00f0u svo a\u00f0 Gu\u00f0 okkar sendi \u00feessa \u00f3g\u00e6fu yfir okkur og \u00feessa borg? N\u00fa \u00e6tli\u00f0 \u00fei\u00f0 a\u00f0 kalla enn meiri rei\u00f0i yfir \u00cdsrael me\u00f0 \u00fev\u00ed a\u00f0 vanhelga hv\u00edldardaginn.\u201c<br \/> <a name=\"19\"><span class=\"versanumer_2007\">19<\/span><\/a> \u00deegar skuggar borgarhli\u00f0a Jer\u00fasalem lengdust<span class=\"nedan_mal\" title=\" Annar lesh\u00e1ttur: \u00deegar borgarhli\u00f0in \u00ed Jer\u00fasalem t\u00e6mdust.\">[<\/span> vi\u00f0 upphaf hv\u00edldardagsins skipa\u00f0i \u00e9g a\u00f0 hli\u00f0unum skyldi loka\u00f0. Eins m\u00e6lti \u00e9g fyrir um a\u00f0 \u00feau skyldu ekki opnu\u00f0 fyrr en vi\u00f0 lok hv\u00edldardagsins. Jafnframt setti \u00e9g nokkra af m\u00f6nnum m\u00ednum \u00e1 v\u00f6r\u00f0 vi\u00f0 hli\u00f0in svo a\u00f0 enginn flutningur f\u00e6ri um \u00feau \u00e1 hv\u00edldardeginum.<br \/> <a name=\"20\"><span class=\"versanumer_2007\">20<\/span><\/a> \u00de\u00e1 l\u00e9tu kaupmennirnir og v\u00f6rusalarnir fyrirberast um n\u00f3tt utan vi\u00f0 Jer\u00fasalem \u00ed eitt e\u00f0a tv\u00f6 skipti. <a name=\"21\"><span class=\"versanumer_2007\">21<\/span><\/a> En \u00e9g \u00e1v\u00edta\u00f0i \u00fe\u00e1 og sag\u00f0i: \u201eHvers vegna l\u00e1ti\u00f0 \u00fei\u00f0 fyrirberast \u00fati fyrir m\u00farnum a\u00f0 n\u00e6turlagi? Ef \u00fei\u00f0 geri\u00f0 \u00fea\u00f0 aftur l\u00e6t \u00e9g leggja hendur \u00e1 ykkur.\u201c Upp fr\u00e1 \u00fev\u00ed komu \u00feeir ekki aftur \u00e1 hv\u00edldardegi.<br \/> <a name=\"22\"><span class=\"versanumer_2007\">22<\/span><\/a> \u00de\u00e1 skipa\u00f0i \u00e9g Lev\u00edtunum a\u00f0 \u00feeir skyldu hreinsa sig og koma til a\u00f0 standa v\u00f6r\u00f0 vi\u00f0 hli\u00f0in svo a\u00f0 helgi hv\u00edldardagsins yr\u00f0i virt.<br \/>Gu\u00f0 minn, minnstu m\u00edn einnig vegna \u00feessa. Vertu m\u00e9r miskunnsamur sakir \u00feinnar miklu g\u00e6sku.<br \/> <a name=\"23\"><span class=\"versanumer_2007\">23<\/span><\/a> Um \u00feessar mundir s\u00e1 \u00e9g Gy\u00f0inga sem h\u00f6f\u00f0u gengi\u00f0 a\u00f0 eiga konur fr\u00e1 Asd\u00f3d, Amm\u00f3n og M\u00f3ab. <a name=\"24\"><span class=\"versanumer_2007\">24<\/span><\/a> Helmingur barna \u00feeirra tala\u00f0i tungu Asd\u00f3d e\u00f0a m\u00e1l einhverrar af hinum \u00fej\u00f3\u00f0unum en kunni ekki a\u00f0 tala m\u00e1l Gy\u00f0inga. <a name=\"25\"><span class=\"versanumer_2007\">25<\/span><\/a> \u00c9g \u00e1v\u00edta\u00f0i \u00fe\u00e1 og b\u00f6lva\u00f0i \u00feeim, sl\u00f3 nokkra \u00feeirra og h\u00e1rreytti \u00fe\u00e1 og s\u00e6r\u00f0i \u00fe\u00e1 vi\u00f0 Gu\u00f0: \u201e\u00dei\u00f0 megi\u00f0 hvorki gefa d\u00e6tur ykkar sonum \u00feeirra n\u00e9 taka d\u00e6tur \u00feeirra handa sonum ykkar e\u00f0a sj\u00e1lfum ykkur a\u00f0 eiginkonum. <a name=\"26\"><span class=\"versanumer_2007\">26<\/span><\/a> Var \u00fea\u00f0 ekki vegna sl\u00edkra kvenna sem Sal\u00f3mon, konungur \u00cdsraels, syndga\u00f0i? Me\u00f0al allra hinna m\u00f6rgu \u00fej\u00f3\u00f0a var enginn konungur hans jafningi. Hann var elska\u00f0ur af Gu\u00f0i s\u00ednum og \u00feess vegna ger\u00f0i Gu\u00f0 hann a\u00f0 konungi yfir \u00f6llum \u00cdsrael en hinar \u00fatlendu konur g\u00e1tu leitt jafnvel hann til syndar. <a name=\"27\"><span class=\"versanumer_2007\">27<\/span><\/a> \u00dearf \u00fea\u00f0 n\u00fa a\u00f0 heyrast um ykkur a\u00f0 \u00fei\u00f0 fremji\u00f0 s\u00f6mu sv\u00edvir\u00f0u og rj\u00fafi\u00f0 tr\u00fana\u00f0 vi\u00f0 Gu\u00f0 okkar me\u00f0 \u00fev\u00ed a\u00f0 ganga a\u00f0 eiga \u00fatlendar konur?\u201c<br \/> <a name=\"28\"><span class=\"versanumer_2007\">28<\/span><\/a> Einn af sonum J\u00f3jada Eljas\u00edbssonar \u00e6\u00f0sta prests var tengdasonur Sanballats fr\u00e1 H\u00f3ron. \u00c9g rak hann fr\u00e1 m\u00e9r.<br \/> <a name=\"29\"><span class=\"versanumer_2007\">29<\/span><\/a> Gu\u00f0 minn, minnstu \u00feeirra \u00fev\u00ed a\u00f0 \u00feeir hafa saurga\u00f0 prestd\u00f3minn og s\u00e1ttm\u00e1la presta og Lev\u00edta.<br \/> <a name=\"30\"><span class=\"versanumer_2007\">30<\/span><\/a> \u00c9g hreinsa\u00f0i \u00fe\u00e1 af \u00f6llu framandlegu og setti reglur um \u00fej\u00f3nustu presta og Lev\u00edta, sem kv\u00e1\u00f0u \u00e1 um verk hvers og eins. <a name=\"31\"><span class=\"versanumer_2007\">31<\/span><\/a> \u00c9g setti einnig reglur um a\u00f0 flytja skyldi brenni \u00e1 tilteknum t\u00edmum og einnig um frumgr\u00f3\u00f0ann.<br \/>Gu\u00f0 minn, minnstu \u00feessa m\u00e9r til g\u00f3\u00f0s.<\/p>\n","protected":false},"excerpt":{"rendered":"<p>Si\u00f0b\u00f3t Nehem\u00eda 1 Um \u00feessar mundir var lesi\u00f0 \u00far b\u00f3k M\u00f3se fyrir f\u00f3lki\u00f0. \u00de\u00e1 fannst rita\u00f0 \u00ed henni: \u201eHvorki Amm\u00f3n\u00edti n\u00e9 M\u00f3ab\u00edti m\u00e1 nokkru sinni ganga \u00ed s\u00f6fnu\u00f0 Gu\u00f0s 2 af \u00fev\u00ed a\u00f0 \u00feeir f\u00e6r\u00f0u \u00cdsraelsm\u00f6nnum hvorki brau\u00f0 n\u00e9 vatn. M\u00f3ab keypti B\u00edleam til a\u00f0 b\u00f6lva \u00feeim. En Gu\u00f0 okkar breytti b\u00f6lvuninni \u00ed blessun.\u201c 3 Eftir a\u00f0 hafa hl\u00fdtt \u00e1 l\u00f6gm\u00e1li\u00f0 greindu \u00feeir allt f\u00f3lk af bl\u00f6ndu\u00f0um uppruna fr\u00e1 \u00cdsrael. 4 \u00c1\u00f0ur haf\u00f0i Eljas\u00edb prestur veri\u00f0 settur yfir geymsluherbergi\u00f0 \u00ed h\u00fasi Gu\u00f0s okkar. Hann var \u00e6ttingi Tob\u00eda 5 og haf\u00f0i \u00fatb\u00fai\u00f0 handa honum st\u00f3rt herbergi. \u00dear haf\u00f0i \u00e1\u00f0ur veri\u00f0 geymt <a href=\"https:\/\/biblian.is\/biblian\/nehemiabok-13-kafli\/\"> [&#8230;]<\/a><\/p>\n","protected":false},"author":1,"featured_media":0,"parent":0,"menu_order":0,"comment_status":"open","ping_status":"open","template":"bibliukaflar_NT.php","meta":{"footnotes":""},"class_list":["post-2043","page","type-page","status-publish","hentry"],"_links":{"self":[{"href":"https:\/\/biblian.is\/biblian\/wp-json\/wp\/v2\/pages\/2043","targetHints":{"allow":["GET"]}}],"collection":[{"href":"https:\/\/biblian.is\/biblian\/wp-json\/wp\/v2\/pages"}],"about":[{"href":"https:\/\/biblian.is\/biblian\/wp-json\/wp\/v2\/types\/page"}],"author":[{"embeddable":true,"href":"https:\/\/biblian.is\/biblian\/wp-json\/wp\/v2\/users\/1"}],"replies":[{"embeddable":true,"href":"https:\/\/biblian.is\/biblian\/wp-json\/wp\/v2\/comments?post=2043"}],"version-history":[{"count":0,"href":"https:\/\/biblian.is\/biblian\/wp-json\/wp\/v2\/pages\/2043\/revisions"}],"wp:attachment":[{"href":"https:\/\/biblian.is\/biblian\/wp-json\/wp\/v2\/media?parent=2043"}],"curies":[{"name":"wp","href":"https:\/\/api.w.org\/{rel}","templated":true}]}}