{"id":2037,"date":"2017-12-30T21:01:25","date_gmt":"2017-12-30T21:01:25","guid":{"rendered":"http:\/\/biblian.is\/biblian\/nehem%c2%92ab%c2%97k-7-kafli\/"},"modified":"2023-02-25T04:33:35","modified_gmt":"2023-02-25T04:33:35","slug":"nehemiabok-7-kafli","status":"publish","type":"page","link":"https:\/\/biblian.is\/biblian\/nehemiabok-7-kafli\/","title":{"rendered":"Nehem\u00edab\u00f3k 7. kafli"},"content":{"rendered":"<p><a name=\"1\"><span class=\"versanumer_2007\">1<\/span><\/a> \u00deegar m\u00farinn var risinn og \u00e9g haf\u00f0i l\u00e1ti\u00f0 koma fyrir v\u00e6ngjahur\u00f0um \u00ed hli\u00f0unum voru hli\u00f0ver\u00f0ir, s\u00f6ngvarar og Lev\u00edtar skipa\u00f0ir. <a name=\"2\"><span class=\"versanumer_2007\">2<\/span><\/a> \u00dev\u00ed n\u00e6st skipa\u00f0i \u00e9g Hanan\u00ed, br\u00f3\u00f0ur minn, og Hananja, foringja virkisins, yfir Jer\u00fasalem \u00fev\u00ed a\u00f0 hann var traustari og gu\u00f0hr\u00e6ddari en flestir a\u00f0rir. <a name=\"3\"><span class=\"versanumer_2007\">3<\/span><\/a> \u00c9g gaf \u00feeim \u00feessi fyrirm\u00e6li:<br \/>\u201eEkki skal lj\u00faka upp hli\u00f0um Jer\u00fasalem fyrr en s\u00f3l er komin h\u00e1tt \u00e1 loft og me\u00f0an h\u00fan er enn \u00e1 lofti skal hli\u00f0unum loka\u00f0 og slagbrandar settir fyrir. Enn fremur skal koma \u00e1 f\u00f3t var\u00f0sveitum Jer\u00fasalemb\u00faa. Hver og einn skal standa v\u00f6r\u00f0 \u00e1 sinni var\u00f0st\u00f6\u00f0 vi\u00f0 eigi\u00f0 h\u00fas.\u201c<\/p>\n<h3 class=\"millifyrirsogn_2007\">Skr\u00e1ning leikmanna<\/h3>\n<p><a name=\"4\"><span class=\"versanumer_2007\">4<\/span><\/a> Borgin var st\u00f3r og v\u00ed\u00f0\u00e1ttumikil en f\u00e1tt f\u00f3lk bj\u00f3 \u00ed henni og ekki h\u00f6f\u00f0u myndast n\u00fdjar fj\u00f6lskyldur. <a name=\"5\"><span class=\"versanumer_2007\">5<\/span><\/a> \u00de\u00e1 bl\u00e9s Gu\u00f0 minn m\u00e9r \u00fev\u00ed \u00ed brj\u00f3st a\u00f0 kalla saman a\u00f0alsmennina, emb\u00e6ttismennina og almenning til skr\u00e1setningar eftir fj\u00f6lskyldum \u00feeirra. \u00c9g fann skr\u00e1 yfir fj\u00f6lskyldur \u00feeirra sem fyrst h\u00f6f\u00f0u haldi\u00f0 heim og \u00fear var skr\u00e1\u00f0:<br \/> <a name=\"6\"><span class=\"versanumer_2007\">6<\/span><\/a> \u00deetta eru \u00feeir \u00edb\u00faar skattlandsins J\u00fada sem sneru heim aftur \u00far \u00fatleg\u00f0inni sem \u00feeir voru fluttir \u00ed. Neb\u00fakadnesar Bab\u00fdlon\u00edukonungur haf\u00f0i flutt \u00fe\u00e1 brott en \u00feeir sneru n\u00fa aftur til Jer\u00fasalem og J\u00fada, hver til sinnar borgar.<br \/> <a name=\"7\"><span class=\"versanumer_2007\">7<\/span><\/a> \u00deetta eru \u00feeir sem komu me\u00f0 Ser\u00fababel: J\u00f3s\u00faa, Nehem\u00eda, Asarja, Raamja, Nahaman\u00ed, Mordeka\u00ed, Bilsan, Misperet, Bigva\u00ed, Neh\u00fam og Bagana.<br \/>\u00deetta er fj\u00f6ldi karlmanna af \u00cdsraels\u00fej\u00f3\u00f0:<br \/> <a name=\"8\"><span class=\"versanumer_2007\">8<\/span><\/a> Ni\u00f0jar Par\u00f3s: 2172; <a name=\"9\"><span class=\"versanumer_2007\">9<\/span><\/a> ni\u00f0jar Sefatja: 372; <a name=\"10\"><span class=\"versanumer_2007\">10<\/span><\/a> ni\u00f0jar Ara: 652; <a name=\"11\"><span class=\"versanumer_2007\">11<\/span><\/a> ni\u00f0jar Pahat M\u00f3abs, \u00fea\u00f0 er a\u00f0 segja J\u00f3s\u00faa og J\u00f3abs: 2818; <a name=\"12\"><span class=\"versanumer_2007\">12<\/span><\/a> ni\u00f0jar Elams: 1254; <a name=\"13\"><span class=\"versanumer_2007\">13<\/span><\/a> ni\u00f0jar Satt\u00fa: 845; <a name=\"14\"><span class=\"versanumer_2007\">14<\/span><\/a> ni\u00f0jar Sakka\u00ed: 760; <a name=\"15\"><span class=\"versanumer_2007\">15<\/span><\/a> ni\u00f0jar Binn\u00fa\u00ed: 648; <a name=\"16\"><span class=\"versanumer_2007\">16<\/span><\/a> ni\u00f0jar Beba\u00ed: 628; <a name=\"17\"><span class=\"versanumer_2007\">17<\/span><\/a> ni\u00f0jar Asgads: 2322; <a name=\"18\"><span class=\"versanumer_2007\">18<\/span><\/a> ni\u00f0jar Ad\u00f3n\u00edkams: 667; <a name=\"19\"><span class=\"versanumer_2007\">19<\/span><\/a> ni\u00f0jar Bigva\u00ed: 2067; <a name=\"20\"><span class=\"versanumer_2007\">20<\/span><\/a> ni\u00f0jar Ad\u00edns: 655; <a name=\"21\"><span class=\"versanumer_2007\">21<\/span><\/a> ni\u00f0jar Aters, af \u00e6tt Hisk\u00eda: 98; <a name=\"22\"><span class=\"versanumer_2007\">22<\/span><\/a> ni\u00f0jar Has\u00fams: 328; <a name=\"23\"><span class=\"versanumer_2007\">23<\/span><\/a> ni\u00f0jar Besa\u00ed: 324; <a name=\"24\"><span class=\"versanumer_2007\">24<\/span><\/a> ni\u00f0jar Har\u00edfs: 112; <a name=\"25\"><span class=\"versanumer_2007\">25<\/span><\/a> menn fr\u00e1 G\u00edbeon: 95; <a name=\"26\"><span class=\"versanumer_2007\">26<\/span><\/a> menn fr\u00e1 Betlehem og Net\u00f3fa: 188; <a name=\"27\"><span class=\"versanumer_2007\">27<\/span><\/a> menn fr\u00e1 Anat\u00f3t: 128; <a name=\"28\"><span class=\"versanumer_2007\">28<\/span><\/a> menn fr\u00e1 Bet Asamavet: 42; <a name=\"29\"><span class=\"versanumer_2007\">29<\/span><\/a> menn fr\u00e1 Kirjat Jear\u00edm, Kef\u00edra og Beer\u00f3t: 743; <a name=\"30\"><span class=\"versanumer_2007\">30<\/span><\/a> menn fr\u00e1 Rama og Geba: 621; <a name=\"31\"><span class=\"versanumer_2007\">31<\/span><\/a> menn fr\u00e1 Mikmas: 122; <a name=\"32\"><span class=\"versanumer_2007\">32<\/span><\/a> menn fr\u00e1 Betel og A\u00ed: 123; <a name=\"33\"><span class=\"versanumer_2007\">33<\/span><\/a> menn fr\u00e1 hinni Neb\u00f3borginni: 52; <a name=\"34\"><span class=\"versanumer_2007\">34<\/span><\/a> ni\u00f0jar hins Elams: 1254; <a name=\"35\"><span class=\"versanumer_2007\">35<\/span><\/a> ni\u00f0jar Har\u00edms: 320; <a name=\"36\"><span class=\"versanumer_2007\">36<\/span><\/a> menn fr\u00e1 Jer\u00edk\u00f3: 345; <a name=\"37\"><span class=\"versanumer_2007\">37<\/span><\/a> menn fr\u00e1 L\u00f3d, Had\u00edd og \u00d3n\u00f3: 721; <a name=\"38\"><span class=\"versanumer_2007\">38<\/span><\/a> ni\u00f0jar Senaa: 3930.<\/p>\n<h3 class=\"millifyrirsogn_2007\">Skr\u00e1ning starfsmanna musterisins<\/h3>\n<p><a name=\"39\"><span class=\"versanumer_2007\">39<\/span><\/a> Prestarnir: ni\u00f0jar Jedaja, af \u00e6tt Jes\u00faa: 973; <a name=\"40\"><span class=\"versanumer_2007\">40<\/span><\/a> ni\u00f0jar Immers: 1052; <a name=\"41\"><span class=\"versanumer_2007\">41<\/span><\/a> ni\u00f0jar Pash\u00fars: 1247; <a name=\"42\"><span class=\"versanumer_2007\">42<\/span><\/a> ni\u00f0jar Har\u00edms: 1017.<br \/> <a name=\"43\"><span class=\"versanumer_2007\">43<\/span><\/a> Lev\u00edtarnir: ni\u00f0jar Jes\u00faa, af \u00e6ttum Kadm\u00edels, Binn\u00fa\u00ed og Hodavja: 74.<br \/> <a name=\"44\"><span class=\"versanumer_2007\">44<\/span><\/a> S\u00f6ngvararnir: ni\u00f0jar Asafs: 148.<br \/> <a name=\"45\"><span class=\"versanumer_2007\">45<\/span><\/a> Hli\u00f0ver\u00f0irnir: ni\u00f0jar Sall\u00fams, ni\u00f0jar Aters, ni\u00f0jar Talm\u00f3ns, ni\u00f0jar Ak\u00fabs, ni\u00f0jar Hat\u00edta og ni\u00f0jar S\u00f3ba\u00ed: 138.<br \/> <a name=\"46\"><span class=\"versanumer_2007\">46<\/span><\/a> Musteris\u00fej\u00f3narnir: ni\u00f0jar S\u00edha, ni\u00f0jar Has\u00fafa, ni\u00f0jar Tabba\u00f3ts, <a name=\"47\"><span class=\"versanumer_2007\">47<\/span><\/a> ni\u00f0jar Ker\u00f3s, ni\u00f0jar S\u00eda, ni\u00f0jar Pad\u00f3ns, <a name=\"48\"><span class=\"versanumer_2007\">48<\/span><\/a> ni\u00f0jar Lebana, ni\u00f0jar Hagaba, ni\u00f0jar Salma\u00ed, <a name=\"49\"><span class=\"versanumer_2007\">49<\/span><\/a> ni\u00f0jar Hanans, ni\u00f0jar Giddels, ni\u00f0jar Gahars, <a name=\"50\"><span class=\"versanumer_2007\">50<\/span><\/a> ni\u00f0jar Reaja, ni\u00f0jar Res\u00edns, ni\u00f0jar Nek\u00f3da, <a name=\"51\"><span class=\"versanumer_2007\">51<\/span><\/a> ni\u00f0jar Gassams, ni\u00f0jar \u00dassa, ni\u00f0jar Pasea, <a name=\"52\"><span class=\"versanumer_2007\">52<\/span><\/a> ni\u00f0jar Besa\u00ed, ni\u00f0jar Me\u00fan\u00edta, ni\u00f0jar Nef\u00eds\u00edta, <a name=\"53\"><span class=\"versanumer_2007\">53<\/span><\/a> ni\u00f0jar Bakb\u00faks, ni\u00f0jar Hak\u00fafa, ni\u00f0jar Harh\u00fars, <a name=\"54\"><span class=\"versanumer_2007\">54<\/span><\/a> ni\u00f0jar Basel\u00edts, ni\u00f0jar Meh\u00edda, ni\u00f0jar Harsa, <a name=\"55\"><span class=\"versanumer_2007\">55<\/span><\/a> ni\u00f0jar Bark\u00f3, ni\u00f0jar S\u00edsera, ni\u00f0jar Tema, <a name=\"56\"><span class=\"versanumer_2007\">56<\/span><\/a> ni\u00f0jar Nes\u00eda og ni\u00f0jar Hat\u00edfa.<br \/> <a name=\"57\"><span class=\"versanumer_2007\">57<\/span><\/a> Ni\u00f0jar \u00fer\u00e6la Sal\u00f3mons: ni\u00f0jar S\u00f3ta\u00ed, ni\u00f0jar S\u00f3ferets, ni\u00f0jar Per\u00edda, <a name=\"58\"><span class=\"versanumer_2007\">58<\/span><\/a> ni\u00f0jar Jaala, ni\u00f0jar Dark\u00f3ns, ni\u00f0jar Giddels, <a name=\"59\"><span class=\"versanumer_2007\">59<\/span><\/a> ni\u00f0jar Sefatja, ni\u00f0jar Hattils, ni\u00f0jar P\u00f3keret Hasseba\u00edms og ni\u00f0jar Am\u00f3ns.<br \/> <a name=\"60\"><span class=\"versanumer_2007\">60<\/span><\/a> Musteris\u00fej\u00f3narnir og ni\u00f0jar \u00fer\u00e6la Sal\u00f3mons voru alls 392.<br \/> <a name=\"61\"><span class=\"versanumer_2007\">61<\/span><\/a> \u00deetta eru \u00feeir sem komu upp eftir fr\u00e1 Tel Mela, Tel Harsa, Ker\u00fab Add\u00f3n og Immer en g\u00e1tu ekki s\u00fdnt fram \u00e1 a\u00f0 fj\u00f6lskylda \u00feeirra og \u00e6tt v\u00e6ri fr\u00e1 \u00cdsrael: <a name=\"62\"><span class=\"versanumer_2007\">62<\/span><\/a> ni\u00f0jar Delaja, ni\u00f0jar Tob\u00eda og ni\u00f0jar Nek\u00f3da: 642.<br \/> <a name=\"63\"><span class=\"versanumer_2007\">63<\/span><\/a> Auk \u00feess \u00feessir af prestunum: ni\u00f0jar Hobaja, ni\u00f0jar K\u00f3s og ni\u00f0jar Barsilla\u00ed en hann haf\u00f0i kv\u00e6nst einni af d\u00e6trum Barsilla\u00ed fr\u00e1 G\u00edlea\u00f0 og teki\u00f0 s\u00e9r nafn hans.<br \/> <a name=\"64\"><span class=\"versanumer_2007\">64<\/span><\/a> \u00deessir menn leitu\u00f0u nafna sinna \u00ed \u00e6ttart\u00f6lunum en \u00fear sem \u00feau fundust ekki voru \u00feeir sviptir prestsemb\u00e6tti. <a name=\"65\"><span class=\"versanumer_2007\">65<\/span><\/a> Landstj\u00f3rinn banna\u00f0i \u00feeim a\u00f0 neyta af hinu h\u00e1heilaga fyrr en prestur gengi fram me\u00f0 \u00far\u00edm og t\u00famm\u00edm.<br \/> <a name=\"66\"><span class=\"versanumer_2007\">66<\/span><\/a> Allur s\u00f6fnu\u00f0urinn var 42.360 manns. <a name=\"67\"><span class=\"versanumer_2007\">67<\/span><\/a> A\u00f0 auki voru \u00fer\u00e6lar \u00feeirra og amb\u00e1ttir 7337 og \u00feeir h\u00f6f\u00f0u einnig 245 s\u00f6ngvara og s\u00f6ngkonur. <a name=\"68\"><span class=\"versanumer_2007\">68<\/span><\/a> \u00deeir \u00e1ttu 736 hesta, 245 m\u00fald\u00fdr, <a name=\"69\"><span class=\"versanumer_2007\">69<\/span><\/a> 435 \u00falfalda og 6720 asna.<br \/> <a name=\"70\"><span class=\"versanumer_2007\">70<\/span><\/a> Nokkrir af \u00e6ttarh\u00f6f\u00f0ingjunum g\u00e1fu gjafir til verksins. Landstj\u00f3rinn gaf \u00fe\u00fasund gullpeninga, 50 sk\u00e1lar, 530 prestaskr\u00fa\u00f0a. <a name=\"71\"><span class=\"versanumer_2007\">71<\/span><\/a> Nokkrir af \u00e6ttarh\u00f6f\u00f0ingjunum g\u00e1fu 20.000 gullpeninga og 2200 m\u00ednur silfurs. <a name=\"72\"><span class=\"versanumer_2007\">72<\/span><\/a> A\u00f0rir g\u00e1fu 20.000 gullpeninga, 2000 m\u00ednur silfurs og 67 prestaskr\u00fa\u00f0a.<br \/> <a name=\"73\"><span class=\"versanumer_2007\">73<\/span><\/a> Prestarnir, Lev\u00edtarnir, hli\u00f0ver\u00f0irnir, s\u00f6ngvararnir, \u00fdmsir almennir borgarar, musteris\u00fej\u00f3narnir og allir \u00cdsraelsmenn settust a\u00f0 \u00ed borgum s\u00ednum. \u00cdsraelsmenn h\u00f6f\u00f0u sest a\u00f0 \u00ed borgum s\u00ednum \u00feegar sj\u00f6undi m\u00e1nu\u00f0urinn h\u00f3fst.<\/p>\n","protected":false},"excerpt":{"rendered":"<p>1 \u00deegar m\u00farinn var risinn og \u00e9g haf\u00f0i l\u00e1ti\u00f0 koma fyrir v\u00e6ngjahur\u00f0um \u00ed hli\u00f0unum voru hli\u00f0ver\u00f0ir, s\u00f6ngvarar og Lev\u00edtar skipa\u00f0ir. 2 \u00dev\u00ed n\u00e6st skipa\u00f0i \u00e9g Hanan\u00ed, br\u00f3\u00f0ur minn, og Hananja, foringja virkisins, yfir Jer\u00fasalem \u00fev\u00ed a\u00f0 hann var traustari og gu\u00f0hr\u00e6ddari en flestir a\u00f0rir. 3 \u00c9g gaf \u00feeim \u00feessi fyrirm\u00e6li:\u201eEkki skal lj\u00faka upp hli\u00f0um Jer\u00fasalem fyrr en s\u00f3l er komin h\u00e1tt \u00e1 loft og me\u00f0an h\u00fan er enn \u00e1 lofti skal hli\u00f0unum loka\u00f0 og slagbrandar settir fyrir. Enn fremur skal koma \u00e1 f\u00f3t var\u00f0sveitum Jer\u00fasalemb\u00faa. Hver og einn skal standa v\u00f6r\u00f0 \u00e1 sinni var\u00f0st\u00f6\u00f0 vi\u00f0 eigi\u00f0 h\u00fas.\u201c Skr\u00e1ning leikmanna 4 <a href=\"https:\/\/biblian.is\/biblian\/nehemiabok-7-kafli\/\"> [&#8230;]<\/a><\/p>\n","protected":false},"author":1,"featured_media":0,"parent":0,"menu_order":0,"comment_status":"open","ping_status":"open","template":"bibliukaflar_NT.php","meta":{"footnotes":""},"class_list":["post-2037","page","type-page","status-publish","hentry"],"_links":{"self":[{"href":"https:\/\/biblian.is\/biblian\/wp-json\/wp\/v2\/pages\/2037","targetHints":{"allow":["GET"]}}],"collection":[{"href":"https:\/\/biblian.is\/biblian\/wp-json\/wp\/v2\/pages"}],"about":[{"href":"https:\/\/biblian.is\/biblian\/wp-json\/wp\/v2\/types\/page"}],"author":[{"embeddable":true,"href":"https:\/\/biblian.is\/biblian\/wp-json\/wp\/v2\/users\/1"}],"replies":[{"embeddable":true,"href":"https:\/\/biblian.is\/biblian\/wp-json\/wp\/v2\/comments?post=2037"}],"version-history":[{"count":0,"href":"https:\/\/biblian.is\/biblian\/wp-json\/wp\/v2\/pages\/2037\/revisions"}],"wp:attachment":[{"href":"https:\/\/biblian.is\/biblian\/wp-json\/wp\/v2\/media?parent=2037"}],"curies":[{"name":"wp","href":"https:\/\/api.w.org\/{rel}","templated":true}]}}