{"id":2024,"date":"2017-12-30T21:01:25","date_gmt":"2017-12-30T21:01:25","guid":{"rendered":"http:\/\/biblian.is\/biblian\/esrab%c2%97k-4-kafli\/"},"modified":"2023-02-25T04:31:15","modified_gmt":"2023-02-25T04:31:15","slug":"esrabok-4-kafli","status":"publish","type":"page","link":"https:\/\/biblian.is\/biblian\/esrabok-4-kafli\/","title":{"rendered":"Esrab\u00f3k 4. kafli"},"content":{"rendered":"<h3 class=\"millifyrirsogn_2007\"> Andsta\u00f0a gegn musterisbyggingunni<\/h3>\n<p><a name=\"1\"><span class=\"versanumer_2007\">1<\/span><\/a> \u00deegar andst\u00e6\u00f0ingar J\u00fada og Benjam\u00edns fr\u00e9ttu a\u00f0 \u00feeir sem voru komnir heim \u00far \u00fatleg\u00f0inni v\u00e6ru a\u00f0 reisa Drottni, Gu\u00f0i \u00cdsraels, musteri, <a name=\"2\"><span class=\"versanumer_2007\">2<\/span><\/a> f\u00f3ru \u00feeir til Ser\u00fababels og \u00e6ttarh\u00f6f\u00f0ingjanna og s\u00f6g\u00f0u vi\u00f0 \u00fe\u00e1: \u201eVi\u00f0 viljum byggja me\u00f0 ykkur \u00fev\u00ed a\u00f0 vi\u00f0 leitum til Gu\u00f0s ykkar eins og \u00fei\u00f0. Vi\u00f0 h\u00f6fum f\u00e6rt honum f\u00f3rnir fr\u00e1 t\u00edma Asarhaddons Ass\u00fdr\u00edukonungs sem flutti okkur hinga\u00f0.\u201c<br \/> <a name=\"3\"><span class=\"versanumer_2007\">3<\/span><\/a> Ser\u00fababel, Jes\u00faa og a\u00f0rir \u00e6ttarh\u00f6f\u00f0ingjar \u00cdsraels sv\u00f6ru\u00f0u: \u201e\u00dei\u00f0 geti\u00f0 ekki veri\u00f0 me\u00f0 okkur um a\u00f0 reisa Gu\u00f0i okkar h\u00fas. Vi\u00f0 \u00e6tlum einir a\u00f0 reisa Drottni, Gu\u00f0i \u00cdsraels, h\u00fas eins og K\u00fdrus Persakonungur hefur lagt fyrir okkur.\u201c<br \/> <a name=\"4\"><span class=\"versanumer_2007\">4<\/span><\/a> \u00de\u00e1 dr\u00f3gu \u00feeir sem bjuggu \u00e1 landsbygg\u00f0inni kjarkinn \u00far J\u00fadam\u00f6nnum og hr\u00e6ddu \u00fe\u00e1 fr\u00e1 \u00fev\u00ed a\u00f0 byggja. <a name=\"5\"><span class=\"versanumer_2007\">5<\/span><\/a> \u00deeir m\u00fatu\u00f0u r\u00e1\u00f0gj\u00f6fum til a\u00f0 vinna gegn \u00feeim og \u00f3n\u00fdta fyrir\u00e6tlanir \u00feeirra. \u00c1 \u00feessu gekk alla stj\u00f3rnart\u00ed\u00f0 K\u00fdrusar Persakonungs \u00fear til Dar\u00edus var\u00f0 konungur Pers\u00edu. <a name=\"6\"><span class=\"versanumer_2007\">6<\/span><\/a> Vi\u00f0 upphaf stj\u00f3rnart\u00ed\u00f0ar Xerxesar ritu\u00f0u \u00feeir \u00e1k\u00e6ru gegn \u00edb\u00faum J\u00fada og Jer\u00fasalem. <a name=\"7\"><span class=\"versanumer_2007\">7<\/span><\/a> \u00c1 stj\u00f3rnart\u00edma Artaxerxesar skrifu\u00f0u \u00feeir \u00ed samr\u00e1\u00f0i vi\u00f0 M\u00edtredat, Tabeel og a\u00f0ra f\u00e9laga s\u00edna Artaxerxesi Persakonungi. Br\u00e9fi\u00f0 var \u00fe\u00fdtt \u00e1 arame\u00edsku og skrifa\u00f0 me\u00f0 arame\u00edsku letri.<br \/> <a name=\"8\"><span class=\"versanumer_2007\">8<\/span><\/a> Reh\u00fam hersh\u00f6f\u00f0ingi og Simsa\u00ed ritari skrifu\u00f0u Artaxerxesi konungi eftirfarandi br\u00e9f gegn Jer\u00fasalemb\u00faum. <a name=\"9\"><span class=\"versanumer_2007\">9<\/span><\/a> Sendendur: Reh\u00fam hersh\u00f6f\u00f0ingi, Simsa\u00ed ritari og a\u00f0rir f\u00e9lagar \u00feeirra, d\u00f3marar, sendimenn, eftirlitsmenn, persneskir emb\u00e6ttismenn, menn fr\u00e1 Erek, Bab\u00fdlon og S\u00fasa, \u00fea\u00f0 er Elam\u00edtar, <a name=\"10\"><span class=\"versanumer_2007\">10<\/span><\/a> og a\u00f0rar \u00fe\u00e6r \u00fej\u00f3\u00f0ir sem hinn mikli og v\u00ed\u00f0fr\u00e6gi Asenappar flutti burt og l\u00e9t setjast a\u00f0 \u00ed borgum Samar\u00edu og \u00e1 \u00f6\u00f0rum landsv\u00e6\u00f0um handan vi\u00f0 flj\u00f3ti\u00f0. <a name=\"11\"><span class=\"versanumer_2007\">11<\/span><\/a> Afrit br\u00e9fsins, sem \u00feeir sendu Artaxerxesi, hlj\u00f3\u00f0ar svo:<br \/>\u201eTil Artaxerxesar konungs fr\u00e1 \u00fer\u00e6lum \u00fe\u00ednum, f\u00f3lkinu handan flj\u00f3tsins. <a name=\"12\"><span class=\"versanumer_2007\">12<\/span><\/a> H\u00e9r me\u00f0 tilkynnist konungi a\u00f0 Gy\u00f0ingarnir, sem komu fr\u00e1 \u00fe\u00e9r hinga\u00f0 upp eftir, eru komnir til Jer\u00fasalem. \u00deeir eru a\u00f0 endurreisa \u00feessa uppreisnargj\u00f6rnu og illu borg. \u00deeir eru a\u00f0 lj\u00faka vi\u00f0 a\u00f0 endurreisa m\u00farana og gera vi\u00f0 grunninn. <a name=\"13\"><span class=\"versanumer_2007\">13<\/span><\/a> H\u00e9r me\u00f0 er athygli konungs vakin \u00e1 \u00fev\u00ed a\u00f0 Gy\u00f0ingar munu hvorki grei\u00f0a skatta, gj\u00f6ld n\u00e9 tolla ver\u00f0i \u00feessi borg endurreist og m\u00farar hennar fullger\u00f0ir. Konungur minn mun \u00fev\u00ed ska\u00f0ast. <a name=\"14\"><span class=\"versanumer_2007\">14<\/span><\/a> \u00dear sem vi\u00f0 erum \u00ed \u00fej\u00f3nustu konungs s\u00e6mir ekki a\u00f0 vi\u00f0 horfum a\u00f0ger\u00f0alausir \u00e1 konung ni\u00f0url\u00e6g\u00f0an. \u00deess vegna h\u00f6fum vi\u00f0 sent \u00feetta br\u00e9f til a\u00f0 vekja athygli konungs \u00e1 \u00fev\u00ed <a name=\"15\"><span class=\"versanumer_2007\">15<\/span><\/a> a\u00f0 leita \u00e6tti \u00ed ann\u00e1lum forfe\u00f0ra \u00feinna. \u00cd ann\u00e1lunum munt \u00fe\u00fa komast a\u00f0 raun um a\u00f0 \u00feessi borg er uppreisnargj\u00f6rn borg sem hefur ska\u00f0a\u00f0 konunga og skattl\u00f6nd og \u00ed henni hafa veri\u00f0 ger\u00f0ar uppreisnir fr\u00e1 alda \u00f6\u00f0li. \u00deess vegna var \u00feessari borg eytt. <a name=\"16\"><span class=\"versanumer_2007\">16<\/span><\/a> Vi\u00f0 bendum konungi \u00e1 a\u00f0 ver\u00f0i borgin endurreist og a\u00f0 fullu gert vi\u00f0 m\u00fara hennar, ver\u00f0a \u00edt\u00f6k \u00fe\u00edn handan flj\u00f3ts \u00far s\u00f6gunni.\u201c<br \/> <a name=\"17\"><span class=\"versanumer_2007\">17<\/span><\/a> Konungur sendi svohlj\u00f3\u00f0andi svar: \u201e\u00c9g sendi kve\u00f0ju Reh\u00fam hersh\u00f6f\u00f0ingja, Simsa\u00ed ritara og \u00f6llum f\u00e9l\u00f6gum \u00feeirra sem b\u00faa \u00ed Samar\u00edu og \u00f6\u00f0rum h\u00e9ru\u00f0um handan flj\u00f3ts. <a name=\"18\"><span class=\"versanumer_2007\">18<\/span><\/a> Br\u00e9fi\u00f0, sem \u00fei\u00f0 sendu\u00f0 okkur, hefur veri\u00f0 lesi\u00f0 fyrir mig \u00ed \u00fe\u00fd\u00f0ingu. <a name=\"19\"><span class=\"versanumer_2007\">19<\/span><\/a> \u00dev\u00ed n\u00e6st var leita\u00f0 \u00ed ann\u00e1lum samkv\u00e6mt skipun minni og \u00feetta fannst: \u00deessi borg hefur fr\u00e1 fornu fari margsinnis risi\u00f0 gegn konungum og \u00fear hafa or\u00f0i\u00f0 \u00f3eir\u00f0ir og uppreisnir. <a name=\"20\"><span class=\"versanumer_2007\">20<\/span><\/a> Voldugir konungar hafa r\u00edkt \u00ed Jer\u00fasalem og stj\u00f3rna\u00f0 \u00f6llu landsv\u00e6\u00f0inu handan flj\u00f3ts. \u00deeim voru greiddir skattar, gj\u00f6ld og tollar. <a name=\"21\"><span class=\"versanumer_2007\">21<\/span><\/a> Gefi\u00f0 \u00fev\u00ed skipun um a\u00f0 st\u00f6\u00f0va \u00feessa menn. \u00deessi borg ver\u00f0ur ekki endurreist fyrr en \u00e9g skipa svo fyrir. <a name=\"22\"><span class=\"versanumer_2007\">22<\/span><\/a> G\u00e6ti\u00f0 \u00feess a\u00f0 l\u00e1ta \u00feetta ekki sitja \u00e1 hakanum, annars g\u00e6ti konungd\u00e6mi\u00f0 or\u00f0i\u00f0 fyrir miklu tj\u00f3ni.\u201c <a name=\"23\"><span class=\"versanumer_2007\">23<\/span><\/a> Jafnskj\u00f3tt og afrit af svarbr\u00e9fi Artaxerxesar konungs haf\u00f0i veri\u00f0 lesi\u00f0 fyrir Reh\u00fam, Simsa\u00ed ritara og a\u00f0ra f\u00e9laga \u00feeirra hr\u00f6\u00f0u\u00f0u \u00feeir s\u00e9r til Jer\u00fasalem, til Gy\u00f0inganna, og neyddu \u00fe\u00e1 me\u00f0 hervaldi til a\u00f0 h\u00e6tta framkv\u00e6mdum.<br \/> <a name=\"24\"><span class=\"versanumer_2007\">24<\/span><\/a> \u00de\u00e1 lag\u00f0ist vinna vi\u00f0 h\u00fas Gu\u00f0s \u00ed Jer\u00fasalem ni\u00f0ur og l\u00e1 ni\u00f0ri fram \u00e1 anna\u00f0 stj\u00f3rnar\u00e1r Dar\u00edusar Persakonungs.<\/p>\n","protected":false},"excerpt":{"rendered":"<p>Andsta\u00f0a gegn musterisbyggingunni 1 \u00deegar andst\u00e6\u00f0ingar J\u00fada og Benjam\u00edns fr\u00e9ttu a\u00f0 \u00feeir sem voru komnir heim \u00far \u00fatleg\u00f0inni v\u00e6ru a\u00f0 reisa Drottni, Gu\u00f0i \u00cdsraels, musteri, 2 f\u00f3ru \u00feeir til Ser\u00fababels og \u00e6ttarh\u00f6f\u00f0ingjanna og s\u00f6g\u00f0u vi\u00f0 \u00fe\u00e1: \u201eVi\u00f0 viljum byggja me\u00f0 ykkur \u00fev\u00ed a\u00f0 vi\u00f0 leitum til Gu\u00f0s ykkar eins og \u00fei\u00f0. Vi\u00f0 h\u00f6fum f\u00e6rt honum f\u00f3rnir fr\u00e1 t\u00edma Asarhaddons Ass\u00fdr\u00edukonungs sem flutti okkur hinga\u00f0.\u201c 3 Ser\u00fababel, Jes\u00faa og a\u00f0rir \u00e6ttarh\u00f6f\u00f0ingjar \u00cdsraels sv\u00f6ru\u00f0u: \u201e\u00dei\u00f0 geti\u00f0 ekki veri\u00f0 me\u00f0 okkur um a\u00f0 reisa Gu\u00f0i okkar h\u00fas. Vi\u00f0 \u00e6tlum einir a\u00f0 reisa Drottni, Gu\u00f0i \u00cdsraels, h\u00fas eins og K\u00fdrus Persakonungur hefur lagt fyrir <a href=\"https:\/\/biblian.is\/biblian\/esrabok-4-kafli\/\"> [&#8230;]<\/a><\/p>\n","protected":false},"author":1,"featured_media":0,"parent":0,"menu_order":0,"comment_status":"open","ping_status":"open","template":"bibliukaflar_NT.php","meta":{"footnotes":""},"class_list":["post-2024","page","type-page","status-publish","hentry"],"_links":{"self":[{"href":"https:\/\/biblian.is\/biblian\/wp-json\/wp\/v2\/pages\/2024","targetHints":{"allow":["GET"]}}],"collection":[{"href":"https:\/\/biblian.is\/biblian\/wp-json\/wp\/v2\/pages"}],"about":[{"href":"https:\/\/biblian.is\/biblian\/wp-json\/wp\/v2\/types\/page"}],"author":[{"embeddable":true,"href":"https:\/\/biblian.is\/biblian\/wp-json\/wp\/v2\/users\/1"}],"replies":[{"embeddable":true,"href":"https:\/\/biblian.is\/biblian\/wp-json\/wp\/v2\/comments?post=2024"}],"version-history":[{"count":0,"href":"https:\/\/biblian.is\/biblian\/wp-json\/wp\/v2\/pages\/2024\/revisions"}],"wp:attachment":[{"href":"https:\/\/biblian.is\/biblian\/wp-json\/wp\/v2\/media?parent=2024"}],"curies":[{"name":"wp","href":"https:\/\/api.w.org\/{rel}","templated":true}]}}