{"id":2020,"date":"2017-12-30T21:01:25","date_gmt":"2017-12-30T21:01:25","guid":{"rendered":"http:\/\/biblian.is\/biblian\/s%c2%92_ari-kron%c2%92kub%c2%97k-36-kafli\/"},"modified":"2024-06-26T23:21:17","modified_gmt":"2024-06-26T23:21:17","slug":"sidari-kronikubok-36-kafli","status":"publish","type":"page","link":"https:\/\/biblian.is\/biblian\/sidari-kronikubok-36-kafli\/","title":{"rendered":"S\u00ed\u00f0ari kron\u00edkub\u00f3k 36. kafli"},"content":{"rendered":"<h3 class=\"millifyrirsogn_2007\"> J\u00f3ahas konungur J\u00fada<\/h3>\n<p><a name=\"1\"><span class=\"versanumer_2007\">1<\/span><\/a> F\u00f3lki\u00f0 \u00ed landinu t\u00f3k n\u00fa J\u00f3ahas J\u00f3s\u00edason til konungs \u00ed Jer\u00fasalem eftir f\u00f6\u00f0ur hans. <a name=\"2\"><span class=\"versanumer_2007\">2<\/span><\/a> J\u00f3ahas var tuttugu og \u00feriggja \u00e1ra \u00feegar hann var\u00f0 konungur og hann r\u00edkti \u00ferj\u00e1 m\u00e1nu\u00f0i \u00ed Jer\u00fasalem. <a name=\"3\"><span class=\"versanumer_2007\">3<\/span><\/a> Konungur Egyptalands setti hann \u00fe\u00e1 fr\u00e1 v\u00f6ldum \u00ed Jer\u00fasalem. Hann lag\u00f0i einnig refsiskatt \u00e1 landi\u00f0, hundra\u00f0 talentur silfurs og einnig talentu gulls. <a name=\"4\"><span class=\"versanumer_2007\">4<\/span><\/a> Konungur Egyptalands ger\u00f0i Eljak\u00edm, br\u00f3\u00f0ur hans, a\u00f0 konungi yfir J\u00fada og Jer\u00fasalem og breytti nafni hans \u00ed J\u00f3jak\u00edm. En Nek\u00f3 t\u00f3k J\u00f3ahas, br\u00f3\u00f0ur hans, til fanga og flutti til Egyptalands.<\/p>\n<h3 class=\"millifyrirsogn_2007\">J\u00f3jak\u00edm konungur J\u00fada<\/h3>\n<p><a name=\"5\"><span class=\"versanumer_2007\">5<\/span><\/a> J\u00f3jak\u00edm var tuttugu og fimm \u00e1ra \u00feegar hann var\u00f0 konungur og r\u00edkti ellefu \u00e1r \u00ed Jer\u00fasalem. Hann ger\u00f0i \u00fea\u00f0 sem illt var \u00ed augum Drottins, Gu\u00f0s s\u00edns. <a name=\"6\"><span class=\"versanumer_2007\">6<\/span><\/a> Neb\u00fakadnesar, konungur \u00ed Bab\u00fdlon, h\u00e9lt gegn honum, l\u00e9t setja hann \u00ed hlekki og flutti til Bab\u00fdlonar. <a name=\"7\"><span class=\"versanumer_2007\">7<\/span><\/a> Neb\u00fakadnesar flutti einnig hluta \u00e1haldanna \u00far h\u00fasi Drottins til Bab\u00fdlonar og kom \u00feeim fyrir \u00ed h\u00f6ll sinni \u00fear. <a name=\"8\"><span class=\"versanumer_2007\">8<\/span><\/a> \u00dea\u00f0 sem \u00f3sagt er af s\u00f6gu J\u00f3jak\u00edms og \u00feeim andstyggilegu verkum sem hann vann og \u00fev\u00ed sem henti hann er skr\u00e1\u00f0 \u00ed b\u00f3k \u00cdsraels- og J\u00fadakonunga. J\u00f3jak\u00edn, sonur hans, var\u00f0 konungur eftir hann.<\/p>\n<h3 class=\"millifyrirsogn_2007\">J\u00f3jak\u00edn konungur J\u00fada<\/h3>\n<p><a name=\"9\"><span class=\"versanumer_2007\">9<\/span><\/a> J\u00f3jak\u00edn var \u00e1tj\u00e1n \u00e1ra \u00feegar hann var\u00f0 konungur og r\u00edkti \u00ferj\u00e1 m\u00e1nu\u00f0i og t\u00edu daga \u00ed Jer\u00fasalem. Hann ger\u00f0i \u00fea\u00f0 sem illt var \u00ed augum Drottins. <a name=\"10\"><span class=\"versanumer_2007\">10<\/span><\/a> Um \u00e1ram\u00f3tin sendi Neb\u00fakadnesar konungur menn og l\u00e9t flytja hann til Bab\u00fdlonar \u00e1samt d\u00fdrm\u00e6tum \u00e1h\u00f6ldum \u00far h\u00fasi Drottins. Hann ger\u00f0i Sedek\u00eda, br\u00f3\u00f0ur hans, a\u00f0 konungi yfir J\u00fada og Jer\u00fasalem.<\/p>\n<h3 class=\"millifyrirsogn_2007\">Sedek\u00eda konungur J\u00fada<\/h3>\n<p><a name=\"11\"><span class=\"versanumer_2007\">11<\/span><\/a> Sedek\u00eda var tuttugu og eins \u00e1rs \u00feegar hann var\u00f0 konungur og r\u00edkti \u00ed Jer\u00fasalem ellefu \u00e1r. <a name=\"12\"><span class=\"versanumer_2007\">12<\/span><\/a> Hann ger\u00f0i \u00fea\u00f0 sem illt var \u00ed augum Drottins, Gu\u00f0s s\u00edns. Hann l\u00e9t ekki undan Jerem\u00eda sp\u00e1manni sem tala\u00f0i fyrir munn Drottins. <a name=\"13\"><span class=\"versanumer_2007\">13<\/span><\/a> Hann ger\u00f0i meira a\u00f0 segja uppreisn gegn Neb\u00fakadnesari konungi sem haf\u00f0i l\u00e1ti\u00f0 hann sverja s\u00e9r tr\u00fana\u00f0 vi\u00f0 Gu\u00f0. Hann var har\u00f0sv\u00edra\u00f0ur og herti hjarta sitt svo a\u00f0 hann sneri s\u00e9r ekki til Drottins, Gu\u00f0s \u00cdsraels. <a name=\"14\"><span class=\"versanumer_2007\">14<\/span><\/a> Allir lei\u00f0togar J\u00fada, prestarnir og almenningur, ur\u00f0u s\u00edfellt svikulli. \u00deeir l\u00edktu eftir vi\u00f0bj\u00f3\u00f0slegum si\u00f0um annarra \u00fej\u00f3\u00f0a og saurgu\u00f0u h\u00fas Drottins sem Drottinn haf\u00f0i helga\u00f0 \u00ed Jer\u00fasalem. <a name=\"15\"><span class=\"versanumer_2007\">15<\/span><\/a> Samt sendi Drottinn, Gu\u00f0 fe\u00f0ra \u00feeirra, s\u00edfellt bo\u00f0skap til \u00feeirra af munni sendibo\u00f0a sinna \u00fev\u00ed a\u00f0 hann vildi hl\u00edfa l\u00fd\u00f0 s\u00ednum og b\u00fasta\u00f0 s\u00ednum. <a name=\"16\"><span class=\"versanumer_2007\">16<\/span><\/a> En \u00feeir hl\u00f3gu a\u00f0 sendibo\u00f0um Gu\u00f0s, fyrirlitu bo\u00f0skap hans og h\u00e6ddu sp\u00e1menn hans \u00fear til heift Drottins gegn l\u00fd\u00f0 s\u00ednum var\u00f0 svo mikil a\u00f0 ekkert var\u00f0 til bjargar.<\/p>\n<h3 class=\"millifyrirsogn_2007\">Fall J\u00fadar\u00edkis<\/h3>\n<p><a name=\"17\"><span class=\"versanumer_2007\">17<\/span><\/a> N\u00fa l\u00e9t Drottinn konung Kaldea halda gegn \u00feeim. Hann felldi \u00e6skumenn \u00feeirra me\u00f0 sver\u00f0i \u00ed h\u00fasi helgid\u00f3ms \u00feeirra. Hann hl\u00edf\u00f0i hvorki ungum k\u00f6rlum n\u00e9 konum, kornab\u00f6rnum n\u00e9 \u00f6ldungum, Drottinn seldi alla \u00ed hendur hans. <a name=\"18\"><span class=\"versanumer_2007\">18<\/span><\/a> Neb\u00fakadnesar flutti \u00f6ll \u00e1h\u00f6ld \u00far h\u00fasi Gu\u00f0s, b\u00e6\u00f0i st\u00f3r og sm\u00e1, til Bab\u00fdlonar. Einnig flutti hann \u00feanga\u00f0 alla fj\u00e1rsj\u00f3\u00f0i h\u00fass Drottins, konungsins og emb\u00e6ttismanna hans. <a name=\"19\"><span class=\"versanumer_2007\">19<\/span><\/a> Kaldear brenndu h\u00fas Gu\u00f0s, rifu ni\u00f0ur m\u00fara Jer\u00fasalem, kveiktu \u00ed \u00f6llum h\u00f6llum borgarinnar og skemmdu allt ver\u00f0m\u00e6tt. <a name=\"20\"><span class=\"versanumer_2007\">20<\/span><\/a> Neb\u00fakadnesar flutti alla sem sluppu undan sver\u00f0inu \u00ed \u00fatleg\u00f0 til Bab\u00fdlonar. \u00deeir ur\u00f0u \u00fer\u00e6lar hans og sona hans \u00fear til Persar n\u00e1\u00f0u yfirr\u00e1\u00f0um. <a name=\"21\"><span class=\"versanumer_2007\">21<\/span><\/a> \u00dear me\u00f0 r\u00e6ttist or\u00f0 Drottins sem flutt var af munni Jerem\u00eda. Landi\u00f0 hv\u00edldist allan t\u00edmann sem \u00fea\u00f0 var \u00ed ey\u00f0i, \u00fear til sj\u00f6t\u00edu \u00e1r voru li\u00f0in og \u00fea\u00f0 haf\u00f0i endurheimt s\u00edn vanr\u00e6ktu hv\u00edldar\u00e1r.<\/p>\n<h3 class=\"millifyrirsogn_2007\">Heimfararleyfi K\u00fdrusar<\/h3>\n<p><a name=\"22\"><span class=\"versanumer_2007\">22<\/span><\/a> \u00c1 fyrsta stj\u00f3rnar\u00e1ri K\u00fdrusar Persakonungs r\u00e6ttist or\u00f0 Drottins sem flutt haf\u00f0i veri\u00f0 af munni Jerem\u00eda. Drottinn bl\u00e9s K\u00fdrusi Persakonungi \u00fev\u00ed \u00ed brj\u00f3st a\u00f0 tilkynna eftirfarandi b\u00e6\u00f0i munnlega og skriflega: <a name=\"23\"><span class=\"versanumer_2007\">23<\/span><\/a> \u201eSvo segir K\u00fdrus Persakonungur: Drottinn, Gu\u00f0 himinsins, hefur gefi\u00f0 m\u00e9r \u00f6ll konungsr\u00edki veraldar. Hann hefur sj\u00e1lfur fali\u00f0 m\u00e9r a\u00f0 reisa s\u00e9r h\u00fas \u00ed Jer\u00fasalem sem er \u00ed J\u00fada. S\u00e9rhver ykkar \u00e1 me\u00f0al, sem er af l\u00fd\u00f0 hans, skal fara \u00feanga\u00f0 upp eftir og s\u00e9 Drottinn, Gu\u00f0 hans, me\u00f0 honum.\u201c<\/p>\n","protected":false},"excerpt":{"rendered":"<p>J\u00f3ahas konungur J\u00fada 1 F\u00f3lki\u00f0 \u00ed landinu t\u00f3k n\u00fa J\u00f3ahas J\u00f3s\u00edason til konungs \u00ed Jer\u00fasalem eftir f\u00f6\u00f0ur hans. 2 J\u00f3ahas var tuttugu og \u00feriggja \u00e1ra \u00feegar hann var\u00f0 konungur og hann r\u00edkti \u00ferj\u00e1 m\u00e1nu\u00f0i \u00ed Jer\u00fasalem. 3 Konungur Egyptalands setti hann \u00fe\u00e1 fr\u00e1 v\u00f6ldum \u00ed Jer\u00fasalem. Hann lag\u00f0i einnig refsiskatt \u00e1 landi\u00f0, hundra\u00f0 talentur silfurs og einnig talentu gulls. 4 Konungur Egyptalands ger\u00f0i Eljak\u00edm, br\u00f3\u00f0ur hans, a\u00f0 konungi yfir J\u00fada og Jer\u00fasalem og breytti nafni hans \u00ed J\u00f3jak\u00edm. En Nek\u00f3 t\u00f3k J\u00f3ahas, br\u00f3\u00f0ur hans, til fanga og flutti til Egyptalands. J\u00f3jak\u00edm konungur J\u00fada 5 J\u00f3jak\u00edm var tuttugu og fimm \u00e1ra <a href=\"https:\/\/biblian.is\/biblian\/sidari-kronikubok-36-kafli\/\"> [&#8230;]<\/a><\/p>\n","protected":false},"author":1,"featured_media":0,"parent":0,"menu_order":0,"comment_status":"open","ping_status":"open","template":"bibliukaflar_NT.php","meta":{"footnotes":""},"class_list":["post-2020","page","type-page","status-publish","hentry"],"_links":{"self":[{"href":"https:\/\/biblian.is\/biblian\/wp-json\/wp\/v2\/pages\/2020","targetHints":{"allow":["GET"]}}],"collection":[{"href":"https:\/\/biblian.is\/biblian\/wp-json\/wp\/v2\/pages"}],"about":[{"href":"https:\/\/biblian.is\/biblian\/wp-json\/wp\/v2\/types\/page"}],"author":[{"embeddable":true,"href":"https:\/\/biblian.is\/biblian\/wp-json\/wp\/v2\/users\/1"}],"replies":[{"embeddable":true,"href":"https:\/\/biblian.is\/biblian\/wp-json\/wp\/v2\/comments?post=2020"}],"version-history":[{"count":0,"href":"https:\/\/biblian.is\/biblian\/wp-json\/wp\/v2\/pages\/2020\/revisions"}],"wp:attachment":[{"href":"https:\/\/biblian.is\/biblian\/wp-json\/wp\/v2\/media?parent=2020"}],"curies":[{"name":"wp","href":"https:\/\/api.w.org\/{rel}","templated":true}]}}