{"id":2011,"date":"2017-12-30T21:01:20","date_gmt":"2017-12-30T21:01:20","guid":{"rendered":"http:\/\/biblian.is\/biblian\/s%c2%92_ari-kron%c2%92kub%c2%97k-27-kafli\/"},"modified":"2024-06-26T23:21:15","modified_gmt":"2024-06-26T23:21:15","slug":"sidari-kronikubok-27-kafli","status":"publish","type":"page","link":"https:\/\/biblian.is\/biblian\/sidari-kronikubok-27-kafli\/","title":{"rendered":"S\u00ed\u00f0ari kron\u00edkub\u00f3k 27. kafli"},"content":{"rendered":"<h3 class=\"millifyrirsogn_2007\"> J\u00f3tam J\u00fadakonungur<\/h3>\n<p><a name=\"1\"><span class=\"versanumer_2007\">1<\/span><\/a> J\u00f3tam var tuttugu og fimm \u00e1ra \u00feegar hann var\u00f0 konungur og hann r\u00edkti sext\u00e1n \u00e1r \u00ed Jer\u00fasalem. M\u00f3\u00f0ir hans h\u00e9t Jer\u00fasa og var Sad\u00f3ksd\u00f3ttir. <a name=\"2\"><span class=\"versanumer_2007\">2<\/span><\/a> Hann ger\u00f0i \u00fea\u00f0 sem r\u00e9tt var \u00ed augum Drottins alveg eins og \u00dass\u00eda, fa\u00f0ir hans. \u00de\u00f3 gekk hann ekki inn \u00ed musteri Drottins. En f\u00f3lki\u00f0 vann enn \u00fe\u00e1 \u00f3h\u00e6fuverk. <a name=\"3\"><span class=\"versanumer_2007\">3<\/span><\/a> \u00dea\u00f0 var J\u00f3tam sem l\u00e9t reisa efra hli\u00f0i\u00f0 \u00ed h\u00fasi Drottins og vinna miki\u00f0 a\u00f0 byggingu m\u00farsins vi\u00f0 \u00d3fel. <a name=\"4\"><span class=\"versanumer_2007\">4<\/span><\/a> Hann reisti einnig borgir \u00ed fjalllendi J\u00fada og \u00ed sk\u00f3ginum reisti hann virki og turna.<br \/> <a name=\"5\"><span class=\"versanumer_2007\">5<\/span><\/a> Hann \u00e1tti \u00ed str\u00ed\u00f0i vi\u00f0 konung Amm\u00f3n\u00edta og sigra\u00f0i. \u00c1 \u00fev\u00ed \u00e1ri greiddu Amm\u00f3n\u00edtar honum hundra\u00f0 sikla silfurs, t\u00edu \u00fe\u00fasund k\u00f3r af hveiti og t\u00edu \u00fe\u00fasund k\u00f3r af byggi. Sama skatt ur\u00f0u Amm\u00f3n\u00edtar a\u00f0 grei\u00f0a honum anna\u00f0 \u00e1ri\u00f0 og \u00fea\u00f0 \u00feri\u00f0ja. <a name=\"6\"><span class=\"versanumer_2007\">6<\/span><\/a> J\u00f3tam var\u00f0 voldugur af \u00fev\u00ed a\u00f0 hann gekk \u00f3hvikull frammi fyrir augliti Drottins, Gu\u00f0s s\u00edns.<\/p>\n<h3 class=\"millifyrirsogn_2007\">J\u00f3tam deyr<\/h3>\n<p><a name=\"7\"><span class=\"versanumer_2007\">7<\/span><\/a> \u00dea\u00f0 sem \u00f3sagt er af s\u00f6gu J\u00f3tams, um allar styrjaldir hans og verk, er skr\u00e1\u00f0 \u00ed b\u00f3k konunga \u00cdsraels og J\u00fada. <a name=\"8\"><span class=\"versanumer_2007\">8<\/span><\/a> Hann var tuttugu og fimm \u00e1ra \u00feegar hann var\u00f0 konungur og r\u00edkti sext\u00e1n \u00e1r \u00ed Jer\u00fasalem. <a name=\"9\"><span class=\"versanumer_2007\">9<\/span><\/a> J\u00f3tam var lag\u00f0ur til hv\u00edldar hj\u00e1 fe\u00f0rum s\u00ednum og grafinn \u00ed borg Dav\u00ed\u00f0s. Akas, sonur hans, var\u00f0 konungur eftir hann.<\/p>\n","protected":false},"excerpt":{"rendered":"<p>J\u00f3tam J\u00fadakonungur 1 J\u00f3tam var tuttugu og fimm \u00e1ra \u00feegar hann var\u00f0 konungur og hann r\u00edkti sext\u00e1n \u00e1r \u00ed Jer\u00fasalem. M\u00f3\u00f0ir hans h\u00e9t Jer\u00fasa og var Sad\u00f3ksd\u00f3ttir. 2 Hann ger\u00f0i \u00fea\u00f0 sem r\u00e9tt var \u00ed augum Drottins alveg eins og \u00dass\u00eda, fa\u00f0ir hans. \u00de\u00f3 gekk hann ekki inn \u00ed musteri Drottins. En f\u00f3lki\u00f0 vann enn \u00fe\u00e1 \u00f3h\u00e6fuverk. 3 \u00dea\u00f0 var J\u00f3tam sem l\u00e9t reisa efra hli\u00f0i\u00f0 \u00ed h\u00fasi Drottins og vinna miki\u00f0 a\u00f0 byggingu m\u00farsins vi\u00f0 \u00d3fel. 4 Hann reisti einnig borgir \u00ed fjalllendi J\u00fada og \u00ed sk\u00f3ginum reisti hann virki og turna. 5 Hann \u00e1tti \u00ed str\u00ed\u00f0i vi\u00f0 konung <a href=\"https:\/\/biblian.is\/biblian\/sidari-kronikubok-27-kafli\/\"> [&#8230;]<\/a><\/p>\n","protected":false},"author":1,"featured_media":0,"parent":0,"menu_order":0,"comment_status":"open","ping_status":"open","template":"bibliukaflar_NT.php","meta":{"footnotes":""},"class_list":["post-2011","page","type-page","status-publish","hentry"],"_links":{"self":[{"href":"https:\/\/biblian.is\/biblian\/wp-json\/wp\/v2\/pages\/2011","targetHints":{"allow":["GET"]}}],"collection":[{"href":"https:\/\/biblian.is\/biblian\/wp-json\/wp\/v2\/pages"}],"about":[{"href":"https:\/\/biblian.is\/biblian\/wp-json\/wp\/v2\/types\/page"}],"author":[{"embeddable":true,"href":"https:\/\/biblian.is\/biblian\/wp-json\/wp\/v2\/users\/1"}],"replies":[{"embeddable":true,"href":"https:\/\/biblian.is\/biblian\/wp-json\/wp\/v2\/comments?post=2011"}],"version-history":[{"count":0,"href":"https:\/\/biblian.is\/biblian\/wp-json\/wp\/v2\/pages\/2011\/revisions"}],"wp:attachment":[{"href":"https:\/\/biblian.is\/biblian\/wp-json\/wp\/v2\/media?parent=2011"}],"curies":[{"name":"wp","href":"https:\/\/api.w.org\/{rel}","templated":true}]}}