{"id":2000,"date":"2017-12-30T21:01:20","date_gmt":"2017-12-30T21:01:20","guid":{"rendered":"http:\/\/biblian.is\/biblian\/s%c2%92_ari-kron%c2%92kub%c2%97k-16-kafli\/"},"modified":"2024-06-26T23:21:12","modified_gmt":"2024-06-26T23:21:12","slug":"sidari-kronikubok-16-kafli","status":"publish","type":"page","link":"https:\/\/biblian.is\/biblian\/sidari-kronikubok-16-kafli\/","title":{"rendered":"S\u00ed\u00f0ari kron\u00edkub\u00f3k 16. kafli"},"content":{"rendered":"<h3 class=\"millifyrirsogn_2007\"> Str\u00ed\u00f0 vi\u00f0 \u00cdsrael<\/h3>\n<p><a name=\"1\"><span class=\"versanumer_2007\">1<\/span><\/a> \u00c1 \u00fer\u00edtugasta og sj\u00f6tta stj\u00f3rnar\u00e1ri Asa h\u00e9lt Basa \u00cdsraelskonungur \u00ed herf\u00f6r gegn J\u00fada. Hann v\u00edggirti Rama til \u00feess a\u00f0 hindra Asa J\u00fadakonung \u00ed \u00fev\u00ed a\u00f0 fara \u00fat \u00ed str\u00ed\u00f0i\u00f0 og komast heim aftur. <a name=\"2\"><span class=\"versanumer_2007\">2<\/span><\/a> \u00de\u00e1 t\u00f3k Asa silfur og gull \u00far fj\u00e1rhirslum h\u00fass Drottins og konungshallarinnar. Hann sendi \u00fea\u00f0 til Benhadads Aramskonungs sem sat \u00ed h\u00e1s\u00e6tinu \u00ed Damaskus og l\u00e9t flytja honum \u00feessi bo\u00f0: <a name=\"3\"><span class=\"versanumer_2007\">3<\/span><\/a> \u201eS\u00e1ttm\u00e1li er milli m\u00edn og \u00fe\u00edn eins og var milli f\u00f6\u00f0ur m\u00edns og f\u00f6\u00f0ur \u00fe\u00edns. \u00c9g sendi \u00fe\u00e9r h\u00e9r me\u00f0 silfur og gull. Rj\u00faf\u00f0u s\u00e1ttm\u00e1la \u00feinn vi\u00f0 Basa \u00cdsraelskonung svo a\u00f0 hann ver\u00f0i a\u00f0 h\u00f6rfa fr\u00e1 m\u00e9r.\u201c<br \/> <a name=\"4\"><span class=\"versanumer_2007\">4<\/span><\/a> Benhadad var\u00f0 vi\u00f0 tilm\u00e6lum Asa konungs. Hann sendi hersh\u00f6f\u00f0ingja s\u00edna \u00ed herf\u00f6r gegn borgum \u00cdsraels og sigra\u00f0i Ij\u00f3n, Dan og AbelMa\u00edm, auk \u00feess allar birg\u00f0ageymslur \u00ed borgum Naftal\u00ed. <a name=\"5\"><span class=\"versanumer_2007\">5<\/span><\/a> \u00deegar Basa fr\u00e9tti \u00feetta h\u00e6tti hann a\u00f0 v\u00edggir\u00f0a Rama. <a name=\"6\"><span class=\"versanumer_2007\">6<\/span><\/a> En Asa konungur kvaddi saman alla J\u00fadamenn og l\u00e9t \u00fe\u00e1 flytja burt steinana og timbri\u00f0 sem Basa haf\u00f0i nota\u00f0 vi\u00f0 a\u00f0 v\u00edggir\u00f0a Rama. Hann v\u00edggirti s\u00ed\u00f0an Geba og Mitspa me\u00f0 byggingarefninu.<br \/> <a name=\"7\"><span class=\"versanumer_2007\">7<\/span><\/a> \u00de\u00e1 kom sj\u00e1andinn Hanan\u00ed til Asa J\u00fadakonungs og sag\u00f0i vi\u00f0 hann: \u201e\u00dear sem \u00fe\u00fa hefur stutt \u00feig vi\u00f0 konung Aramea en ekki vi\u00f0 Drottin, Gu\u00f0 \u00feinn, \u00fe\u00e1 hefur her \u00cdsraelskonungs<span class=\"nedan_mal\" title=\" Sum handrit hafa \u201eher Arameakonungs\u201c.\">[<\/span> gengi\u00f0 \u00fe\u00e9r \u00far greipum. <a name=\"8\"><span class=\"versanumer_2007\">8<\/span><\/a> H\u00f6f\u00f0u K\u00fass\u00edtar og L\u00edb\u00edumenn ekki g\u00edfurlega \u00f6flugan her \u00e1samt m\u00f6rgum v\u00f6gnum og fj\u00f6lmennum vagnli\u00f0um? Eigi a\u00f0 s\u00ed\u00f0ur seldi Drottinn \u00fe\u00e1 \u00ed hendur \u00fe\u00e9r vegna \u00feess a\u00f0 \u00fe\u00fa studdist vi\u00f0 hann. <a name=\"9\"><span class=\"versanumer_2007\">9<\/span><\/a> \u00dev\u00ed a\u00f0 augu Drottins skima um alla j\u00f6r\u00f0ina til \u00feess a\u00f0 geta komi\u00f0 \u00feeim til hj\u00e1lpar sem eru heils hugar vi\u00f0 hann. \u00de\u00fa hefur breytt heimskulega \u00ed \u00feessu m\u00e1li, \u00feess vegna muntu eiga \u00ed \u00f3fri\u00f0i h\u00e9\u00f0an \u00ed fr\u00e1.\u201c<br \/> <a name=\"10\"><span class=\"versanumer_2007\">10<\/span><\/a> Asa reiddist sj\u00e1andanum og l\u00e9t setja hann \u00ed fangelsi af \u00fev\u00ed a\u00f0 hann var honum rei\u00f0ur. Asa t\u00f3k a\u00f0 beita \u00fdmsa \u00feegna s\u00edna har\u00f0r\u00e6\u00f0i um \u00feessar mundir.<\/p>\n<h3 class=\"millifyrirsogn_2007\">Asa deyr<\/h3>\n<p><a name=\"11\"><span class=\"versanumer_2007\">11<\/span><\/a> \u00dea\u00f0 sem \u00f3sagt er af s\u00f6gu Asa, fr\u00e1 upphafi til enda, er skr\u00e1\u00f0 \u00ed b\u00f3k konunga J\u00fada og \u00cdsraels.<br \/> <a name=\"12\"><span class=\"versanumer_2007\">12<\/span><\/a> \u00c1 \u00fer\u00edtugasta og n\u00edunda stj\u00f3rnar\u00e1ri s\u00ednu veiktist Asa \u00ed f\u00f3tum. Veikindi hans ur\u00f0u mj\u00f6g \u00feungb\u00e6r en samt leita\u00f0i hann ekki til Drottins \u00ed veikindum s\u00ednum heldur til l\u00e6kna. <a name=\"13\"><span class=\"versanumer_2007\">13<\/span><\/a> Asa var lag\u00f0ur til hv\u00edldar hj\u00e1 fe\u00f0rum s\u00ednum. Hann d\u00f3 \u00e1 fertugasta og fyrsta stj\u00f3rnar\u00e1ri s\u00ednu. Hann var grafinn \u00ed mikilli grafhvelfingu sem hann haf\u00f0i l\u00e1ti\u00f0 h\u00f6ggva \u00fat handa s\u00e9r \u00ed borg Dav\u00ed\u00f0s. Hann var lag\u00f0ur \u00e1 legsta\u00f0 sem haf\u00f0i veri\u00f0 \u00feakinn me\u00f0 ilmjurtum og alls kyns listilega tilreiddum smyrslum. Miki\u00f0 b\u00e1l var kveikt honum til hei\u00f0urs.<\/p>\n","protected":false},"excerpt":{"rendered":"<p>Str\u00ed\u00f0 vi\u00f0 \u00cdsrael 1 \u00c1 \u00fer\u00edtugasta og sj\u00f6tta stj\u00f3rnar\u00e1ri Asa h\u00e9lt Basa \u00cdsraelskonungur \u00ed herf\u00f6r gegn J\u00fada. Hann v\u00edggirti Rama til \u00feess a\u00f0 hindra Asa J\u00fadakonung \u00ed \u00fev\u00ed a\u00f0 fara \u00fat \u00ed str\u00ed\u00f0i\u00f0 og komast heim aftur. 2 \u00de\u00e1 t\u00f3k Asa silfur og gull \u00far fj\u00e1rhirslum h\u00fass Drottins og konungshallarinnar. Hann sendi \u00fea\u00f0 til Benhadads Aramskonungs sem sat \u00ed h\u00e1s\u00e6tinu \u00ed Damaskus og l\u00e9t flytja honum \u00feessi bo\u00f0: 3 \u201eS\u00e1ttm\u00e1li er milli m\u00edn og \u00fe\u00edn eins og var milli f\u00f6\u00f0ur m\u00edns og f\u00f6\u00f0ur \u00fe\u00edns. \u00c9g sendi \u00fe\u00e9r h\u00e9r me\u00f0 silfur og gull. Rj\u00faf\u00f0u s\u00e1ttm\u00e1la \u00feinn vi\u00f0 Basa \u00cdsraelskonung svo a\u00f0 <a href=\"https:\/\/biblian.is\/biblian\/sidari-kronikubok-16-kafli\/\"> [&#8230;]<\/a><\/p>\n","protected":false},"author":1,"featured_media":0,"parent":0,"menu_order":0,"comment_status":"open","ping_status":"open","template":"bibliukaflar_NT.php","meta":{"footnotes":""},"class_list":["post-2000","page","type-page","status-publish","hentry"],"_links":{"self":[{"href":"https:\/\/biblian.is\/biblian\/wp-json\/wp\/v2\/pages\/2000","targetHints":{"allow":["GET"]}}],"collection":[{"href":"https:\/\/biblian.is\/biblian\/wp-json\/wp\/v2\/pages"}],"about":[{"href":"https:\/\/biblian.is\/biblian\/wp-json\/wp\/v2\/types\/page"}],"author":[{"embeddable":true,"href":"https:\/\/biblian.is\/biblian\/wp-json\/wp\/v2\/users\/1"}],"replies":[{"embeddable":true,"href":"https:\/\/biblian.is\/biblian\/wp-json\/wp\/v2\/comments?post=2000"}],"version-history":[{"count":0,"href":"https:\/\/biblian.is\/biblian\/wp-json\/wp\/v2\/pages\/2000\/revisions"}],"wp:attachment":[{"href":"https:\/\/biblian.is\/biblian\/wp-json\/wp\/v2\/media?parent=2000"}],"curies":[{"name":"wp","href":"https:\/\/api.w.org\/{rel}","templated":true}]}}