{"id":1992,"date":"2017-12-30T21:01:15","date_gmt":"2017-12-30T21:01:15","guid":{"rendered":"http:\/\/biblian.is\/biblian\/s%c2%92_ari-kron%c2%92kub%c2%97k-8-kafli\/"},"modified":"2024-06-26T23:21:18","modified_gmt":"2024-06-26T23:21:18","slug":"sidari-kronikubok-8-kafli","status":"publish","type":"page","link":"https:\/\/biblian.is\/biblian\/sidari-kronikubok-8-kafli\/","title":{"rendered":"S\u00ed\u00f0ari kron\u00edkub\u00f3k 8. kafli"},"content":{"rendered":"<h3 class=\"millifyrirsogn_2007\"> Enn af verkum Sal\u00f3mons<\/h3>\n<p><a name=\"1\"><span class=\"versanumer_2007\">1<\/span><\/a> \u00deegar \u00feau tuttugu \u00e1r voru li\u00f0in sem \u00fea\u00f0 t\u00f3k Sal\u00f3mon a\u00f0 reisa musteri Drottins og eigi\u00f0 h\u00fas <a name=\"2\"><span class=\"versanumer_2007\">2<\/span><\/a> v\u00edggirti hann borgirnar sem H\u00faram haf\u00f0i afhent Sal\u00f3mon og l\u00e9t \u00cdsraelsmenn setjast \u00fear a\u00f0.<br \/> <a name=\"3\"><span class=\"versanumer_2007\">3<\/span><\/a> \u00dev\u00ed n\u00e6st f\u00f3r Sal\u00f3mon til Hama S\u00f3ba og t\u00f3k hana. <a name=\"4\"><span class=\"versanumer_2007\">4<\/span><\/a> Hann v\u00edggirti einnig Tadmor \u00ed ey\u00f0im\u00f6rkinni og allar birg\u00f0aborgirnar sem hann haf\u00f0i reist \u00ed Hamat. <a name=\"5\"><span class=\"versanumer_2007\">5<\/span><\/a> Hann v\u00edggirti einnig Efra og Ne\u00f0ra Beth\u00f3ron og ger\u00f0i \u00feessar borgir a\u00f0 virkjum me\u00f0 m\u00farum, hli\u00f0um og slagbr\u00f6ndum. <a name=\"6\"><span class=\"versanumer_2007\">6<\/span><\/a> Sal\u00f3mon v\u00edggirti einnig Baalat og allar birg\u00f0aborgirnar sem hann \u00e1tti og allar borgirnar fyrir hervagna s\u00edna, hesta og allt sem hann vildi reisa \u00ed Jer\u00fasalem, \u00ed L\u00edbanon og hvarvetna \u00ed r\u00edki s\u00ednu.<br \/> <a name=\"7\"><span class=\"versanumer_2007\">7<\/span><\/a> Sal\u00f3mon lag\u00f0i kva\u00f0avinnu \u00e1 alla sem eftir voru af Het\u00edtum, Amor\u00edtum, Peres\u00edtum, Hev\u00edtum og Jeb\u00fas\u00edtum og ekki voru \u00cdsraelsmenn. <a name=\"8\"><span class=\"versanumer_2007\">8<\/span><\/a> \u00dea\u00f0 voru ni\u00f0jar \u00feeirra sem enn voru eftir \u00ed landinu og \u00cdsraelsmenn h\u00f6f\u00f0u ekki eytt. \u00c1 \u00fe\u00e1 lag\u00f0i Sal\u00f3mon kva\u00f0avinnu sem \u00feeir hafa unni\u00f0 til \u00feessa dags. <a name=\"9\"><span class=\"versanumer_2007\">9<\/span><\/a> En Sal\u00f3mon ger\u00f0i enga \u00cdsraelsmenn a\u00f0 \u00fer\u00e6lum til a\u00f0 vinna fyrir sig. \u00deeir voru hermenn hans, emb\u00e6ttismenn, hersh\u00f6f\u00f0ingjar og h\u00f6fu\u00f0smenn, vagnstj\u00f3rar og foringjar yfir herv\u00f6gnum hans og hervagnali\u00f0um. <a name=\"10\"><span class=\"versanumer_2007\">10<\/span><\/a> Tv\u00f6 hundru\u00f0 og fimmt\u00edu verkstj\u00f3rar undir stj\u00f3rn landstj\u00f3ra Sal\u00f3mons konungs stj\u00f3rnu\u00f0u verkam\u00f6nnunum.<br \/> <a name=\"11\"><span class=\"versanumer_2007\">11<\/span><\/a> Sal\u00f3mon l\u00e9t d\u00f3ttur fara\u00f3s fara \u00far borg Dav\u00ed\u00f0s \u00ed h\u00fasi\u00f0 sem hann haf\u00f0i reist handa henni \u00fev\u00ed a\u00f0 hann sag\u00f0i: \u201eEngin kona \u00e1 a\u00f0 b\u00faa \u00ed h\u00fasi Dav\u00ed\u00f0s, konungs \u00cdsraels, \u00fev\u00ed a\u00f0 \u00fea\u00f0 er heilagt \u00fear sem \u00f6rk Drottins hefur komi\u00f0 \u00ed \u00fea\u00f0.\u201c<br \/> <a name=\"12\"><span class=\"versanumer_2007\">12<\/span><\/a> \u00c1 \u00feeim t\u00edma f\u00e6r\u00f0i Sal\u00f3mon Drottni brennif\u00f3rn \u00e1 altari Drottins sem hann haf\u00f0i l\u00e1ti\u00f0 reisa fyrir framan forsalinn. <a name=\"13\"><span class=\"versanumer_2007\">13<\/span><\/a> Hann f\u00e6r\u00f0i f\u00f3rnirnar eins og vi\u00f0 \u00e1tti hverju sinni, \u00e1 hv\u00edldard\u00f6gum og vi\u00f0 n\u00fdtt tungl, samkv\u00e6mt skipun M\u00f3se. \u00deetta ger\u00f0i hann einnig \u00e1 h\u00e1t\u00ed\u00f0unum sem haldnar eru \u00ferisvar \u00e1 \u00e1ri, h\u00e1t\u00ed\u00f0 hinna \u00f3s\u00fdr\u00f0u brau\u00f0a, viknah\u00e1t\u00ed\u00f0inni og laufsk\u00e1lah\u00e1t\u00ed\u00f0inni.<br \/> <a name=\"14\"><span class=\"versanumer_2007\">14<\/span><\/a> \u00cd samr\u00e6mi vi\u00f0 \u00e1kv\u00f6r\u00f0un Dav\u00ed\u00f0s, f\u00f6\u00f0ur s\u00edns, setti hann \u00fej\u00f3nustuflokka prestanna til \u00fej\u00f3nustu og Lev\u00edtana til starfa a\u00f0 flytja lofgj\u00f6r\u00f0 og \u00fej\u00f3na \u00e1samt prestunum eftir \u00fev\u00ed sem \u00feurfti hvern dag. <a name=\"15\"><span class=\"versanumer_2007\">15<\/span><\/a> Eins setti hann hli\u00f0ver\u00f0ina vi\u00f0 hvert hli\u00f0 samkv\u00e6mt \u00fej\u00f3nustuflokkum \u00feeirra \u00fev\u00ed a\u00f0 \u00feannig haf\u00f0i gu\u00f0sma\u00f0urinn Dav\u00ed\u00f0 m\u00e6lt fyrir. <a name=\"16\"><span class=\"versanumer_2007\">16<\/span><\/a> Ekki var viki\u00f0 \u00ed neinu fr\u00e1 fyrirm\u00e6lum konungs um prestana og Lev\u00edtana n\u00e9 heldur um fj\u00e1rhirsluna.<br \/> <a name=\"17\"><span class=\"versanumer_2007\">17<\/span><\/a> \u00dear me\u00f0 var \u00f6llu verki Sal\u00f3mons loki\u00f0 sem unni\u00f0 haf\u00f0i veri\u00f0 a\u00f0, fr\u00e1 \u00fev\u00ed a\u00f0 grunnur h\u00fass Drottins var lag\u00f0ur. H\u00fas Drottins var fullgert.<br \/> <a name=\"18\"><span class=\"versanumer_2007\">18<\/span><\/a> \u00de\u00e1 h\u00e9lt Sal\u00f3mon til Esj\u00f3n Geber og Elat \u00e1 str\u00f6nd hafsins \u00ed Ed\u00f3mslandi. <a name=\"19\"><span class=\"versanumer_2007\">19<\/span><\/a> H\u00faram sendi honum skip og reynda sj\u00f3menn \u00e1samt \u00f6\u00f0rum m\u00f6nnum \u00far \u00fej\u00f3nustu sinni. \u00deeir komu me\u00f0 m\u00f6nnum Sal\u00f3mons til \u00d3f\u00edr, fluttu \u00fea\u00f0an fj\u00f6gur hundru\u00f0 og fimmt\u00edu talentur gulls og f\u00e6r\u00f0u Sal\u00f3mon konungi.<\/p>\n","protected":false},"excerpt":{"rendered":"<p>Enn af verkum Sal\u00f3mons 1 \u00deegar \u00feau tuttugu \u00e1r voru li\u00f0in sem \u00fea\u00f0 t\u00f3k Sal\u00f3mon a\u00f0 reisa musteri Drottins og eigi\u00f0 h\u00fas 2 v\u00edggirti hann borgirnar sem H\u00faram haf\u00f0i afhent Sal\u00f3mon og l\u00e9t \u00cdsraelsmenn setjast \u00fear a\u00f0. 3 \u00dev\u00ed n\u00e6st f\u00f3r Sal\u00f3mon til Hama S\u00f3ba og t\u00f3k hana. 4 Hann v\u00edggirti einnig Tadmor \u00ed ey\u00f0im\u00f6rkinni og allar birg\u00f0aborgirnar sem hann haf\u00f0i reist \u00ed Hamat. 5 Hann v\u00edggirti einnig Efra og Ne\u00f0ra Beth\u00f3ron og ger\u00f0i \u00feessar borgir a\u00f0 virkjum me\u00f0 m\u00farum, hli\u00f0um og slagbr\u00f6ndum. 6 Sal\u00f3mon v\u00edggirti einnig Baalat og allar birg\u00f0aborgirnar sem hann \u00e1tti og allar borgirnar fyrir hervagna s\u00edna, <a href=\"https:\/\/biblian.is\/biblian\/sidari-kronikubok-8-kafli\/\"> [&#8230;]<\/a><\/p>\n","protected":false},"author":1,"featured_media":0,"parent":0,"menu_order":0,"comment_status":"open","ping_status":"open","template":"bibliukaflar_NT.php","meta":{"footnotes":""},"class_list":["post-1992","page","type-page","status-publish","hentry"],"_links":{"self":[{"href":"https:\/\/biblian.is\/biblian\/wp-json\/wp\/v2\/pages\/1992","targetHints":{"allow":["GET"]}}],"collection":[{"href":"https:\/\/biblian.is\/biblian\/wp-json\/wp\/v2\/pages"}],"about":[{"href":"https:\/\/biblian.is\/biblian\/wp-json\/wp\/v2\/types\/page"}],"author":[{"embeddable":true,"href":"https:\/\/biblian.is\/biblian\/wp-json\/wp\/v2\/users\/1"}],"replies":[{"embeddable":true,"href":"https:\/\/biblian.is\/biblian\/wp-json\/wp\/v2\/comments?post=1992"}],"version-history":[{"count":0,"href":"https:\/\/biblian.is\/biblian\/wp-json\/wp\/v2\/pages\/1992\/revisions"}],"wp:attachment":[{"href":"https:\/\/biblian.is\/biblian\/wp-json\/wp\/v2\/media?parent=1992"}],"curies":[{"name":"wp","href":"https:\/\/api.w.org\/{rel}","templated":true}]}}

Síðari kroníkubók 8. kafli

<h3 class="millifyrirsogn_2007"> Enn af verkum Salómons</h3>
<p><a name="1"><span class="versanumer_2007">1</span></a> Þegar þau tuttugu ár voru liðin sem það tók Salómon að reisa musteri Drottins og eigið hús <a name="2"><span class="versanumer_2007">2</span></a> víggirti hann borgirnar sem Húram hafði afhent Salómon og lét Ísraelsmenn setjast þar að.<br /> <a name="3"><span class="versanumer_2007">3</span></a> Því næst fór Salómon til Hama Sóba og tók hana. <a name="4"><span class="versanumer_2007">4</span></a> Hann víggirti einnig Tadmor í eyðimörkinni og allar birgðaborgirnar sem hann hafði reist í Hamat. <a name="5"><span class="versanumer_2007">5</span></a> Hann víggirti einnig Efra og Neðra Bethóron og gerði þessar borgir að virkjum með múrum, hliðum og slagbröndum. <a name="6"><span class="versanumer_2007">6</span></a> Salómon víggirti einnig Baalat og allar birgðaborgirnar sem hann átti og allar borgirnar fyrir hervagna sína, hesta og allt sem hann vildi reisa í Jerúsalem, í Líbanon og hvarvetna í ríki sínu.<br /> <a name="7"><span class="versanumer_2007">7</span></a> Salómon lagði kvaðavinnu á alla sem eftir voru af Hetítum, Amorítum, Peresítum, Hevítum og Jebúsítum og ekki voru Ísraelsmenn. <a name="8"><span class="versanumer_2007">8</span></a> Það voru niðjar þeirra sem enn voru eftir í landinu og Ísraelsmenn höfðu ekki eytt. Á þá lagði Salómon kvaðavinnu sem þeir hafa unnið til þessa dags. <a name="9"><span class="versanumer_2007">9</span></a> En Salómon gerði enga Ísraelsmenn að þrælum til að vinna fyrir sig. Þeir voru hermenn hans, embættismenn, hershöfðingjar og höfuðsmenn, vagnstjórar og foringjar yfir hervögnum hans og hervagnaliðum. <a name="10"><span class="versanumer_2007">10</span></a> Tvö hundruð og fimmtíu verkstjórar undir stjórn landstjóra Salómons konungs stjórnuðu verkamönnunum.<br /> <a name="11"><span class="versanumer_2007">11</span></a> Salómon lét dóttur faraós fara úr borg Davíðs í húsið sem hann hafði reist handa henni því að hann sagði: „Engin kona á að búa í húsi Davíðs, konungs Ísraels, því að það er heilagt þar sem örk Drottins hefur komið í það.“<br /> <a name="12"><span class="versanumer_2007">12</span></a> Á þeim tíma færði Salómon Drottni brennifórn á altari Drottins sem hann hafði látið reisa fyrir framan forsalinn. <a name="13"><span class="versanumer_2007">13</span></a> Hann færði fórnirnar eins og við átti hverju sinni, á hvíldardögum og við nýtt tungl, samkvæmt skipun Móse. Þetta gerði hann einnig á hátíðunum sem haldnar eru þrisvar á ári, hátíð hinna ósýrðu brauða, viknahátíðinni og laufskálahátíðinni.<br /> <a name="14"><span class="versanumer_2007">14</span></a> Í samræmi við ákvörðun Davíðs, föður síns, setti hann þjónustuflokka prestanna til þjónustu og Levítana til starfa að flytja lofgjörð og þjóna ásamt prestunum eftir því sem þurfti hvern dag. <a name="15"><span class="versanumer_2007">15</span></a> Eins setti hann hliðverðina við hvert hlið samkvæmt þjónustuflokkum þeirra því að þannig hafði guðsmaðurinn Davíð mælt fyrir. <a name="16"><span class="versanumer_2007">16</span></a> Ekki var vikið í neinu frá fyrirmælum konungs um prestana og Levítana né heldur um fjárhirsluna.<br /> <a name="17"><span class="versanumer_2007">17</span></a> Þar með var öllu verki Salómons lokið sem unnið hafði verið að, frá því að grunnur húss Drottins var lagður. Hús Drottins var fullgert.<br /> <a name="18"><span class="versanumer_2007">18</span></a> Þá hélt Salómon til Esjón Geber og Elat á strönd hafsins í Edómslandi. <a name="19"><span class="versanumer_2007">19</span></a> Húram sendi honum skip og reynda sjómenn ásamt öðrum mönnum úr þjónustu sinni. Þeir komu með mönnum Salómons til Ófír, fluttu þaðan fjögur hundruð og fimmtíu talentur gulls og færðu Salómon konungi.</p>

<p>Enn af verkum Salómons 1 Þegar þau tuttugu ár voru liðin sem það tók Salómon að reisa musteri Drottins og eigið hús 2 víggirti hann borgirnar sem Húram hafði afhent Salómon og lét Ísraelsmenn setjast þar að. 3 Því næst fór Salómon til Hama Sóba og tók hana. 4 Hann víggirti einnig Tadmor í eyðimörkinni og allar birgðaborgirnar sem hann hafði reist í Hamat. 5 Hann víggirti einnig Efra og Neðra Bethóron og gerði þessar borgir að virkjum með múrum, hliðum og slagbröndum. 6 Salómon víggirti einnig Baalat og allar birgðaborgirnar sem hann átti og allar borgirnar fyrir hervagna sína, <a href="https://biblian.is/biblian/sidari-kronikubok-8-kafli/"> [&#8230;]</a></p>
