{"id":1977,"date":"2017-12-30T21:01:10","date_gmt":"2017-12-30T21:01:10","guid":{"rendered":"http:\/\/biblian.is\/biblian\/fyrri-kron%c2%92kub%c2%97k-22-kafli\/"},"modified":"2024-06-26T23:20:38","modified_gmt":"2024-06-26T23:20:38","slug":"fyrri-kronikubok-22-kafli","status":"publish","type":"page","link":"https:\/\/biblian.is\/biblian\/fyrri-kronikubok-22-kafli\/","title":{"rendered":"Fyrri kron\u00edkub\u00f3k 22. kafli"},"content":{"rendered":"<h3 class=\"millifyrirsogn_2007\"> Bygging musterisins undirb\u00fain<\/h3>\n<p><a name=\"1\"><span class=\"versanumer_2007\">1<\/span><\/a> \u00de\u00e1 sag\u00f0i Dav\u00ed\u00f0: \u201e\u00deetta er h\u00fas Drottins Gu\u00f0s og \u00feetta er brennif\u00f3rnaraltari \u00cdsraels.\u201c<br \/> <a name=\"2\"><span class=\"versanumer_2007\">2<\/span><\/a> \u00dev\u00ed n\u00e6st skipa\u00f0i Dav\u00ed\u00f0 a\u00f0 safna skyldi saman a\u00f0komum\u00f6nnunum \u00ed landi \u00cdsraels. Hann ger\u00f0i \u00fe\u00e1 a\u00f0 steinsmi\u00f0um sem \u00e1ttu a\u00f0 h\u00f6ggva til steina til \u00feess a\u00f0 reisa h\u00fas Gu\u00f0s. <a name=\"3\"><span class=\"versanumer_2007\">3<\/span><\/a> Dav\u00ed\u00f0 l\u00e9t einnig taka til j\u00e1rn \u00ed naglana \u00ed v\u00e6ngjahur\u00f0ir hli\u00f0anna og \u00ed sl\u00e1rnar og svo mikinn eir a\u00f0 ekki var\u00f0 veginn. <a name=\"4\"><span class=\"versanumer_2007\">4<\/span><\/a> Einnig l\u00e9t hann vinna miki\u00f0 magn sedrusbj\u00e1lka sem \u00edb\u00faar \u00ed S\u00eddon og T\u00fdrus h\u00f6f\u00f0u sent honum. <a name=\"5\"><span class=\"versanumer_2007\">5<\/span><\/a> Dav\u00ed\u00f0 hugsa\u00f0i me\u00f0 s\u00e9r: \u201eSal\u00f3mon, sonur minn, er ungur og \u00f3reyndur en h\u00fasi\u00f0, sem reisa \u00e1 Drottni, skal ver\u00f0a miki\u00f0 og st\u00f3rfenglegt og vekja a\u00f0d\u00e1un um \u00f6ll l\u00f6nd. \u00deess vegna \u00e6tla \u00e9g a\u00f0 undirb\u00faa byggingu \u00feess.\u201c Dav\u00ed\u00f0 var vel \u00e1 veg kominn me\u00f0 undirb\u00faninginn \u00e1\u00f0ur en hann d\u00f3.<br \/> <a name=\"6\"><span class=\"versanumer_2007\">6<\/span><\/a> S\u00ed\u00f0an kalla\u00f0i hann Sal\u00f3mon, son sinn, fyrir sig og f\u00f3l honum a\u00f0 reisa Drottni, Gu\u00f0i \u00cdsraels, h\u00fas. <a name=\"7\"><span class=\"versanumer_2007\">7<\/span><\/a> Dav\u00ed\u00f0 sag\u00f0i vi\u00f0 Sal\u00f3mon: \u201eSonur minn. \u00c9g hef sj\u00e1lfur haft \u00ed huga a\u00f0 reisa nafni Drottins, Gu\u00f0s m\u00edns, h\u00fas. <a name=\"8\"><span class=\"versanumer_2007\">8<\/span><\/a> En svohlj\u00f3\u00f0andi or\u00f0 Drottins kom til m\u00edn: \u00de\u00fa hefur \u00fathellt miklu bl\u00f3\u00f0i og h\u00e1\u00f0 mikil str\u00ed\u00f0. \u00de\u00fa skalt ekki reisa nafni m\u00ednu h\u00fas af \u00fev\u00ed a\u00f0 \u00fe\u00fa hefur \u00fathellt miklu bl\u00f3\u00f0i \u00e1 j\u00f6r\u00f0ina fyrir augliti m\u00ednu. <a name=\"9\"><span class=\"versanumer_2007\">9<\/span><\/a> Hins vegar hefur \u00fe\u00e9r f\u00e6\u00f0st sonur. Hann ver\u00f0ur ma\u00f0ur fri\u00f0arins: \u00c9g mun veita honum fri\u00f0 fyrir \u00f6llum fjandm\u00f6nnum hans allt umhverfis. Nafn hans er Sal\u00f3mon og \u00e9g mun veita \u00cdsrael hv\u00edld og velgengni \u00e1 stj\u00f3rnart\u00edma hans. <a name=\"10\"><span class=\"versanumer_2007\">10<\/span><\/a> Hann skal reisa nafni m\u00ednu h\u00fas og hann ver\u00f0ur m\u00e9r sonur og \u00e9g ver\u00f0 honum fa\u00f0ir. \u00c9g mun \u00e6vinlega sty\u00f0ja hans konunglega h\u00e1s\u00e6ti. <a name=\"11\"><span class=\"versanumer_2007\">11<\/span><\/a> Sonur minn. N\u00fa s\u00e9 Drottinn me\u00f0 \u00fe\u00e9r svo a\u00f0 \u00fe\u00e9r megi takast a\u00f0 reisa h\u00fas Drottins, Gu\u00f0s \u00fe\u00edns, eins og hann hefur sagt um \u00feig a\u00f0 \u00fe\u00fa munir gera. <a name=\"12\"><span class=\"versanumer_2007\">12<\/span><\/a> Drottinn gefi \u00fe\u00e9r skynsemi og skilning. Hann mun setja \u00feig yfir \u00cdsrael og hj\u00e1lpa \u00fe\u00e9r a\u00f0 halda l\u00f6gm\u00e1l Drottins, Gu\u00f0s \u00fe\u00edns. <a name=\"13\"><span class=\"versanumer_2007\">13<\/span><\/a> \u00de\u00e9r mun takast \u00feetta ef \u00fe\u00fa g\u00e6tir \u00feess a\u00f0 fara eftir l\u00f6gum og reglum sem Drottinn f\u00f3l M\u00f3se handa \u00cdsrael. Vertu hugrakkur og sterkur. \u00d3ttastu ekki og l\u00e1ttu ekki hugfallast. <a name=\"14\"><span class=\"versanumer_2007\">14<\/span><\/a> \u00der\u00e1tt fyrir erfi\u00f0leika m\u00edna hef \u00e9g lagt fram hundra\u00f0 \u00fe\u00fasund talentur gulls og millj\u00f3n talentur silfurs til h\u00fass Drottins, auk \u00feess svo mikinn eir og j\u00e1rn a\u00f0 ekki ver\u00f0ur vegi\u00f0. \u00c9g hef einnig unni\u00f0 vi\u00f0 og steina og \u00fe\u00fa munt geta b\u00e6tt vi\u00f0 \u00fea\u00f0. <a name=\"15\"><span class=\"versanumer_2007\">15<\/span><\/a> \u00de\u00fa hefur fj\u00f6lmarga handverksmenn, steinsmi\u00f0i, m\u00farara, tr\u00e9smi\u00f0i og \u00f3teljandi reynda hagleiksmenn sem geta unni\u00f0 a\u00f0 allri sm\u00ed\u00f0i <a name=\"16\"><span class=\"versanumer_2007\">16<\/span><\/a> \u00far gulli, silfri, eir og j\u00e1rni. Byrja\u00f0u \u00fev\u00ed verki\u00f0 \u00feegar \u00ed sta\u00f0 og Drottinn s\u00e9 me\u00f0 \u00fe\u00e9r.\u201c<br \/> <a name=\"17\"><span class=\"versanumer_2007\">17<\/span><\/a> \u00dev\u00ed n\u00e6st skipa\u00f0i Dav\u00ed\u00f0 \u00f6llum h\u00f6f\u00f0ingjum \u00cdsraels a\u00f0 hj\u00e1lpa Sal\u00f3mon, syni s\u00ednum: <a name=\"18\"><span class=\"versanumer_2007\">18<\/span><\/a> \u201eHefur Drottinn, Gu\u00f0 ykkar, ekki veri\u00f0 me\u00f0 ykkur og veitt ykkur fri\u00f0 allt um kring? Hann hefur selt \u00edb\u00faa landsins \u00ed hendur m\u00e9r svo a\u00f0 landi\u00f0 hefur veri\u00f0 lagt undir Drottin og l\u00fd\u00f0 hans. <a name=\"19\"><span class=\"versanumer_2007\">19<\/span><\/a> Einbeiti\u00f0 ykkur n\u00fa a\u00f0 \u00fev\u00ed a\u00f0 leita Drottins, Gu\u00f0s ykkar. Taki\u00f0 a\u00f0 reisa helgid\u00f3m Drottins, Gu\u00f0s, til \u00feess a\u00f0 unnt ver\u00f0i a\u00f0 flytja s\u00e1ttm\u00e1ls\u00f6rk Drottins og hin heil\u00f6gu \u00e1h\u00f6ld Gu\u00f0s \u00ed h\u00fasi\u00f0 sem reist ver\u00f0ur nafni Drottins.\u201c<\/p>\n","protected":false},"excerpt":{"rendered":"<p>Bygging musterisins undirb\u00fain 1 \u00de\u00e1 sag\u00f0i Dav\u00ed\u00f0: \u201e\u00deetta er h\u00fas Drottins Gu\u00f0s og \u00feetta er brennif\u00f3rnaraltari \u00cdsraels.\u201c 2 \u00dev\u00ed n\u00e6st skipa\u00f0i Dav\u00ed\u00f0 a\u00f0 safna skyldi saman a\u00f0komum\u00f6nnunum \u00ed landi \u00cdsraels. Hann ger\u00f0i \u00fe\u00e1 a\u00f0 steinsmi\u00f0um sem \u00e1ttu a\u00f0 h\u00f6ggva til steina til \u00feess a\u00f0 reisa h\u00fas Gu\u00f0s. 3 Dav\u00ed\u00f0 l\u00e9t einnig taka til j\u00e1rn \u00ed naglana \u00ed v\u00e6ngjahur\u00f0ir hli\u00f0anna og \u00ed sl\u00e1rnar og svo mikinn eir a\u00f0 ekki var\u00f0 veginn. 4 Einnig l\u00e9t hann vinna miki\u00f0 magn sedrusbj\u00e1lka sem \u00edb\u00faar \u00ed S\u00eddon og T\u00fdrus h\u00f6f\u00f0u sent honum. 5 Dav\u00ed\u00f0 hugsa\u00f0i me\u00f0 s\u00e9r: \u201eSal\u00f3mon, sonur minn, er ungur og \u00f3reyndur en <a href=\"https:\/\/biblian.is\/biblian\/fyrri-kronikubok-22-kafli\/\"> [&#8230;]<\/a><\/p>\n","protected":false},"author":1,"featured_media":0,"parent":0,"menu_order":0,"comment_status":"open","ping_status":"open","template":"bibliukaflar_NT.php","meta":{"footnotes":""},"class_list":["post-1977","page","type-page","status-publish","hentry"],"_links":{"self":[{"href":"https:\/\/biblian.is\/biblian\/wp-json\/wp\/v2\/pages\/1977","targetHints":{"allow":["GET"]}}],"collection":[{"href":"https:\/\/biblian.is\/biblian\/wp-json\/wp\/v2\/pages"}],"about":[{"href":"https:\/\/biblian.is\/biblian\/wp-json\/wp\/v2\/types\/page"}],"author":[{"embeddable":true,"href":"https:\/\/biblian.is\/biblian\/wp-json\/wp\/v2\/users\/1"}],"replies":[{"embeddable":true,"href":"https:\/\/biblian.is\/biblian\/wp-json\/wp\/v2\/comments?post=1977"}],"version-history":[{"count":0,"href":"https:\/\/biblian.is\/biblian\/wp-json\/wp\/v2\/pages\/1977\/revisions"}],"wp:attachment":[{"href":"https:\/\/biblian.is\/biblian\/wp-json\/wp\/v2\/media?parent=1977"}],"curies":[{"name":"wp","href":"https:\/\/api.w.org\/{rel}","templated":true}]}}