{"id":1976,"date":"2017-12-30T21:01:10","date_gmt":"2017-12-30T21:01:10","guid":{"rendered":"http:\/\/biblian.is\/biblian\/fyrri-kron%c2%92kub%c2%97k-21-kafli\/"},"modified":"2024-06-26T23:20:38","modified_gmt":"2024-06-26T23:20:38","slug":"fyrri-kronikubok-21-kafli","status":"publish","type":"page","link":"https:\/\/biblian.is\/biblian\/fyrri-kronikubok-21-kafli\/","title":{"rendered":"Fyrri kron\u00edkub\u00f3k 21. kafli"},"content":{"rendered":"<h3 class=\"millifyrirsogn_2007\"> Manntali\u00f0 og pl\u00e1gan<\/h3>\n<p><a name=\"1\"><span class=\"versanumer_2007\">1<\/span><\/a> Satan reis upp gegn \u00cdsrael. Hann \u00e6sti Dav\u00ed\u00f0 til a\u00f0 l\u00e1ta telja \u00cdsraelsmenn. <a name=\"2\"><span class=\"versanumer_2007\">2<\/span><\/a> Dav\u00ed\u00f0 skipa\u00f0i \u00fev\u00ed J\u00f3ab og h\u00f6f\u00f0ingjum \u00fej\u00f3\u00f0arinnar svo: \u201eHaldi\u00f0 af sta\u00f0 og telji\u00f0 \u00cdsraelsmenn fr\u00e1 Beerseba til Dan. F\u00e6ri\u00f0 m\u00e9r svo ni\u00f0urst\u00f6\u00f0una \u00fev\u00ed a\u00f0 \u00e9g vil vita hve margir \u00feeir eru.\u201c<br \/> <a name=\"3\"><span class=\"versanumer_2007\">3<\/span><\/a> \u00de\u00e1 sag\u00f0i J\u00f3ab vi\u00f0 konung: \u201eDrottinn fj\u00f6lgi \u00fej\u00f3\u00f0 sinni hundra\u00f0falt fr\u00e1 \u00fev\u00ed sem n\u00fa er. En eru \u00feeir ekki allir \u00feegnar \u00fe\u00ednir, herra minn og konungur? Hvers vegna viltu \u00feetta, herra? Hvers vegna \u00e1 \u00feetta a\u00f0 lei\u00f0a sekt yfir \u00cdsrael?\u201c<br \/> <a name=\"4\"><span class=\"versanumer_2007\">4<\/span><\/a> Skipun konungs m\u00e1tti s\u00edn meira en sko\u00f0un J\u00f3abs. J\u00f3ab h\u00e9lt \u00fev\u00ed af sta\u00f0, f\u00f3r um allt \u00cdsraelsland og kom s\u00ed\u00f0an heim til Jer\u00fasalem. <a name=\"5\"><span class=\"versanumer_2007\">5<\/span><\/a> Hann tilkynnti Dav\u00ed\u00f0 ni\u00f0urst\u00f6\u00f0u manntalsins: \u00cd \u00f6llum \u00cdsrael voru ein millj\u00f3n og eitt hundra\u00f0 \u00fe\u00fasund menn sem g\u00e1tu brug\u00f0i\u00f0 sver\u00f0i en \u00ed J\u00fada voru fj\u00f6gur hundru\u00f0 og sj\u00f6t\u00edu \u00fe\u00fasund menn sem g\u00e1tu brug\u00f0i\u00f0 sver\u00f0i. <a name=\"6\"><span class=\"versanumer_2007\">6<\/span><\/a> En hann haf\u00f0i ekki tali\u00f0 Lev\u00ed og Benjam\u00edn me\u00f0 hinum af \u00fev\u00ed a\u00f0 hann haf\u00f0i andstygg\u00f0 \u00e1 skipun konungs. <a name=\"7\"><span class=\"versanumer_2007\">7<\/span><\/a> \u00deetta verk var illt \u00ed augum Gu\u00f0s. \u00deess vegna laust hann \u00cdsrael. <a name=\"8\"><span class=\"versanumer_2007\">8<\/span><\/a> Dav\u00ed\u00f0 ba\u00f0 \u00fev\u00ed til Drottins \u00e1 \u00feessa lei\u00f0: \u201e\u00c9g hef broti\u00f0 alvarlega af m\u00e9r me\u00f0 \u00fev\u00ed a\u00f0 vinna \u00feetta verk. Drottinn, fyrirgef\u00f0u n\u00fa \u00fer\u00e6li \u00fe\u00ednum \u00fev\u00ed a\u00f0 \u00e9g hef fari\u00f0 heimskulega a\u00f0 r\u00e1\u00f0i m\u00ednu.\u201c<br \/> <a name=\"9\"><span class=\"versanumer_2007\">9<\/span><\/a> \u00de\u00e1 tala\u00f0i Drottinn vi\u00f0 Ga\u00f0, sj\u00e1anda Dav\u00ed\u00f0s, og sag\u00f0i: <a name=\"10\"><span class=\"versanumer_2007\">10<\/span><\/a> \u201eFar \u00fe\u00fa og seg vi\u00f0 Dav\u00ed\u00f0: Svo segir Drottinn: \u00c9g set \u00fe\u00e9r \u00ferj\u00e1 kosti: Veldu einn \u00feeirra og \u00e9g mun l\u00e1ta \u00fea\u00f0 yfir \u00feig ganga.\u201c <a name=\"11\"><span class=\"versanumer_2007\">11<\/span><\/a> \u00dev\u00ed n\u00e6st gekk Ga\u00f0 fyrir Dav\u00ed\u00f0 og sag\u00f0i vi\u00f0 hann: \u201eSvo segir Drottinn: Veldu eitt af \u00feessu: <a name=\"12\"><span class=\"versanumer_2007\">12<\/span><\/a> Hungursney\u00f0 \u00ed \u00ferj\u00fa \u00e1r, fl\u00f3tta \u00ed \u00ferj\u00e1 m\u00e1nu\u00f0i undan \u00f3vinum \u00fe\u00ednum og sver\u00f0sh\u00f6ggum fjandmanna \u00feinna e\u00f0a sver\u00f0 Drottins, \u00fea\u00f0 er dreps\u00f3tt \u00ed landinu \u00ed \u00ferj\u00e1 daga. \u00de\u00e1 mun engill Drottins herja \u00e1 \u00f6llu landsv\u00e6\u00f0i \u00cdsraels. \u00cdhuga\u00f0u n\u00fa vandlega hva\u00f0a svar \u00e9g \u00e1 a\u00f0 f\u00e6ra \u00feeim sem sendi mig.\u201c<br \/> <a name=\"13\"><span class=\"versanumer_2007\">13<\/span><\/a> Dav\u00ed\u00f0 svara\u00f0i Ga\u00f0: \u201eN\u00fa er \u00far v\u00f6ndu a\u00f0 r\u00e1\u00f0a. Helst vil \u00e9g falla \u00ed hendur Drottins \u00fev\u00ed a\u00f0 mikil er miskunn hans en \u00ed hendur manna vil \u00e9g ekki falla.\u201c<br \/> <a name=\"14\"><span class=\"versanumer_2007\">14<\/span><\/a> \u00de\u00e1 sendi Drottinn dreps\u00f3tt yfir \u00cdsrael og d\u00f3u \u00fe\u00e1 sj\u00f6t\u00edu \u00fe\u00fasund manns \u00ed \u00cdsrael. <a name=\"15\"><span class=\"versanumer_2007\">15<\/span><\/a> Gu\u00f0 sendi engil til Jer\u00fasalem til \u00feess a\u00f0 ey\u00f0a borgina. En \u00feegar hann var \u00ed \u00feann veginn a\u00f0 ey\u00f0a hana s\u00e1 Drottinn \u00fea\u00f0 og i\u00f0ra\u00f0ist \u00feessa b\u00f6ls og sag\u00f0i vi\u00f0 engilinn sem eyddi f\u00f3lkinu: \u201eN\u00fa er n\u00f3g komi\u00f0. Drag\u00f0u a\u00f0 \u00fe\u00e9r h\u00f6ndina.\u201c Engill Drottins st\u00f3\u00f0 \u00fe\u00e1 vi\u00f0 \u00fereskiv\u00f6ll Jeb\u00fas\u00edtans Ornans.<br \/> <a name=\"16\"><span class=\"versanumer_2007\">16<\/span><\/a> \u00deegar Dav\u00ed\u00f0 leit upp s\u00e1 hann engil Drottins standa milli himins og jar\u00f0ar me\u00f0 brug\u00f0i\u00f0 sver\u00f0 \u00ed hendi og var \u00fev\u00ed beint gegn Jer\u00fasalem. Dav\u00ed\u00f0 og \u00f6ldungarnir f\u00e9llu \u00fe\u00e1 fram \u00e1 \u00e1sj\u00f3nur s\u00ednar, kl\u00e6ddir h\u00e6rusekkjum. <a name=\"17\"><span class=\"versanumer_2007\">17<\/span><\/a> Dav\u00ed\u00f0 sag\u00f0i vi\u00f0 Gu\u00f0: \u201eEr \u00fea\u00f0 ekki \u00e9g sem hef gefi\u00f0 skipun um a\u00f0 \u00fej\u00f3\u00f0in skuli talin? \u00dea\u00f0 er \u00e9g sem hef syndga\u00f0, \u00fea\u00f0 er \u00e9g sem hef broti\u00f0 af m\u00e9r. En hva\u00f0 hefur \u00feessi hj\u00f6r\u00f0 h\u00e9rna gert? Drottinn, Gu\u00f0 minn. Lyftu hendi \u00feinni gegn m\u00e9r og fj\u00f6lskyldu minni en greiddu \u00fej\u00f3\u00f0 \u00feinni ekki h\u00f6gg.\u201c<\/p>\n<h3 class=\"millifyrirsogn_2007\">Musterinu valinn sta\u00f0ur<\/h3>\n<p><a name=\"18\"><span class=\"versanumer_2007\">18<\/span><\/a> N\u00fa skipa\u00f0i engill Drottins Ga\u00f0 a\u00f0 segja Dav\u00ed\u00f0 a\u00f0 fara upp eftir til \u00feess a\u00f0 reisa Drottni altari \u00e1 \u00fereskivelli Jeb\u00fas\u00edtans Ornans. <a name=\"19\"><span class=\"versanumer_2007\">19<\/span><\/a> Dav\u00ed\u00f0 gekk \u00fe\u00e1 upp eftir eins og Ga\u00f0 haf\u00f0i bo\u00f0i\u00f0 \u00ed nafni Drottins.<br \/> <a name=\"20\"><span class=\"versanumer_2007\">20<\/span><\/a> Ornan var a\u00f0 \u00fereskja hveiti, haf\u00f0i sn\u00fai\u00f0 s\u00e9r vi\u00f0 og s\u00e9\u00f0 engil Drottins en fj\u00f3rir synir hans, sem voru me\u00f0 honum, h\u00f6f\u00f0u fali\u00f0 sig. <a name=\"21\"><span class=\"versanumer_2007\">21<\/span><\/a> \u00deegar Dav\u00ed\u00f0 kom til Ornans og hann leit upp og s\u00e1 Dav\u00ed\u00f0 gekk hann \u00fat af \u00fereskivellinum og f\u00e9ll fram \u00e1 \u00e1sj\u00f3nu s\u00edna frammi fyrir Dav\u00ed\u00f0. <a name=\"22\"><span class=\"versanumer_2007\">22<\/span><\/a> \u00de\u00e1 sag\u00f0i Dav\u00ed\u00f0 vi\u00f0 Ornan: \u201eL\u00e1ttu mig f\u00e1 landi\u00f0 sem \u00fereskiv\u00f6llurinn er \u00e1. \u00dear \u00e6tla \u00e9g a\u00f0 reisa Drottni altari. Seldu m\u00e9r \u00fea\u00f0 fullu ver\u00f0i svo a\u00f0 dreps\u00f3ttinni l\u00e9tti af \u00fej\u00f3\u00f0inni.\u201c<br \/> <a name=\"23\"><span class=\"versanumer_2007\">23<\/span><\/a> Ornan svara\u00f0i Dav\u00ed\u00f0: \u201eTaktu \u00fea\u00f0. \u00de\u00fa, herra minn og konungur, skalt gera \u00fea\u00f0 sem \u00fe\u00fa vilt. \u00c9g gef \u00fe\u00e9r h\u00e9r me\u00f0 nautin \u00ed brennif\u00f3rnir, \u00fereskisle\u00f0ana sem eldivi\u00f0 og hveiti\u00f0 \u00ed kornf\u00f3rn. Allt \u00feetta gef \u00e9g \u00fe\u00e9r.\u201c<br \/> <a name=\"24\"><span class=\"versanumer_2007\">24<\/span><\/a> Dav\u00ed\u00f0 konungur svara\u00f0i Ornan: \u201eNei, \u00e9g vil kaupa \u00fea\u00f0 af \u00fe\u00e9r fullu ver\u00f0i. \u00c9g get ekki teki\u00f0 eign \u00fe\u00edna og f\u00e6rt Drottni brennif\u00f3rn sem \u00e9g hef ekki greitt.\u201c<br \/> <a name=\"25\"><span class=\"versanumer_2007\">25<\/span><\/a> \u00dev\u00ed n\u00e6st greiddi Dav\u00ed\u00f0 Ornan sex hundru\u00f0 sikla gulls fyrir landi\u00f0. <a name=\"26\"><span class=\"versanumer_2007\">26<\/span><\/a> \u00dearna reisti Dav\u00ed\u00f0 Drottni altari og f\u00e6r\u00f0i brennif\u00f3rnir og heillaf\u00f3rn. Hann \u00e1kalla\u00f0i Drottin og hann svara\u00f0i honum me\u00f0 eldi sem kom \u00e1 brennif\u00f3rnaraltari\u00f0 ni\u00f0ur af himni. <a name=\"27\"><span class=\"versanumer_2007\">27<\/span><\/a> \u00de\u00e1 skipa\u00f0i Drottinn englinum a\u00f0 sl\u00ed\u00f0ra sver\u00f0 sitt.<br \/> <a name=\"28\"><span class=\"versanumer_2007\">28<\/span><\/a> \u00deegar Dav\u00ed\u00f0 haf\u00f0i komist a\u00f0 \u00fev\u00ed a\u00f0 Drottinn b\u00e6nheyr\u00f0i hann \u00e1 \u00fereskivelli Ornans gat hann f\u00e6rt honum f\u00f3rnir \u00fear. <a name=\"29\"><span class=\"versanumer_2007\">29<\/span><\/a> B\u00fasta\u00f0ur Drottins, sem M\u00f3se haf\u00f0i gert \u00ed ey\u00f0im\u00f6rkinni, og brennif\u00f3rnaraltari\u00f0 voru \u00e1 \u00feessum t\u00edma \u00ed G\u00edbeon. <a name=\"30\"><span class=\"versanumer_2007\">30<\/span><\/a> En Dav\u00ed\u00f0 gat ekki gengi\u00f0 fyrir auglit Gu\u00f0s til a\u00f0 leita svara hans af \u00fev\u00ed a\u00f0 hann \u00f3tta\u00f0ist sver\u00f0 engils Drottins.<\/p>\n","protected":false},"excerpt":{"rendered":"<p>Manntali\u00f0 og pl\u00e1gan 1 Satan reis upp gegn \u00cdsrael. Hann \u00e6sti Dav\u00ed\u00f0 til a\u00f0 l\u00e1ta telja \u00cdsraelsmenn. 2 Dav\u00ed\u00f0 skipa\u00f0i \u00fev\u00ed J\u00f3ab og h\u00f6f\u00f0ingjum \u00fej\u00f3\u00f0arinnar svo: \u201eHaldi\u00f0 af sta\u00f0 og telji\u00f0 \u00cdsraelsmenn fr\u00e1 Beerseba til Dan. F\u00e6ri\u00f0 m\u00e9r svo ni\u00f0urst\u00f6\u00f0una \u00fev\u00ed a\u00f0 \u00e9g vil vita hve margir \u00feeir eru.\u201c 3 \u00de\u00e1 sag\u00f0i J\u00f3ab vi\u00f0 konung: \u201eDrottinn fj\u00f6lgi \u00fej\u00f3\u00f0 sinni hundra\u00f0falt fr\u00e1 \u00fev\u00ed sem n\u00fa er. En eru \u00feeir ekki allir \u00feegnar \u00fe\u00ednir, herra minn og konungur? Hvers vegna viltu \u00feetta, herra? Hvers vegna \u00e1 \u00feetta a\u00f0 lei\u00f0a sekt yfir \u00cdsrael?\u201c 4 Skipun konungs m\u00e1tti s\u00edn meira en sko\u00f0un J\u00f3abs. J\u00f3ab <a href=\"https:\/\/biblian.is\/biblian\/fyrri-kronikubok-21-kafli\/\"> [&#8230;]<\/a><\/p>\n","protected":false},"author":1,"featured_media":0,"parent":0,"menu_order":0,"comment_status":"open","ping_status":"open","template":"bibliukaflar_NT.php","meta":{"footnotes":""},"class_list":["post-1976","page","type-page","status-publish","hentry"],"_links":{"self":[{"href":"https:\/\/biblian.is\/biblian\/wp-json\/wp\/v2\/pages\/1976","targetHints":{"allow":["GET"]}}],"collection":[{"href":"https:\/\/biblian.is\/biblian\/wp-json\/wp\/v2\/pages"}],"about":[{"href":"https:\/\/biblian.is\/biblian\/wp-json\/wp\/v2\/types\/page"}],"author":[{"embeddable":true,"href":"https:\/\/biblian.is\/biblian\/wp-json\/wp\/v2\/users\/1"}],"replies":[{"embeddable":true,"href":"https:\/\/biblian.is\/biblian\/wp-json\/wp\/v2\/comments?post=1976"}],"version-history":[{"count":0,"href":"https:\/\/biblian.is\/biblian\/wp-json\/wp\/v2\/pages\/1976\/revisions"}],"wp:attachment":[{"href":"https:\/\/biblian.is\/biblian\/wp-json\/wp\/v2\/media?parent=1976"}],"curies":[{"name":"wp","href":"https:\/\/api.w.org\/{rel}","templated":true}]}}