{"id":1973,"date":"2017-12-30T21:01:10","date_gmt":"2017-12-30T21:01:10","guid":{"rendered":"http:\/\/biblian.is\/biblian\/fyrri-kron%c2%92kub%c2%97k-18-kafli\/"},"modified":"2024-06-26T23:20:37","modified_gmt":"2024-06-26T23:20:37","slug":"fyrri-kronikubok-18-kafli","status":"publish","type":"page","link":"https:\/\/biblian.is\/biblian\/fyrri-kronikubok-18-kafli\/","title":{"rendered":"Fyrri kron\u00edkub\u00f3k 18. kafli"},"content":{"rendered":"<h3 class=\"millifyrirsogn_2007\"> Sigrar Dav\u00ed\u00f0s<\/h3>\n<p><a name=\"1\"><span class=\"versanumer_2007\">1<\/span><\/a> Eftir \u00feetta vann Dav\u00ed\u00f0 sigur \u00e1 Filisteum. Hann braut \u00fe\u00e1 undir sig og n\u00e1\u00f0i Gat og \u00feorpunum umhverfis hana undan yfirr\u00e1\u00f0um Filistea. <a name=\"2\"><span class=\"versanumer_2007\">2<\/span><\/a> Einnig sigra\u00f0i hann M\u00f3ab\u00edta sem ur\u00f0u skattskyldir \u00feegnar Dav\u00ed\u00f0s. <a name=\"3\"><span class=\"versanumer_2007\">3<\/span><\/a> Dav\u00ed\u00f0 sigra\u00f0i einnig Hadadeser, konung \u00ed S\u00f3ba, \u00ed n\u00e1nd vi\u00f0 Hamat \u00fear sem Hadadeser var \u00ed lei\u00f0angri til a\u00f0 endurreisa veldi sitt vi\u00f0 Efratflj\u00f3t. <a name=\"4\"><span class=\"versanumer_2007\">4<\/span><\/a> Dav\u00ed\u00f0 vann af honum \u00fe\u00fasund vagna, sj\u00f6 \u00fe\u00fasund vagnli\u00f0a og tuttugu \u00fe\u00fasund f\u00f3tg\u00f6nguli\u00f0a. Hann l\u00e9t skera \u00ed sundur h\u00e1sinarnar \u00e1 \u00f6llum hestunum, nema \u00e1 hundra\u00f0 sem hann h\u00e9lt eftir.<br \/> <a name=\"5\"><span class=\"versanumer_2007\">5<\/span><\/a> \u00deegar Aramearnir fr\u00e1 Damaskus komu Hadadeser, konungi \u00ed S\u00f3ba, til hj\u00e1lpar felldi Dav\u00ed\u00f0 tuttugu og tv\u00f6 \u00fe\u00fasund Aramea. <a name=\"6\"><span class=\"versanumer_2007\">6<\/span><\/a> \u00dev\u00ed n\u00e6st setti Dav\u00ed\u00f0 landstj\u00f3ra yfir r\u00edki Aramea \u00ed Damaskus og ur\u00f0u \u00feeir skattskyldir \u00feegnar Dav\u00ed\u00f0s. \u00deannig studdi Drottinn Dav\u00ed\u00f0 hvert sem hann f\u00f3r. <a name=\"7\"><span class=\"versanumer_2007\">7<\/span><\/a> Gullskildina, sem menn Hadadesers \u00e1ttu, t\u00f3k Dav\u00ed\u00f0 herfangi og flutti til Jer\u00fasalem. <a name=\"8\"><span class=\"versanumer_2007\">8<\/span><\/a> Dav\u00ed\u00f0 t\u00f3k einnig mj\u00f6g mikinn eir a\u00f0 herfangi \u00far borgum Hadadesers, Tebak og K\u00fan. \u00dar \u00fev\u00ed l\u00e9t Sal\u00f3mon gera eirhafi\u00f0, s\u00falurnar og \u00e1h\u00f6ld \u00far eir.<br \/> <a name=\"9\"><span class=\"versanumer_2007\">9<\/span><\/a> \u00deegar T\u00f3\u00fa, konungur \u00ed Hamat, fr\u00e9tti a\u00f0 Dav\u00ed\u00f0 hef\u00f0i sigra\u00f0 allan her Hadadesers, konungs \u00ed S\u00f3ba, <a name=\"10\"><span class=\"versanumer_2007\">10<\/span><\/a> sendi hann Ha\u00f3ram, son sinn, me\u00f0 gripi \u00far gulli, silfri og eir til Dav\u00ed\u00f0s konungs. Hann l\u00e9t flytja honum kve\u00f0ju og heilla\u00f3skir vegna \u00feess a\u00f0 hann haf\u00f0i barist vi\u00f0 Hadadeser og sigra\u00f0 hann en T\u00f3\u00fa haf\u00f0i \u00e1tt \u00ed str\u00ed\u00f0i vi\u00f0 Hadadeser. <a name=\"11\"><span class=\"versanumer_2007\">11<\/span><\/a> Dav\u00ed\u00f0 helga\u00f0i gripina Drottni \u00e1samt silfrinu og gullinu sem hann haf\u00f0i teki\u00f0 a\u00f0 herfangi fr\u00e1 \u00f6llum \u00fej\u00f3\u00f0unum, fr\u00e1 Ed\u00f3m, M\u00f3ab, Amm\u00f3n\u00edtum, Filisteum og Amalek.<br \/> <a name=\"12\"><span class=\"versanumer_2007\">12<\/span><\/a> \u00deegar Dav\u00ed\u00f0 sneri heim sigra\u00f0i hann Ed\u00f3m \u00ed Saltdalnum og felldi \u00e1tj\u00e1n \u00fe\u00fasund menn. <a name=\"13\"><span class=\"versanumer_2007\">13<\/span><\/a> \u00dev\u00ed n\u00e6st setti hann landstj\u00f3ra yfir Ed\u00f3m og allir Ed\u00f3m\u00edtar ur\u00f0u \u00feegnar Dav\u00ed\u00f0s. \u00deannig studdi Drottinn Dav\u00ed\u00f0 hvert sem hann f\u00f3r.<\/p>\n<h3 class=\"millifyrirsogn_2007\">Emb\u00e6ttismenn vi\u00f0 hir\u00f0 Dav\u00ed\u00f0s<\/h3>\n<p><a name=\"14\"><span class=\"versanumer_2007\">14<\/span><\/a> Dav\u00ed\u00f0 r\u00edkti yfir \u00f6llum \u00cdsrael. Hann l\u00e9t alla \u00fej\u00f3\u00f0 s\u00edna nj\u00f3ta r\u00e9ttar og r\u00e9ttl\u00e6tis.<br \/> <a name=\"15\"><span class=\"versanumer_2007\">15<\/span><\/a> J\u00f3ab Ser\u00fajuson var settur yfir herinn, J\u00f3safat Ah\u00edl\u00fa\u00f0sson var kallari konungs, <a name=\"16\"><span class=\"versanumer_2007\">16<\/span><\/a> Sad\u00f3k Ak\u00edt\u00fabsson og Ab\u00edmelek Abjatarsson voru prestar og Savsa var r\u00edkisritari. <a name=\"17\"><span class=\"versanumer_2007\">17<\/span><\/a> Benaja J\u00f3jadason var foringi Kreta og Pleta. Synir Dav\u00ed\u00f0s voru fremstir \u00feeirra sem voru konungi til a\u00f0sto\u00f0ar.<\/p>\n","protected":false},"excerpt":{"rendered":"<p>Sigrar Dav\u00ed\u00f0s 1 Eftir \u00feetta vann Dav\u00ed\u00f0 sigur \u00e1 Filisteum. Hann braut \u00fe\u00e1 undir sig og n\u00e1\u00f0i Gat og \u00feorpunum umhverfis hana undan yfirr\u00e1\u00f0um Filistea. 2 Einnig sigra\u00f0i hann M\u00f3ab\u00edta sem ur\u00f0u skattskyldir \u00feegnar Dav\u00ed\u00f0s. 3 Dav\u00ed\u00f0 sigra\u00f0i einnig Hadadeser, konung \u00ed S\u00f3ba, \u00ed n\u00e1nd vi\u00f0 Hamat \u00fear sem Hadadeser var \u00ed lei\u00f0angri til a\u00f0 endurreisa veldi sitt vi\u00f0 Efratflj\u00f3t. 4 Dav\u00ed\u00f0 vann af honum \u00fe\u00fasund vagna, sj\u00f6 \u00fe\u00fasund vagnli\u00f0a og tuttugu \u00fe\u00fasund f\u00f3tg\u00f6nguli\u00f0a. Hann l\u00e9t skera \u00ed sundur h\u00e1sinarnar \u00e1 \u00f6llum hestunum, nema \u00e1 hundra\u00f0 sem hann h\u00e9lt eftir. 5 \u00deegar Aramearnir fr\u00e1 Damaskus komu Hadadeser, konungi \u00ed S\u00f3ba, <a href=\"https:\/\/biblian.is\/biblian\/fyrri-kronikubok-18-kafli\/\"> [&#8230;]<\/a><\/p>\n","protected":false},"author":1,"featured_media":0,"parent":0,"menu_order":0,"comment_status":"open","ping_status":"open","template":"bibliukaflar_NT.php","meta":{"footnotes":""},"class_list":["post-1973","page","type-page","status-publish","hentry"],"_links":{"self":[{"href":"https:\/\/biblian.is\/biblian\/wp-json\/wp\/v2\/pages\/1973","targetHints":{"allow":["GET"]}}],"collection":[{"href":"https:\/\/biblian.is\/biblian\/wp-json\/wp\/v2\/pages"}],"about":[{"href":"https:\/\/biblian.is\/biblian\/wp-json\/wp\/v2\/types\/page"}],"author":[{"embeddable":true,"href":"https:\/\/biblian.is\/biblian\/wp-json\/wp\/v2\/users\/1"}],"replies":[{"embeddable":true,"href":"https:\/\/biblian.is\/biblian\/wp-json\/wp\/v2\/comments?post=1973"}],"version-history":[{"count":0,"href":"https:\/\/biblian.is\/biblian\/wp-json\/wp\/v2\/pages\/1973\/revisions"}],"wp:attachment":[{"href":"https:\/\/biblian.is\/biblian\/wp-json\/wp\/v2\/media?parent=1973"}],"curies":[{"name":"wp","href":"https:\/\/api.w.org\/{rel}","templated":true}]}}