{"id":1971,"date":"2017-12-30T21:01:10","date_gmt":"2017-12-30T21:01:10","guid":{"rendered":"http:\/\/biblian.is\/biblian\/fyrri-kron%c2%92kub%c2%97k-16-kafli\/"},"modified":"2024-06-26T23:20:37","modified_gmt":"2024-06-26T23:20:37","slug":"fyrri-kronikubok-16-kafli","status":"publish","type":"page","link":"https:\/\/biblian.is\/biblian\/fyrri-kronikubok-16-kafli\/","title":{"rendered":"Fyrri kron\u00edkub\u00f3k 16. kafli"},"content":{"rendered":"<p><a name=\"1\"><span class=\"versanumer_2007\">1<\/span><\/a> \u00d6rk Gu\u00f0s var n\u00fa borin inn og henni komi\u00f0 fyrir \u00ed mi\u00f0ju tjaldinu sem Dav\u00ed\u00f0 haf\u00f0i l\u00e1ti\u00f0 setja upp fyrir hana. \u00dev\u00ed n\u00e6st voru brennif\u00f3rnir og heillaf\u00f3rnir f\u00e6r\u00f0ar frammi fyrir augliti Gu\u00f0s. <a name=\"2\"><span class=\"versanumer_2007\">2<\/span><\/a> Eftir a\u00f0 Dav\u00ed\u00f0 haf\u00f0i f\u00e6rt brennif\u00f3rnina og heillaf\u00f3rnina blessa\u00f0i hann f\u00f3lki\u00f0 \u00ed nafni Drottins. <a name=\"3\"><span class=\"versanumer_2007\">3<\/span><\/a> Loks l\u00e9t hann \u00fathluta \u00f6llum \u00cdsraelsm\u00f6nnum, k\u00f6rlum og konum, hverjum fyrir sig, einum brau\u00f0hleif, einni d\u00f6\u00f0luk\u00f6ku og einni r\u00fas\u00ednuk\u00f6ku. <\/p>\n<h3 class=\"millifyrirsogn_2007\">\u00deakkars\u00e1lmur Dav\u00ed\u00f0s<\/h3>\n<p><a name=\"4\"><span class=\"versanumer_2007\">4<\/span><\/a> Dav\u00ed\u00f0 skipa\u00f0i Lev\u00edta til \u00fej\u00f3nustu frammi fyrir \u00f6rk Drottins til \u00feess a\u00f0 lofa, \u00feakka og vegsama Drottin, Gu\u00f0 \u00cdsraels. <a name=\"5\"><span class=\"versanumer_2007\">5<\/span><\/a> Hann skipa\u00f0i Asaf stj\u00f3rnanda, Sakar\u00eda n\u00e6stan honum, enn fremur Je\u00edel, Sem\u00edram\u00f3t, Jeh\u00edel, Mattitja, El\u00edab, Benaja, \u00d3be\u00f0 Ed\u00f3m og Jeh\u00edel. \u00deeir \u00e1ttu a\u00f0 leika \u00e1 hlj\u00f3\u00f0f\u00e6ri, h\u00f6rpur og g\u00edgjur, en Asaf \u00e1 m\u00e1lmgj\u00f6ll. <a name=\"6\"><span class=\"versanumer_2007\">6<\/span><\/a> A\u00f0 auki \u00e1ttu prestarnir Benaja og Jehas\u00edel st\u00f6\u00f0ugt a\u00f0 \u00feeyta l\u00fa\u00f0ra frammi fyrir s\u00e1ttm\u00e1ls\u00f6rk Gu\u00f0s.<br \/> <a name=\"7\"><span class=\"versanumer_2007\">7<\/span><\/a> \u00c1 \u00feessum degi l\u00e9t Dav\u00ed\u00f0 Asaf og emb\u00e6ttisbr\u00e6\u00f0ur hans flytja \u00feessa lofgj\u00f6r\u00f0 til Drottins \u00ed fyrsta skipti:<br \/> <span class=\"ljodatexti\"> <a name=\"8\"><span class=\"versanumer_ljod\">8<\/span><\/a>\u00deakki\u00f0 Drottni, \u00e1kalli\u00f0 nafn hans.<br \/>Geri\u00f0 m\u00e1ttarverk hans kunn me\u00f0al \u00fej\u00f3\u00f0anna.<br \/> <\/span> <span class=\"ljodatexti\"> <a name=\"9\"><span class=\"versanumer_ljod\">9<\/span><\/a>Syngi\u00f0 honum lof, leiki\u00f0 fyrir hann,<br \/>tali\u00f0 um \u00f6ll hans m\u00e1ttarverk.<br \/> <\/span> <span class=\"ljodatexti\"> <a name=\"10\"><span class=\"versanumer_ljod\">10<\/span><\/a>Hr\u00f3si\u00f0 y\u00f0ur af hans heilaga nafni.<br \/>Hjarta \u00feeirra, sem leita Drottins, gle\u00f0jist.<br \/> <\/span> <span class=\"ljodatexti\"> <a name=\"11\"><span class=\"versanumer_ljod\">11<\/span><\/a>Leiti\u00f0 Drottins og m\u00e1ttar hans,<br \/>leiti\u00f0 s\u00edfellt eftir augliti hans.<br \/> <\/span> <span class=\"ljodatexti\"> <a name=\"12\"><span class=\"versanumer_ljod\">12<\/span><\/a>Minnist d\u00e1semdarverkanna sem hann vann, <br \/>t\u00e1kna hans og d\u00f3manna sem hann kva\u00f0 upp.<br \/> <\/span> <span class=\"ljodatexti\"> <a name=\"13\"><span class=\"versanumer_ljod\">13<\/span><\/a>\u00de\u00e9r, ni\u00f0jar \u00cdsraels, \u00fej\u00f3ns hans,<br \/>synir Jakobs, sem hann \u00fatvaldi.<br \/> <\/span> <span class=\"ljodatexti\"> <a name=\"14\"><span class=\"versanumer_ljod\">14<\/span><\/a>Hann, Drottinn, er Gu\u00f0 vor,<br \/>um v\u00ed\u00f0a ver\u00f6ld gilda bo\u00f0 hans.<br \/> <\/span> <span class=\"ljodatexti\"> <a name=\"15\"><span class=\"versanumer_ljod\">15<\/span><\/a>Hann minnist a\u00f0 eil\u00edfu s\u00e1ttm\u00e1la s\u00edns,<br \/>fyrirheitanna sem hann gaf \u00fe\u00fasund kynsl\u00f3\u00f0um,<br \/> <\/span> <span class=\"ljodatexti\"> <a name=\"16\"><span class=\"versanumer_ljod\">16<\/span><\/a>s\u00e1ttm\u00e1lans sem hann ger\u00f0i vi\u00f0 Abraham<br \/>og ei\u00f0sins sem hann s\u00f3r \u00cdsak<br \/> <\/span> <span class=\"ljodatexti\"> <a name=\"17\"><span class=\"versanumer_ljod\">17<\/span><\/a>og setti sem l\u00f6g fyrir Jakob,<br \/>\u00e6varandi s\u00e1ttm\u00e1la fyrir \u00cdsrael.<br \/> <\/span> <span class=\"ljodatexti\"> <a name=\"18\"><span class=\"versanumer_ljod\">18<\/span><\/a>Hann sag\u00f0i: \u201eY\u00f0ur f\u00e6 \u00e9g Kanaansland,<br \/>\u00fea\u00f0 skal ver\u00f0a erf\u00f0ahlutur y\u00f0ar,\u201c <br \/> <\/span> <span class=\"ljodatexti\"> <a name=\"19\"><span class=\"versanumer_ljod\">19<\/span><\/a>\u00feegar \u00fe\u00e9r voru\u00f0 f\u00e1mennur h\u00f3pur <br \/>og bjuggu\u00f0 \u00fear sem f\u00e1li\u00f0a\u00f0ir \u00fatlendingar.<br \/> <\/span> <span class=\"ljodatexti\"> <a name=\"20\"><span class=\"versanumer_ljod\">20<\/span><\/a>\u00deeir reiku\u00f0u fr\u00e1 einni \u00fej\u00f3\u00f0 til annarrar,<br \/>fr\u00e1 einu konungsr\u00edki til annars.<br \/> <\/span> <span class=\"ljodatexti\"> <a name=\"21\"><span class=\"versanumer_ljod\">21<\/span><\/a>Hann lei\u00f0 engum a\u00f0 k\u00faga \u00fe\u00e1<br \/>en hegndi konungum \u00feeirra vegna.<br \/> <\/span> <span class=\"ljodatexti\"> <a name=\"22\"><span class=\"versanumer_ljod\">22<\/span><\/a> \u201eSnerti\u00f0 eigi m\u00edna smur\u00f0u<br \/>og geri\u00f0 eigi sp\u00e1m\u00f6nnum m\u00ednum mein.\u201c<br \/> <\/span> <span class=\"ljodatexti\"> <a name=\"23\"><span class=\"versanumer_ljod\">23<\/span><\/a> Syngi\u00f0 Drottni, \u00f6ll l\u00f6nd,<br \/>kunngj\u00f6ri\u00f0 hj\u00e1lpr\u00e1\u00f0 hans dag eftir dag.<br \/> <\/span> <span class=\"ljodatexti\"> <a name=\"24\"><span class=\"versanumer_ljod\">24<\/span><\/a> Segi\u00f0 fr\u00e1 d\u00fdr\u00f0 hans me\u00f0al \u00fej\u00f3\u00f0anna, <br \/>fr\u00e1 d\u00e1semdarverkum hans me\u00f0al allra l\u00fd\u00f0a,<br \/> <\/span> <span class=\"ljodatexti\"> <a name=\"25\"><span class=\"versanumer_ljod\">25<\/span><\/a> \u00fev\u00ed a\u00f0 mikill er Drottinn og mj\u00f6g vegsamlegur,<br \/>\u00f3ttalegri en allir gu\u00f0ir.<br \/> <\/span> <span class=\"ljodatexti\"> <a name=\"26\"><span class=\"versanumer_ljod\">26<\/span><\/a> \u00dev\u00ed a\u00f0 allir gu\u00f0ir \u00fej\u00f3\u00f0anna eru falsgu\u00f0ir<br \/>en Drottinn hefur gert himininn,<br \/> <\/span> <span class=\"ljodatexti\"> <a name=\"27\"><span class=\"versanumer_ljod\">27<\/span><\/a> d\u00fdr\u00f0 og h\u00e1tign eru frammi fyrir honum,<br \/>m\u00e1ttur og gle\u00f0i \u00e1 helgista\u00f0 hans.<br \/> <\/span> <span class=\"ljodatexti\"> <a name=\"28\"><span class=\"versanumer_ljod\">28<\/span><\/a> Tigni\u00f0 Drottin, \u00fe\u00e9r \u00e6ttb\u00e1lkar \u00fej\u00f3\u00f0anna,<br \/>tigni\u00f0 Drottin me\u00f0 d\u00fdr\u00f0 og m\u00e6tti,<br \/> <\/span> <span class=\"ljodatexti\"> <a name=\"29\"><span class=\"versanumer_ljod\">29<\/span><\/a> tigni\u00f0 Drottin, hei\u00f0ri\u00f0 nafn hans,<br \/>beri\u00f0 fram f\u00f3rnargjafir, komi\u00f0 fyrir auglit hans,<br \/>tilbi\u00f0ji\u00f0 Drottin \u00ed helgum skr\u00fa\u00f0a.<br \/> <\/span> <span class=\"ljodatexti\"> <a name=\"30\"><span class=\"versanumer_ljod\">30<\/span><\/a> \u00d6ll j\u00f6r\u00f0in skj\u00e1lfi frammi fyrir honum.<br \/>Hann hefur fest j\u00f6r\u00f0ina, h\u00fan ri\u00f0ar ekki.<br \/> <\/span> <span class=\"ljodatexti\"> <a name=\"31\"><span class=\"versanumer_ljod\">31<\/span><\/a> Himinninn gle\u00f0jist og j\u00f6r\u00f0in fagni.<br \/>Kunngj\u00f6ri\u00f0 \u00fej\u00f3\u00f0unum: \u201eDrottinn er konungur.\u201c<br \/> <\/span> <span class=\"ljodatexti\"> <a name=\"32\"><span class=\"versanumer_ljod\">32<\/span><\/a> Hafi\u00f0 drynji og allt sem \u00ed \u00fev\u00ed er,<br \/>foldin fagni og allt sem \u00e1 henni er,<br \/> <\/span> <span class=\"ljodatexti\"> <a name=\"33\"><span class=\"versanumer_ljod\">33<\/span><\/a> tr\u00e9 sk\u00f3garins hr\u00f3pi af gle\u00f0i <br \/>frammi fyrir augliti Drottins<br \/>\u00fev\u00ed a\u00f0 hann kemur til a\u00f0 r\u00edkja \u00e1 j\u00f6r\u00f0u.<br \/> <\/span> <span class=\"ljodatexti\"> <a name=\"34\"><span class=\"versanumer_ljod\">34<\/span><\/a> \u00deakki\u00f0 Drottni \u00fev\u00ed a\u00f0 hann er g\u00f3\u00f0ur,<br \/>\u00fev\u00ed a\u00f0 miskunn hans varir a\u00f0 eil\u00edfu,<br \/> <\/span> <span class=\"ljodatexti\"> <a name=\"35\"><span class=\"versanumer_ljod\">35<\/span><\/a> og bi\u00f0ji\u00f0: \u201eHj\u00e1lpa \u00fe\u00fa, Gu\u00f0 hj\u00e1lpr\u00e6\u00f0is vors.<br \/>Sameina oss og frelsa undan framandi \u00fej\u00f3\u00f0um<br \/>svo a\u00f0 v\u00e9r getum lofa\u00f0 \u00feitt heilaga nafn<br \/>og fagnandi sungi\u00f0 \u00fe\u00e9r lof:<br \/> <\/span> <span class=\"ljodatexti\"> <a name=\"36\"><span class=\"versanumer_ljod\">36<\/span><\/a> Lofa\u00f0ur s\u00e9 Drottinn, \u00cdsraels Gu\u00f0,<br \/>fr\u00e1 eil\u00edf\u00f0 til eil\u00edf\u00f0ar. <\/span> <br \/>Allur l\u00fd\u00f0urinn sag\u00f0i: \u201eAmen\u201c og \u201elof s\u00e9 Drottni.\u201c<\/p>\n<h3 class=\"millifyrirsogn_2007\">Helgihald \u00ed Jer\u00fasalem og G\u00edbeon<\/h3>\n<p><a name=\"37\"><span class=\"versanumer_2007\">37<\/span><\/a> Dav\u00ed\u00f0 l\u00e9t Asaf og emb\u00e6ttisbr\u00e6\u00f0ur hans ver\u00f0a eftir frammi fyrir s\u00e1ttm\u00e1ls\u00f6rk Drottins. \u00deeir \u00e1ttu st\u00f6\u00f0ugt a\u00f0 annast hina daglegu \u00fej\u00f3nustu frammi fyrir \u00f6rkinni. <a name=\"38\"><span class=\"versanumer_2007\">38<\/span><\/a> \u00d3be\u00f0 Ed\u00f3m og br\u00e6\u00f0ur hans, sext\u00edu og \u00e1tta menn, voru \u00e1 me\u00f0al \u00feeirra en \u00d3be\u00f0 Ed\u00f3m Jed\u00fat\u00fansson og H\u00f3sa voru hli\u00f0ver\u00f0ir.<br \/> <a name=\"39\"><span class=\"versanumer_2007\">39<\/span><\/a> Sad\u00f3k presti og emb\u00e6ttisbr\u00e6\u00f0rum hans, prestunum, f\u00f3l hann \u00fej\u00f3nustu frammi fyrir b\u00fasta\u00f0 Drottins \u00e1 f\u00f3rnarh\u00e6\u00f0inni \u00ed G\u00edbeon. <a name=\"40\"><span class=\"versanumer_2007\">40<\/span><\/a> \u00deeir \u00e1ttu a\u00f0 f\u00e6ra Drottni brennif\u00f3rnir \u00e1 brennif\u00f3rnaraltarinu kv\u00f6lds og morgna dag hvern og uppfylla allt sem rita\u00f0 er \u00ed l\u00f6gm\u00e1li Drottins sem hann hefur bo\u00f0i\u00f0 \u00cdsrael a\u00f0 halda. <a name=\"41\"><span class=\"versanumer_2007\">41<\/span><\/a> \u00c1 me\u00f0al \u00feeirra voru Heman og Jed\u00fat\u00fan og hinir sem h\u00f6f\u00f0u veri\u00f0 valdir og nefndir me\u00f0 nafni til a\u00f0 \u00feakka Drottni \u00fev\u00ed a\u00f0 miskunn hans varir a\u00f0 eil\u00edfu. <a name=\"42\"><span class=\"versanumer_2007\">42<\/span><\/a> Heman og Jed\u00fat\u00fan h\u00f6f\u00f0u l\u00fa\u00f0ra og m\u00e1lmgj\u00f6ll handa hlj\u00f3\u00f0f\u00e6raleikurunum og \u00f6nnur hlj\u00f3\u00f0f\u00e6ri fyrir s\u00e1lma gu\u00f0s\u00fej\u00f3nustunnar. Ni\u00f0jar Jed\u00fat\u00fans voru r\u00e1\u00f0nir til a\u00f0 g\u00e6ta hli\u00f0anna. <a name=\"43\"><span class=\"versanumer_2007\">43<\/span><\/a> \u00dev\u00ed n\u00e6st h\u00e9lt allt f\u00f3lki\u00f0 aftur heim til s\u00edn. Dav\u00ed\u00f0 f\u00f3r einnig heim til \u00feess a\u00f0 heilsa fj\u00f6lskyldu sinni.<\/p>\n","protected":false},"excerpt":{"rendered":"<p>1 \u00d6rk Gu\u00f0s var n\u00fa borin inn og henni komi\u00f0 fyrir \u00ed mi\u00f0ju tjaldinu sem Dav\u00ed\u00f0 haf\u00f0i l\u00e1ti\u00f0 setja upp fyrir hana. \u00dev\u00ed n\u00e6st voru brennif\u00f3rnir og heillaf\u00f3rnir f\u00e6r\u00f0ar frammi fyrir augliti Gu\u00f0s. 2 Eftir a\u00f0 Dav\u00ed\u00f0 haf\u00f0i f\u00e6rt brennif\u00f3rnina og heillaf\u00f3rnina blessa\u00f0i hann f\u00f3lki\u00f0 \u00ed nafni Drottins. 3 Loks l\u00e9t hann \u00fathluta \u00f6llum \u00cdsraelsm\u00f6nnum, k\u00f6rlum og konum, hverjum fyrir sig, einum brau\u00f0hleif, einni d\u00f6\u00f0luk\u00f6ku og einni r\u00fas\u00ednuk\u00f6ku. \u00deakkars\u00e1lmur Dav\u00ed\u00f0s 4 Dav\u00ed\u00f0 skipa\u00f0i Lev\u00edta til \u00fej\u00f3nustu frammi fyrir \u00f6rk Drottins til \u00feess a\u00f0 lofa, \u00feakka og vegsama Drottin, Gu\u00f0 \u00cdsraels. 5 Hann skipa\u00f0i Asaf stj\u00f3rnanda, Sakar\u00eda n\u00e6stan honum, enn fremur <a href=\"https:\/\/biblian.is\/biblian\/fyrri-kronikubok-16-kafli\/\"> [&#8230;]<\/a><\/p>\n","protected":false},"author":1,"featured_media":0,"parent":0,"menu_order":0,"comment_status":"open","ping_status":"open","template":"bibliukaflar_NT.php","meta":{"footnotes":""},"class_list":["post-1971","page","type-page","status-publish","hentry"],"_links":{"self":[{"href":"https:\/\/biblian.is\/biblian\/wp-json\/wp\/v2\/pages\/1971","targetHints":{"allow":["GET"]}}],"collection":[{"href":"https:\/\/biblian.is\/biblian\/wp-json\/wp\/v2\/pages"}],"about":[{"href":"https:\/\/biblian.is\/biblian\/wp-json\/wp\/v2\/types\/page"}],"author":[{"embeddable":true,"href":"https:\/\/biblian.is\/biblian\/wp-json\/wp\/v2\/users\/1"}],"replies":[{"embeddable":true,"href":"https:\/\/biblian.is\/biblian\/wp-json\/wp\/v2\/comments?post=1971"}],"version-history":[{"count":0,"href":"https:\/\/biblian.is\/biblian\/wp-json\/wp\/v2\/pages\/1971\/revisions"}],"wp:attachment":[{"href":"https:\/\/biblian.is\/biblian\/wp-json\/wp\/v2\/media?parent=1971"}],"curies":[{"name":"wp","href":"https:\/\/api.w.org\/{rel}","templated":true}]}}