{"id":1959,"date":"2017-12-30T21:01:10","date_gmt":"2017-12-30T21:01:10","guid":{"rendered":"http:\/\/biblian.is\/biblian\/fyrri-kron%c2%92kub%c2%97k-4-kafli\/"},"modified":"2024-06-26T23:20:40","modified_gmt":"2024-06-26T23:20:40","slug":"fyrri-kronikubok-4-kafli","status":"publish","type":"page","link":"https:\/\/biblian.is\/biblian\/fyrri-kronikubok-4-kafli\/","title":{"rendered":"Fyrri kron\u00edkub\u00f3k 4. kafli"},"content":{"rendered":"<h3 class=\"millifyrirsogn_2007\"> \u00c6ttb\u00e1lkur J\u00fada<\/h3>\n<p><a name=\"1\"><span class=\"versanumer_2007\">1<\/span><\/a> Synir J\u00fada voru Peres, Hesr\u00f3n og Karm\u00ed og H\u00far og S\u00f3bal. <a name=\"2\"><span class=\"versanumer_2007\">2<\/span><\/a> Og Reaja, sonur S\u00f3bals, gat Jahat og Jahat gat Ah\u00fama\u00ed og Lahad. \u00deetta eru \u00e6ttir S\u00f3reat\u00edta.<br \/> <a name=\"3\"><span class=\"versanumer_2007\">3<\/span><\/a> Og \u00feetta voru synir Etams: Jesreel og Jisma og J\u00eddbas og Haselelp\u00f3n\u00ed var systir \u00feeirra. <a name=\"4\"><span class=\"versanumer_2007\">4<\/span><\/a> Og Pen\u00fael var fa\u00f0ir Ged\u00f3rs og Eser fa\u00f0ir H\u00fasa. \u00deetta voru synir H\u00fars, frumbur\u00f0ar Efrata, f\u00f6\u00f0ur Betlehems.<br \/> <a name=\"5\"><span class=\"versanumer_2007\">5<\/span><\/a> Og Ash\u00far, fa\u00f0ir Tek\u00f3a, \u00e1tti tv\u00e6r konur, Heleu og Naeru. <a name=\"6\"><span class=\"versanumer_2007\">6<\/span><\/a> Og Naera \u00f3l honum Ah\u00fassam og Hefer og Temn\u00ed og Ahastar\u00edta. \u00deeir voru synir Naeru. <a name=\"7\"><span class=\"versanumer_2007\">7<\/span><\/a> Synir Heleu voru Seret, J\u00edsehar og Etnan. <a name=\"8\"><span class=\"versanumer_2007\">8<\/span><\/a> Og K\u00f3s gat An\u00fab og S\u00f3beba og \u00e6ttir Aharhels, sonar Har\u00fams.<br \/> <a name=\"9\"><span class=\"versanumer_2007\">9<\/span><\/a> Og Jaebes var \u00ed mestum metum af br\u00e6\u00f0rum s\u00ednum. M\u00f3\u00f0ir hans nefndi hann Jaebes \u00fev\u00ed a\u00f0 h\u00fan sag\u00f0i: \u201e\u00c9g \u00f3l hann me\u00f0 kv\u00f6lum.\u201c<span class=\"nedan_mal\" title=\" H\u00e9r er um or\u00f0aleik a\u00f0 r\u00e6\u00f0a. Jaebes hlj\u00f3mar l\u00edkt og hebreska or\u00f0i\u00f0 yfir harmkv\u00e6li.\">[<\/span> <a name=\"10\"><span class=\"versanumer_2007\">10<\/span><\/a> En Jaebes hr\u00f3pa\u00f0i til Gu\u00f0s \u00cdsraels og sag\u00f0i: \u201eBlessa\u00f0u mig. Auktu vi\u00f0 land mitt. H\u00f6nd \u00fe\u00edn s\u00e9 me\u00f0 m\u00e9r og b\u00e6g\u00f0u fr\u00e1 m\u00e9r b\u00f6li svo a\u00f0 \u00e9g \u00feurfi ekki a\u00f0 l\u00ed\u00f0a kvalir.\u201c Gu\u00f0 veitti honum \u00fea\u00f0 sem hann ba\u00f0 um.<br \/> <a name=\"11\"><span class=\"versanumer_2007\">11<\/span><\/a> Og Kel\u00fab, br\u00f3\u00f0ir S\u00faha, gat Meh\u00edr. Hann var fa\u00f0ir Est\u00f3ns <a name=\"12\"><span class=\"versanumer_2007\">12<\/span><\/a> og Est\u00f3n gat Bet Rafa og Pasea og Tehinna, f\u00f6\u00f0ur Nahasar. \u00deetta eru mennirnir fr\u00e1 Reka. <a name=\"13\"><span class=\"versanumer_2007\">13<\/span><\/a> Og synir Kenasar voru Otn\u00edel og Seraja. Og synir Otn\u00edels voru Hatat og Meonta\u00ed. <a name=\"14\"><span class=\"versanumer_2007\">14<\/span><\/a> Og Meonta\u00ed gat Ofra. Og Seraja gat J\u00f3ab, f\u00f6\u00f0ur Ge Haras\u00edms \u00fev\u00ed a\u00f0 \u00feeir voru smi\u00f0ir.<br \/> <a name=\"15\"><span class=\"versanumer_2007\">15<\/span><\/a> Og synir Kalebs Jef\u00fannesonar voru \u00cdr og Ela og Naam. Og sonur Ela var Kenas.<br \/> <a name=\"16\"><span class=\"versanumer_2007\">16<\/span><\/a> Og synir Jehaleels voru S\u00edf og S\u00edfa og Tirja og Asareel.<br \/> <a name=\"17\"><span class=\"versanumer_2007\">17<\/span><\/a> Og synir Esra voru Jeter og Mered og Efer og Jalon. Jeter gat Mirjam og Samma\u00ed og J\u00edsba, f\u00f6\u00f0ur Estem\u00f3a. <a name=\"18\"><span class=\"versanumer_2007\">18<\/span><\/a> Og Mered \u00e1tti tv\u00e6r konur, a\u00f0ra fr\u00e1 Egyptalandi, hina fr\u00e1 J\u00fada. Og egypska konan \u00f3l honum Jered, f\u00f6\u00f0ur Gedors, og Heber, f\u00f6\u00f0ur S\u00f3k\u00f3, og Jek\u00fat\u00edel, f\u00f6\u00f0ur San\u00f3a. \u00deetta voru synir Bitju, d\u00f3ttur fara\u00f3s, sem Mered haf\u00f0i teki\u00f0 s\u00e9r fyrir konu, <a name=\"19\"><span class=\"versanumer_2007\">19<\/span><\/a> og synir hans me\u00f0 konu sinni fr\u00e1 J\u00fada, systur Nahams, f\u00f6\u00f0ur Keg\u00edlu, voru Garm\u00edti og Maak\u00edti Estem\u00f3a.<br \/> <a name=\"20\"><span class=\"versanumer_2007\">20<\/span><\/a> Og synir S\u00edmonar voru Amnon og Rinna, Ben Hanan og T\u00edlon. Og synir J\u00edse\u00ed voru S\u00f3het og Ben S\u00f3het.<br \/> <a name=\"21\"><span class=\"versanumer_2007\">21<\/span><\/a> Synir Sela, sonar J\u00fada, voru Er, fa\u00f0ir Leka, og Laeda, fa\u00f0ir Maresa, og \u00e6ttir l\u00ednvefaranna \u00ed vefstofunni \u00ed Asbea, <a name=\"22\"><span class=\"versanumer_2007\">22<\/span><\/a> einnig J\u00f3k\u00edm og mennirnir fr\u00e1 K\u00f3seba og J\u00f3as og Saraf sem h\u00f6f\u00f0u fari\u00f0 me\u00f0 v\u00f6ld \u00ed M\u00f3ab en sneru aftur til Betlehem eins og segir \u00ed g\u00f6mlum fr\u00e1s\u00f6gnum. <a name=\"23\"><span class=\"versanumer_2007\">23<\/span><\/a> \u00deeir voru leirkerasmi\u00f0ir og bjuggu \u00ed Neta\u00edm og Gedera. \u00deeir unnu fyrir konunginn og bjuggu hj\u00e1 honum.<\/p>\n<h3 class=\"millifyrirsogn_2007\">\u00c6ttb\u00e1lkur S\u00edmeons<\/h3>\n<p><a name=\"24\"><span class=\"versanumer_2007\">24<\/span><\/a> Synir S\u00edmeons voru Nem\u00fael og Jam\u00edn og Jar\u00edb og Sera og S\u00e1l. <a name=\"25\"><span class=\"versanumer_2007\">25<\/span><\/a> Sonur hans var Sall\u00fam, sonur hans Mibsam og sonur hans Misma. <a name=\"26\"><span class=\"versanumer_2007\">26<\/span><\/a> Og synir Misma voru Hamm\u00fael, sonur hans, Sakk\u00far, sonur hans og S\u00edme\u00ed, sonur hans. <a name=\"27\"><span class=\"versanumer_2007\">27<\/span><\/a> S\u00edme\u00ed \u00e1tti sext\u00e1n syni og sex d\u00e6tur. En br\u00e6\u00f0ur hans voru ekki barnmargir og allar \u00e6ttir \u00feeirra voru ekki jafnfj\u00f6lmennar og J\u00fadamenn.<br \/> <a name=\"28\"><span class=\"versanumer_2007\">28<\/span><\/a> \u00deeir bjuggu \u00ed Beerseba og M\u00f3lada og Hasar S\u00faal <a name=\"29\"><span class=\"versanumer_2007\">29<\/span><\/a> og B\u00edlha og Esem og T\u00f3lad <a name=\"30\"><span class=\"versanumer_2007\">30<\/span><\/a> og Bet\u00fael og Harma og Siklag <a name=\"31\"><span class=\"versanumer_2007\">31<\/span><\/a> og Bet Markab\u00f3t og Hasar S\u00fas\u00edm og Bet B\u00edre\u00ed og Saara\u00edm. \u00deetta voru borgir \u00feeirra \u00fear til Dav\u00ed\u00f0 var\u00f0 konungur <a name=\"32\"><span class=\"versanumer_2007\">32<\/span><\/a> og \u00feorp \u00feeirra voru Etam og A\u00edn, Rimmon og T\u00f3ken og Asan, fimm borgir <a name=\"33\"><span class=\"versanumer_2007\">33<\/span><\/a> og \u00f6ll \u00feau \u00feorp, sem voru umhverfis, allt til Baal. \u00c1 \u00feessum st\u00f6\u00f0um bjuggu \u00feeir og \u00feeir skr\u00e1\u00f0u s\u00edna eigin \u00e6ttart\u00f6lu.<br \/> <a name=\"34\"><span class=\"versanumer_2007\">34<\/span><\/a> Og Mes\u00f3bab og Jamlek og J\u00f3sa Amasjason <a name=\"35\"><span class=\"versanumer_2007\">35<\/span><\/a> og J\u00f3el og Jeh\u00fa J\u00f3sibjason, Serajasonar, As\u00edelssonar <a name=\"36\"><span class=\"versanumer_2007\">36<\/span><\/a> og Elj\u00f3ena\u00ed og Jaak\u00f3ba og Jes\u00f3haja og Asaja og Ad\u00edel og Jes\u00edm\u00edel og Benaja <a name=\"37\"><span class=\"versanumer_2007\">37<\/span><\/a> og S\u00edsa S\u00edfe\u00edson, Allonssonar, Jedajasonar, Simr\u00edsonar, Semajasonar. <a name=\"38\"><span class=\"versanumer_2007\">38<\/span><\/a> \u00deeir sem h\u00e9r voru nefndir voru h\u00f6f\u00f0ingjar \u00ed \u00e6ttum s\u00ednum og ur\u00f0u \u00e6ttir \u00feeirra mj\u00f6g fj\u00f6lmennar. <a name=\"39\"><span class=\"versanumer_2007\">39<\/span><\/a> \u00deeir h\u00e9ldu \u00fev\u00ed \u00fea\u00f0an \u00ed \u00e1ttina til Ged\u00f3r, alveg austur fyrir dalinn, til a\u00f0 leita haglendis fyrir f\u00e9na\u00f0 sinn. <a name=\"40\"><span class=\"versanumer_2007\">40<\/span><\/a> Og \u00feeir fundu gr\u00f6sugt og gott haglendi og landr\u00fdmi var \u00fear miki\u00f0. \u00dear var kyrrt og fri\u00f0s\u00e6lt \u00fev\u00ed a\u00f0 \u00fear h\u00f6f\u00f0u ni\u00f0jar Kams b\u00fai\u00f0 \u00e1\u00f0ur. <a name=\"41\"><span class=\"versanumer_2007\">41<\/span><\/a> \u00c1 d\u00f6gum Hisk\u00eda, konungs \u00ed J\u00fada, komu \u00feeir sem h\u00e9r voru nefndir, eyddu tj\u00f6ldum \u00feeirra og dr\u00e1pu Me\u00fan\u00edta sem \u00fear voru fyrir og helgu\u00f0u \u00fe\u00e1 banni. \u00deeir hafa b\u00fai\u00f0 \u00fear s\u00ed\u00f0an \u00fev\u00ed a\u00f0 \u00fear var haglendi fyrir f\u00e9na\u00f0 \u00feeirra. <a name=\"42\"><span class=\"versanumer_2007\">42<\/span><\/a> Og fimm hundru\u00f0 af ni\u00f0jum S\u00edmeons f\u00f3ru til Se\u00edrfjalla og f\u00f3ru fyrir \u00feeim Pelatja og Nearja og Refaja og \u00dass\u00edel, synir J\u00edse\u00ed. <a name=\"43\"><span class=\"versanumer_2007\">43<\/span><\/a> \u00deeir dr\u00e1pu s\u00ed\u00f0ustu leifar Amalek\u00edta og \u00fear hafa \u00feeir b\u00fai\u00f0 allt til \u00feessa dags.<\/p>\n","protected":false},"excerpt":{"rendered":"<p>\u00c6ttb\u00e1lkur J\u00fada 1 Synir J\u00fada voru Peres, Hesr\u00f3n og Karm\u00ed og H\u00far og S\u00f3bal. 2 Og Reaja, sonur S\u00f3bals, gat Jahat og Jahat gat Ah\u00fama\u00ed og Lahad. \u00deetta eru \u00e6ttir S\u00f3reat\u00edta. 3 Og \u00feetta voru synir Etams: Jesreel og Jisma og J\u00eddbas og Haselelp\u00f3n\u00ed var systir \u00feeirra. 4 Og Pen\u00fael var fa\u00f0ir Ged\u00f3rs og Eser fa\u00f0ir H\u00fasa. \u00deetta voru synir H\u00fars, frumbur\u00f0ar Efrata, f\u00f6\u00f0ur Betlehems. 5 Og Ash\u00far, fa\u00f0ir Tek\u00f3a, \u00e1tti tv\u00e6r konur, Heleu og Naeru. 6 Og Naera \u00f3l honum Ah\u00fassam og Hefer og Temn\u00ed og Ahastar\u00edta. \u00deeir voru synir Naeru. 7 Synir Heleu voru Seret, J\u00edsehar og Etnan. <a href=\"https:\/\/biblian.is\/biblian\/fyrri-kronikubok-4-kafli\/\"> [&#8230;]<\/a><\/p>\n","protected":false},"author":1,"featured_media":0,"parent":0,"menu_order":0,"comment_status":"open","ping_status":"open","template":"bibliukaflar_NT.php","meta":{"footnotes":""},"class_list":["post-1959","page","type-page","status-publish","hentry"],"_links":{"self":[{"href":"https:\/\/biblian.is\/biblian\/wp-json\/wp\/v2\/pages\/1959","targetHints":{"allow":["GET"]}}],"collection":[{"href":"https:\/\/biblian.is\/biblian\/wp-json\/wp\/v2\/pages"}],"about":[{"href":"https:\/\/biblian.is\/biblian\/wp-json\/wp\/v2\/types\/page"}],"author":[{"embeddable":true,"href":"https:\/\/biblian.is\/biblian\/wp-json\/wp\/v2\/users\/1"}],"replies":[{"embeddable":true,"href":"https:\/\/biblian.is\/biblian\/wp-json\/wp\/v2\/comments?post=1959"}],"version-history":[{"count":0,"href":"https:\/\/biblian.is\/biblian\/wp-json\/wp\/v2\/pages\/1959\/revisions"}],"wp:attachment":[{"href":"https:\/\/biblian.is\/biblian\/wp-json\/wp\/v2\/media?parent=1959"}],"curies":[{"name":"wp","href":"https:\/\/api.w.org\/{rel}","templated":true}]}}