{"id":1944,"date":"2017-12-30T21:01:05","date_gmt":"2017-12-30T21:01:05","guid":{"rendered":"http:\/\/biblian.is\/biblian\/s%c2%92_ari-konungab%c2%97k-14-kafli\/"},"modified":"2024-02-06T18:26:17","modified_gmt":"2024-02-06T18:26:17","slug":"sidari-konungabok-14-kafli","status":"publish","type":"page","link":"https:\/\/biblian.is\/biblian\/sidari-konungabok-14-kafli\/","title":{"rendered":"S\u00ed\u00f0ari konungab\u00f3k 14. kafli"},"content":{"rendered":"<h3 class=\"millifyrirsogn_2007\"> Amas\u00eda J\u00fadakonungur<\/h3>\n<p><a name=\"1\"><span class=\"versanumer_2007\">1<\/span><\/a> \u00c1 \u00f6\u00f0ru stj\u00f3rnar\u00e1ri J\u00f3asar J\u00f3ahassonar \u00cdsraelskonungs var\u00f0 Amas\u00eda J\u00f3asson konungur yfir J\u00fada. <a name=\"2\"><span class=\"versanumer_2007\">2<\/span><\/a> Hann var tuttugu og fimm \u00e1ra, \u00feegar hann var\u00f0 konungur, og hann r\u00edkti tuttugu og n\u00edu \u00e1r \u00ed Jer\u00fasalem. M\u00f3\u00f0ir hans h\u00e9t J\u00f3add\u00edn og var fr\u00e1 Jer\u00fasalem.<br \/> <a name=\"3\"><span class=\"versanumer_2007\">3<\/span><\/a> Hann ger\u00f0i \u00fea\u00f0 sem r\u00e9tt var \u00ed augum Drottins, \u00fe\u00f3 ekki eins og Dav\u00ed\u00f0, forfa\u00f0ir hans. Hann breytti \u00ed \u00f6llu eins og J\u00f3as fa\u00f0ir hans. <a name=\"4\"><span class=\"versanumer_2007\">4<\/span><\/a> F\u00f3rnarh\u00e6\u00f0irnar hurfu \u00fe\u00f3 ekki og f\u00f3lki\u00f0 h\u00e9lt \u00e1fram a\u00f0 f\u00e6ra sl\u00e1turf\u00f3rnir og reykelsisf\u00f3rnir \u00e1 h\u00e6\u00f0unum.<br \/> <a name=\"5\"><span class=\"versanumer_2007\">5<\/span><\/a> \u00deegar Amas\u00eda var or\u00f0inn fastur \u00ed sessi sem konungur l\u00e9t hann taka \u00fe\u00e1 af emb\u00e6ttism\u00f6nnum s\u00ednum af l\u00edfi sem drepi\u00f0 h\u00f6f\u00f0u f\u00f6\u00f0ur hans, konunginn. <a name=\"6\"><span class=\"versanumer_2007\">6<\/span><\/a> \u00de\u00f3 l\u00e9t hann ekki l\u00edfl\u00e1ta syni mor\u00f0ingjanna vegna \u00feess sem skrifa\u00f0 stendur \u00ed l\u00f6gm\u00e1lsb\u00f3k M\u00f3se \u00fear sem Drottinn m\u00e6lir svo fyrir: \u201eEkki skal drepa fe\u00f0ur fyrir afbrot sonanna n\u00e9 syni fyrir afbrot fe\u00f0ranna, heldur skal hver ma\u00f0ur deyja fyrir eigin afbrot.\u201c<br \/> <a name=\"7\"><span class=\"versanumer_2007\">7<\/span><\/a> \u00dea\u00f0 var hann sem sigra\u00f0i Ed\u00f3m\u00edta \u00ed Saltdalnum, t\u00edu \u00fe\u00fasund menn, og t\u00f3k borgina Sela me\u00f0 \u00e1hlaupi. Hann nefndi hana Joktel og \u00fea\u00f0 heitir h\u00fan enn \u00ed dag.<br \/> <a name=\"8\"><span class=\"versanumer_2007\">8<\/span><\/a> Amas\u00eda sendi n\u00fa menn me\u00f0 \u00feessi bo\u00f0 til J\u00f3asar J\u00f3ahassonar, Jeh\u00fasonar, \u00cdsraelskonungs: \u201eN\u00fa skulum vi\u00f0 reyna me\u00f0 okkur.\u201c <a name=\"9\"><span class=\"versanumer_2007\">9<\/span><\/a> \u00de\u00e1 sendi J\u00f3as, konungur \u00cdsraels, \u00feessi bo\u00f0 til Amas\u00eda, konungs \u00ed J\u00fada: \u201e\u00deistillinn \u00e1 L\u00edbanon sendi sedrustr\u00e9nu \u00e1 L\u00edbanon \u00feessi skilabo\u00f0: Gef\u00f0u syni m\u00ednum d\u00f3ttur \u00fe\u00edna a\u00f0 konu. En villid\u00fdrin \u00e1 L\u00edbanon hlupu \u00fear hj\u00e1 og tr\u00f3\u00f0u \u00feistilinn ni\u00f0ur. <a name=\"10\"><span class=\"versanumer_2007\">10<\/span><\/a> \u00de\u00fa hefur gersigra\u00f0 Ed\u00f3m og \u00fev\u00ed ofmetnast hjarta \u00feitt. Nj\u00f3ttu fr\u00e6g\u00f0arinnar og sittu heima. Hvers vegna storkar\u00f0u g\u00e6funni \u00fe\u00e9r og J\u00fada til falls?\u201c<br \/> <a name=\"11\"><span class=\"versanumer_2007\">11<\/span><\/a> En Amas\u00eda vildi ekki hlusta. H\u00e9lt \u00fe\u00e1 J\u00f3as \u00cdsraelskonungur af sta\u00f0 og laust \u00feeim Amas\u00eda J\u00fadakonungi saman vi\u00f0 Bet Semes sem heyrir undir J\u00fada. <a name=\"12\"><span class=\"versanumer_2007\">12<\/span><\/a> J\u00fadamenn bi\u00f0u l\u00e6gri hlut fyrir \u00cdsraelsm\u00f6nnum og fl\u00fd\u00f0u til tjalda sinna.<br \/> <a name=\"13\"><span class=\"versanumer_2007\">13<\/span><\/a> J\u00f3as \u00cdsraelskonungur t\u00f3k Amas\u00eda J\u00fadakonung, son J\u00f3asar Ahas\u00edasonar, til fanga vi\u00f0 Bet Semes. S\u00ed\u00f0an kom hann til Jer\u00fasalem og reif ni\u00f0ur m\u00fara Jer\u00fasalem fr\u00e1 Efra\u00edmshli\u00f0i a\u00f0 hornhli\u00f0inu, fj\u00f6gur hundru\u00f0 \u00e1lnir. <a name=\"14\"><span class=\"versanumer_2007\">14<\/span><\/a> Hann t\u00f3k me\u00f0 s\u00e9r allt gull og silfur og \u00f6ll \u00e1h\u00f6ld sem fundust \u00ed musteri Drottins og \u00ed fj\u00e1rhirslum konungshallarinnar. Hann t\u00f3k einnig g\u00edsla og sneri aftur til Samar\u00edu. <a name=\"15\"><span class=\"versanumer_2007\">15<\/span><\/a> \u00dea\u00f0 sem \u00f3sagt er af s\u00f6gu J\u00f3asar, verkum hans, afrekum og herna\u00f0i gegn Amas\u00eda er skr\u00e1\u00f0 \u00ed ann\u00e1la \u00cdsraelskonunga.<br \/> <a name=\"16\"><span class=\"versanumer_2007\">16<\/span><\/a> J\u00f3as var lag\u00f0ur til hv\u00edldar hj\u00e1 fe\u00f0rum s\u00ednum og grafinn \u00ed Samar\u00edu hj\u00e1 konungum \u00cdsraels. Jer\u00f3b\u00f3am, sonur hans, var\u00f0 konungur eftir hann.<\/p>\n<h3 class=\"millifyrirsogn_2007\">Amas\u00eda deyr<\/h3>\n<p><a name=\"17\"><span class=\"versanumer_2007\">17<\/span><\/a> Amas\u00eda J\u00f3asson J\u00fadakonungur lif\u00f0i \u00ed fimmt\u00e1n \u00e1r eftir dau\u00f0a J\u00f3asar J\u00f3ahassonar \u00cdsraelskonungs. <a name=\"18\"><span class=\"versanumer_2007\">18<\/span><\/a> \u00dea\u00f0 sem \u00f3sagt er af s\u00f6gu Amas\u00eda er skr\u00e1\u00f0 \u00ed ann\u00e1la J\u00fadakonunga.<br \/> <a name=\"19\"><span class=\"versanumer_2007\">19<\/span><\/a> \u00cd Jer\u00fasalem var gert sams\u00e6ri gegn Amas\u00eda svo a\u00f0 hann fl\u00fd\u00f0i til Lak\u00eds, menn voru sendir \u00e1 eftir honum til Lak\u00eds og \u00fear dr\u00e1pu \u00feeir hann. <a name=\"20\"><span class=\"versanumer_2007\">20<\/span><\/a> Hann var fluttur \u00e1 hestum til Jer\u00fasalem og grafinn \u00fear hj\u00e1 fe\u00f0rum s\u00ednum \u00ed borg Dav\u00ed\u00f0s. <a name=\"21\"><span class=\"versanumer_2007\">21<\/span><\/a> \u00dev\u00ed n\u00e6st s\u00f3ttu allir J\u00fadamenn Asar\u00eda, sem \u00fe\u00e1 var sext\u00e1n \u00e1ra, og ger\u00f0u hann a\u00f0 konungi eftir Amas\u00eda f\u00f6\u00f0ur sinn. <a name=\"22\"><span class=\"versanumer_2007\">22<\/span><\/a> Hann v\u00edggirti Elat og lag\u00f0i aftur undir J\u00fada. Haf\u00f0i Amas\u00eda konungur \u00fe\u00e1 veri\u00f0 lag\u00f0ur til hv\u00edldar hj\u00e1 fe\u00f0rum s\u00ednum.<\/p>\n<h3 class=\"millifyrirsogn_2007\">Jer\u00f3b\u00f3am II \u00cdsraelskonungur<\/h3>\n<p><a name=\"23\"><span class=\"versanumer_2007\">23<\/span><\/a> \u00c1 fimmt\u00e1nda stj\u00f3rnar\u00e1ri Amas\u00eda J\u00f3assonar J\u00fadakonungs var\u00f0 Jer\u00f3b\u00f3am J\u00f3asson konungur yfir \u00cdsrael og r\u00edkti fj\u00f6rut\u00edu og eitt \u00e1r \u00ed Samar\u00edu. <a name=\"24\"><span class=\"versanumer_2007\">24<\/span><\/a> Hann ger\u00f0i \u00fea\u00f0 sem illt var \u00ed augum Drottins. Hann l\u00e9t ekki af a\u00f0 dr\u00fdgja \u00fe\u00e6r syndir sem Jer\u00f3b\u00f3am Nebatsson kom \u00cdsrael til a\u00f0 dr\u00fdgja. <a name=\"25\"><span class=\"versanumer_2007\">25<\/span><\/a> Hann vann aftur landsv\u00e6\u00f0i \u00cdsraels fr\u00e1 Lebo Hamat til Arabavatnsins<span class=\"nedan_mal\" title=\"\u00deetta vatn er Dau\u00f0ahafi\u00f0, sbr. 5M\u00f3s 3.17; 4.49; Jes 3.16 og 12.3.\">[<\/span> samkv\u00e6mt or\u00f0i Drottins, Gu\u00f0s \u00cdsraels, sem hann flutti fyrir munn \u00fej\u00f3ns s\u00edns, J\u00f3nasar sp\u00e1manns Amitta\u00edsonar fr\u00e1 Gat Hefer.<br \/> <a name=\"26\"><span class=\"versanumer_2007\">26<\/span><\/a> Drottinn haf\u00f0i s\u00e9\u00f0 bitra ney\u00f0 \u00cdsraels. B\u00e6\u00f0i skorti \u00fer\u00e6la og frj\u00e1lsa menn og enginn gat bjarga\u00f0 \u00cdsrael. <a name=\"27\"><span class=\"versanumer_2007\">27<\/span><\/a> En Drottinn haf\u00f0i ekki sagt a\u00f0 hann \u00e6tla\u00f0i a\u00f0 afm\u00e1 nafn \u00cdsraels af j\u00f6r\u00f0inni og l\u00e9t Jer\u00f3b\u00f3am J\u00f3asson bjarga \u00cdsraelsm\u00f6nnum.<br \/> <a name=\"28\"><span class=\"versanumer_2007\">28<\/span><\/a> \u00dea\u00f0 sem \u00f3sagt er af s\u00f6gu Jer\u00f3b\u00f3ams, verkum hans og afrekum, herna\u00f0i hans og hvernig hann lag\u00f0i Damaskus og Hamat aftur undir \u00cdsrael er skr\u00e1\u00f0 \u00ed ann\u00e1la \u00cdsraelskonunga. <a name=\"29\"><span class=\"versanumer_2007\">29<\/span><\/a> Jer\u00f3b\u00f3am var lag\u00f0ur til hv\u00edldar hj\u00e1 fe\u00f0rum s\u00ednum, \u00cdsraelskonungum. Sakar\u00eda, sonur hans, var\u00f0 konungur eftir hann.<\/p>\n","protected":false},"excerpt":{"rendered":"<p>Amas\u00eda J\u00fadakonungur 1 \u00c1 \u00f6\u00f0ru stj\u00f3rnar\u00e1ri J\u00f3asar J\u00f3ahassonar \u00cdsraelskonungs var\u00f0 Amas\u00eda J\u00f3asson konungur yfir J\u00fada. 2 Hann var tuttugu og fimm \u00e1ra, \u00feegar hann var\u00f0 konungur, og hann r\u00edkti tuttugu og n\u00edu \u00e1r \u00ed Jer\u00fasalem. M\u00f3\u00f0ir hans h\u00e9t J\u00f3add\u00edn og var fr\u00e1 Jer\u00fasalem. 3 Hann ger\u00f0i \u00fea\u00f0 sem r\u00e9tt var \u00ed augum Drottins, \u00fe\u00f3 ekki eins og Dav\u00ed\u00f0, forfa\u00f0ir hans. Hann breytti \u00ed \u00f6llu eins og J\u00f3as fa\u00f0ir hans. 4 F\u00f3rnarh\u00e6\u00f0irnar hurfu \u00fe\u00f3 ekki og f\u00f3lki\u00f0 h\u00e9lt \u00e1fram a\u00f0 f\u00e6ra sl\u00e1turf\u00f3rnir og reykelsisf\u00f3rnir \u00e1 h\u00e6\u00f0unum. 5 \u00deegar Amas\u00eda var or\u00f0inn fastur \u00ed sessi sem konungur l\u00e9t hann taka \u00fe\u00e1 af <a href=\"https:\/\/biblian.is\/biblian\/sidari-konungabok-14-kafli\/\"> [&#8230;]<\/a><\/p>\n","protected":false},"author":1,"featured_media":0,"parent":0,"menu_order":0,"comment_status":"open","ping_status":"open","template":"bibliukaflar_NT.php","meta":{"footnotes":""},"class_list":["post-1944","page","type-page","status-publish","hentry"],"_links":{"self":[{"href":"https:\/\/biblian.is\/biblian\/wp-json\/wp\/v2\/pages\/1944","targetHints":{"allow":["GET"]}}],"collection":[{"href":"https:\/\/biblian.is\/biblian\/wp-json\/wp\/v2\/pages"}],"about":[{"href":"https:\/\/biblian.is\/biblian\/wp-json\/wp\/v2\/types\/page"}],"author":[{"embeddable":true,"href":"https:\/\/biblian.is\/biblian\/wp-json\/wp\/v2\/users\/1"}],"replies":[{"embeddable":true,"href":"https:\/\/biblian.is\/biblian\/wp-json\/wp\/v2\/comments?post=1944"}],"version-history":[{"count":0,"href":"https:\/\/biblian.is\/biblian\/wp-json\/wp\/v2\/pages\/1944\/revisions"}],"wp:attachment":[{"href":"https:\/\/biblian.is\/biblian\/wp-json\/wp\/v2\/media?parent=1944"}],"curies":[{"name":"wp","href":"https:\/\/api.w.org\/{rel}","templated":true}]}}