{"id":1940,"date":"2017-12-30T21:01:05","date_gmt":"2017-12-30T21:01:05","guid":{"rendered":"http:\/\/biblian.is\/biblian\/s%c2%92_ari-konungab%c2%97k-10-kafli\/"},"modified":"2024-02-06T18:26:14","modified_gmt":"2024-02-06T18:26:14","slug":"sidari-konungabok-10-kafli","status":"publish","type":"page","link":"https:\/\/biblian.is\/biblian\/sidari-konungabok-10-kafli\/","title":{"rendered":"S\u00ed\u00f0ari konungab\u00f3k 10. kafli"},"content":{"rendered":"<h3 class=\"millifyrirsogn_2007\"> Endalok Akabs\u00e6ttar<\/h3>\n<p><a name=\"1\"><span class=\"versanumer_2007\">1<\/span><\/a> Akab \u00e1tti sj\u00f6t\u00edu syni \u00ed Samar\u00edu. Jeh\u00fa skrifa\u00f0i n\u00fa br\u00e9f og sendi \u00fea\u00f0 til Samar\u00edu, til h\u00f6f\u00f0ingjanna \u00ed Jesreel, til \u00f6ldunganna og \u00feeirra sem f\u00f3stru\u00f0u syni Akabs. Br\u00e9fi\u00f0 var \u00e1 \u00feessa lei\u00f0: <a name=\"2\"><span class=\"versanumer_2007\">2<\/span><\/a> \u201eN\u00fa \u00feegar \u00fei\u00f0 f\u00e1i\u00f0 \u00feetta br\u00e9f eru synir h\u00fasb\u00f3nda ykkar hj\u00e1 ykkur. \u00dei\u00f0 r\u00e1\u00f0i\u00f0 yfir v\u00f6gnum, hestum, v\u00edggirtum borgum og vopnum. <a name=\"3\"><span class=\"versanumer_2007\">3<\/span><\/a> Velji\u00f0 \u00feann besta og h\u00e6fasta af sonum h\u00fasb\u00f3nda ykkar og setji\u00f0 hann \u00ed h\u00e1s\u00e6ti f\u00f6\u00f0ur s\u00edns. Berjist s\u00ed\u00f0an fyrir \u00e6tt h\u00fasb\u00f3nda ykkar.\u201c<br \/> <a name=\"4\"><span class=\"versanumer_2007\">4<\/span><\/a> \u00deeir ur\u00f0u mj\u00f6g hr\u00e6ddir og s\u00f6g\u00f0u: \u201eFyrst tveir konungar g\u00e1tu ekki varist honum, hvernig \u00e6ttum vi\u00f0 \u00fe\u00e1 a\u00f0 geta \u00fea\u00f0?\u201c <a name=\"5\"><span class=\"versanumer_2007\">5<\/span><\/a> Hallarr\u00e1\u00f0sma\u00f0urinn, herforingi borgarinnar, \u00f6ldungarnir og f\u00f3strarnir sendu \u00fev\u00ed \u00feessi bo\u00f0 til Jeh\u00fa: \u201eVi\u00f0 erum \u00fej\u00f3nar \u00fe\u00ednir og munum hl\u00fd\u00f0a \u00fe\u00e9r \u00ed einu og \u00f6llu. Vi\u00f0 t\u00f6kum engan til konungs. Ger\u00f0u hva\u00f0 sem \u00fe\u00fa vilt.\u201c<br \/> <a name=\"6\"><span class=\"versanumer_2007\">6<\/span><\/a> \u00de\u00e1 skrifa\u00f0i hann anna\u00f0 br\u00e9f til \u00feeirra og var \u00fea\u00f0 \u00e1 \u00feessa lei\u00f0: \u201eEf \u00fei\u00f0 standi\u00f0 me\u00f0 m\u00e9r og hl\u00fd\u00f0i\u00f0 skipunum m\u00ednum taki\u00f0 \u00fe\u00e1 h\u00f6fu\u00f0 sona h\u00fasb\u00f3nda ykkar og komi\u00f0 til m\u00edn \u00ed Jesreel um sama leyti \u00e1 morgun.\u201c En konungssynirnir sj\u00f6t\u00edu voru hj\u00e1 h\u00f6f\u00f0ingjum borgarinnar sem \u00f3lu \u00fe\u00e1 upp. <a name=\"7\"><span class=\"versanumer_2007\">7<\/span><\/a> Um lei\u00f0 og \u00feeir h\u00f6f\u00f0u fengi\u00f0 br\u00e9fi\u00f0 hjuggu \u00feeir konungssynina sj\u00f6t\u00edu, settu h\u00f6fu\u00f0 \u00feeirra \u00ed k\u00f6rfur og sendu \u00fe\u00e6r til Jeh\u00fa \u00ed Jesreel. <a name=\"8\"><span class=\"versanumer_2007\">8<\/span><\/a> Sendibo\u00f0i kom og sag\u00f0i: \u201eH\u00f6fu\u00f0 konungssonanna hafa veri\u00f0 flutt hinga\u00f0.\u201c Hann svara\u00f0i: \u201eSetji\u00f0 \u00feau \u00ed tv\u00e6r hr\u00fagur \u00ed borgarhli\u00f0inu til morguns.\u201c<br \/> <a name=\"9\"><span class=\"versanumer_2007\">9<\/span><\/a> Morguninn eftir gekk Jeh\u00fa \u00fat, t\u00f3k s\u00e9r st\u00f6\u00f0u og \u00e1varpa\u00f0i allt f\u00f3lki\u00f0 me\u00f0 \u00feessum or\u00f0um: \u201e\u00dei\u00f0 eru\u00f0 saklaus. \u00dea\u00f0 er \u00e9g sem hef gert sams\u00e6ri gegn h\u00fasb\u00f3nda m\u00ednum og drepi\u00f0 hann. En hver hefur drepi\u00f0 alla \u00feessa? <a name=\"10\"><span class=\"versanumer_2007\">10<\/span><\/a> N\u00fa ver\u00f0i\u00f0 \u00fei\u00f0 a\u00f0 vi\u00f0urkenna a\u00f0 ekkert af or\u00f0um Drottins, sem hann m\u00e6lti gegn \u00e6tt Akabs, hefur falli\u00f0 til jar\u00f0ar. Drottinn hefur framkv\u00e6mt \u00fea\u00f0 sem hann bo\u00f0a\u00f0i fyrir munn El\u00eda, \u00fej\u00f3ns s\u00edns.\u201c <a name=\"11\"><span class=\"versanumer_2007\">11<\/span><\/a> S\u00ed\u00f0an l\u00e9t Jeh\u00fa drepa alla \u00e6ttingja Akabs sem eftir voru \u00ed Jesreel, s\u00f6mulei\u00f0is alla h\u00f6f\u00f0ingja hans, tr\u00fana\u00f0armenn og presta. Enginn komst undan.<br \/> <a name=\"12\"><span class=\"versanumer_2007\">12<\/span><\/a> S\u00ed\u00f0an lag\u00f0i hann af sta\u00f0 og h\u00e9lt til Samar\u00edu.<span class=\"nedan_mal\" title=\" \u00cdsraelsr\u00edki haf\u00f0i tv\u00e6r h\u00f6fu\u00f0borgir: Jesreel og Samar\u00edu. N\u00fa fer Jeh\u00fa til a\u00f0 n\u00e1 \u00f6llu r\u00edkinu \u00e1 sitt vald.\">[<\/span> \u00deegar hann var \u00e1 lei\u00f0inni og var kominn til Bet Eked Haro\u00edm<span class=\"nedan_mal\" title=\" \u00d3\u00feekktur sta\u00f0ur vi\u00f0 veginn milli Jer\u00fasalem og Samar\u00edu.\">[<\/span> <a name=\"13\"><span class=\"versanumer_2007\">13<\/span><\/a> m\u00e6tti hann br\u00e6\u00f0rum Ahas\u00eda J\u00fadakonungs. \u201eHverjir eru\u00f0 \u00fei\u00f0?\u201c spur\u00f0i hann og \u00feeir sv\u00f6ru\u00f0u: \u201eVi\u00f0 erum br\u00e6\u00f0ur Ahas\u00eda. Vi\u00f0 erum \u00e1 lei\u00f0inni til a\u00f0 heims\u00e6kja konungssynina og syni konungsm\u00f3\u00f0urinnar.\u201c <a name=\"14\"><span class=\"versanumer_2007\">14<\/span><\/a> \u00de\u00e1 skipa\u00f0i hann: \u201eGr\u00edpi\u00f0 \u00fe\u00e1 lifandi.\u201c \u00deeir gripu \u00fe\u00e1 lifandi og dr\u00e1pu \u00fe\u00e1 s\u00ed\u00f0an vi\u00f0 brunninn \u00ed Bet Eked. \u00deeir voru fj\u00f6rut\u00edu og tveir og l\u00e9t hann engan \u00feeirra l\u00edfi halda.<br \/> <a name=\"15\"><span class=\"versanumer_2007\">15<\/span><\/a> \u00deegar Jeh\u00fa h\u00e9lt \u00e1fram \u00fea\u00f0an m\u00e6tti hann J\u00f3nadab Rekabssyni sem haf\u00f0i komi\u00f0 til m\u00f3ts vi\u00f0 hann. Jeh\u00fa heilsa\u00f0i honum og sag\u00f0i vi\u00f0 hann: \u201eErt \u00fe\u00fa jafneinl\u00e6gur vi\u00f0 mig og \u00e9g er vi\u00f0 \u00feig?\u201c \u00deegar J\u00f3nadab j\u00e1ta\u00f0i \u00fev\u00ed sag\u00f0i Jeh\u00fa: \u201eEf svo er r\u00e9ttu m\u00e9r \u00fe\u00e1 h\u00f6nd \u00fe\u00edna.\u201c Hann r\u00e9tti honum h\u00f6nd s\u00edna og Jeh\u00fa l\u00e9t hann st\u00edga upp \u00ed vagninn til s\u00edn <a name=\"16\"><span class=\"versanumer_2007\">16<\/span><\/a> og sag\u00f0i: \u201eKomdu me\u00f0 m\u00e9r og sj\u00e1\u00f0u hvernig \u00e9g legg mig fram af brennandi \u00e1kafa vegna m\u00e1lefnis Drottins.\u201c S\u00ed\u00f0an l\u00e9t hann J\u00f3nadab aka me\u00f0 s\u00e9r \u00ed vagni s\u00ednum. <a name=\"17\"><span class=\"versanumer_2007\">17<\/span><\/a> \u00deegar Jeh\u00fa kom til Samar\u00edu l\u00e9t hann drepa alla sem eftir voru af \u00e6tt Akabs \u00ed Samar\u00edu. \u00deeim var tort\u00edmt \u00ed samr\u00e6mi vi\u00f0 \u00fea\u00f0 or\u00f0 sem Drottinn haf\u00f0i flutt El\u00eda.<\/p>\n<h3 class=\"millifyrirsogn_2007\">Prestum Baals tort\u00edmt<\/h3>\n<p><a name=\"18\"><span class=\"versanumer_2007\">18<\/span><\/a> \u00dev\u00ed n\u00e6st safna\u00f0i Jeh\u00fa \u00f6llu f\u00f3lkinu saman og \u00e1varpa\u00f0i \u00fea\u00f0: \u201eAkab d\u00fdrka\u00f0i Baal sl\u00e6lega, Jeh\u00fa mun d\u00fdrka hann betur. <a name=\"19\"><span class=\"versanumer_2007\">19<\/span><\/a> Kalli\u00f0 til m\u00edn alla sp\u00e1menn Baals, alla d\u00fdrkendur hans og presta. Engan m\u00e1 vanta \u00fev\u00ed a\u00f0 \u00e9g \u00e6tla a\u00f0 halda Baal mikla f\u00f3rnarveislu. Hver s\u00e1 sem ekki kemur skal t\u00fdna l\u00edfi.\u201c En Jeh\u00fa beitti br\u00f6g\u00f0um af \u00fev\u00ed a\u00f0 hann \u00e6tla\u00f0i a\u00f0 tort\u00edma \u00f6llum \u00feeim sem d\u00fdrku\u00f0u Baal. <a name=\"20\"><span class=\"versanumer_2007\">20<\/span><\/a> \u00deessu n\u00e6st sag\u00f0i Jeh\u00fa: \u201eBo\u00f0i\u00f0 h\u00e1t\u00ed\u00f0 Baal til hei\u00f0urs,\u201c og \u00fea\u00f0 var gert. <a name=\"21\"><span class=\"versanumer_2007\">21<\/span><\/a> \u00de\u00e1 sendi Jeh\u00fa bo\u00f0 um allt \u00cdsraelsland. Allir d\u00fdrkendur Baals komu, enginn l\u00e9t sig vanta. \u00deeir gengu \u00ed h\u00fas Baals svo a\u00f0 \u00fea\u00f0 fylltist enda \u00e1 milli. <a name=\"22\"><span class=\"versanumer_2007\">22<\/span><\/a> Jeh\u00fa sag\u00f0i \u00fe\u00e1 vi\u00f0 yfirmann kl\u00e6\u00f0aherbergisins: \u201eTaktu fram kl\u00e6\u00f0na\u00f0i handa \u00f6llum d\u00fdrkendum Baals,\u201c og hann t\u00f3k fram kl\u00e6\u00f0na\u00f0i handa \u00feeim. <a name=\"23\"><span class=\"versanumer_2007\">23<\/span><\/a> S\u00ed\u00f0an gengu Jeh\u00fa og J\u00f3nadab Rekabsson \u00ed h\u00fas Baals. Jeh\u00fa sag\u00f0i vi\u00f0 d\u00fdrkendur Baals: \u201eLeiti\u00f0 af ykkur allan grun um a\u00f0 h\u00e9r s\u00e9 enginn af d\u00fdrkendum Drottins me\u00f0al ykkar \u00fev\u00ed a\u00f0 h\u00e9r mega a\u00f0eins d\u00fdrkendur Baals vera.\u201c <a name=\"24\"><span class=\"versanumer_2007\">24<\/span><\/a> \u00deeir f\u00f3ru s\u00ed\u00f0an inn til a\u00f0 f\u00e6ra sl\u00e1turf\u00f3rnir og brennif\u00f3rnir.<br \/>Jeh\u00fa fylkti \u00e1ttat\u00edu m\u00f6nnum utan dyra og sag\u00f0i vi\u00f0 \u00fe\u00e1: \u201eHver sem l\u00e6tur nokkurn komast undan af \u00feeim m\u00f6nnum sem \u00e9g f\u00e6 ykkur \u00ed hendur skal gjalda fyrir l\u00edf hans me\u00f0 l\u00edfi s\u00ednu.\u201c \u00deegar Jeh\u00fa haf\u00f0i loki\u00f0 vi\u00f0 a\u00f0 f\u00e6ra brennif\u00f3rnina kalla\u00f0i hann til var\u00f0anna og foringja \u00feeirra: \u201eKomi\u00f0 inn og h\u00f6ggvi\u00f0 \u00fe\u00e1 ni\u00f0ur. L\u00e1ti\u00f0 engan sleppa.\u201c <a name=\"25\"><span class=\"versanumer_2007\">25<\/span><\/a> Ver\u00f0irnir og foringjar \u00feeirra hjuggu \u00fe\u00e1 s\u00ed\u00f0an ni\u00f0ur me\u00f0 sver\u00f0um og fleyg\u00f0u \u00feeim svo \u00fat. S\u00ed\u00f0an f\u00f3ru \u00feeir inn \u00ed innsta herbergi\u00f0 \u00ed h\u00fasi Baals <a name=\"26\"><span class=\"versanumer_2007\">26<\/span><\/a> og f\u00f3ru \u00fat me\u00f0 merkistein h\u00fass Baals og brenndu hann. <a name=\"27\"><span class=\"versanumer_2007\">27<\/span><\/a> \u00deeir brutu merkistein Baals og s\u00ed\u00f0an rifu \u00feeir h\u00fas Baals ni\u00f0ur og ger\u00f0u \u00far \u00fev\u00ed n\u00e1\u00f0h\u00fas og svo hefur veri\u00f0 til \u00feessa dags. <a name=\"28\"><span class=\"versanumer_2007\">28<\/span><\/a> \u00deannig \u00fatr\u00fdmdi Jeh\u00fa Baal \u00far \u00cdsrael. <a name=\"29\"><span class=\"versanumer_2007\">29<\/span><\/a> Samt sneri hann ekki baki vi\u00f0 syndum Jer\u00f3b\u00f3ams Nebatssonar sem haf\u00f0i t\u00e6lt \u00cdsrael til a\u00f0 d\u00fdrka gullk\u00e1lfana \u00ed Betel og Dan.<\/p>\n<h3 class=\"millifyrirsogn_2007\">Jeh\u00fa deyr<\/h3>\n<p><a name=\"30\"><span class=\"versanumer_2007\">30<\/span><\/a> Drottinn sag\u00f0i vi\u00f0 Jeh\u00fa: \u201eAf \u00fev\u00ed a\u00f0 \u00fe\u00fa hefur gert \u00fea\u00f0 sem r\u00e9tt er \u00ed augum m\u00ednum og hefur fari\u00f0 me\u00f0 \u00e6tt Akabs \u00ed \u00f6llu a\u00f0 vilja m\u00ednum skulu synir \u00fe\u00ednir sitja \u00e1 h\u00e1s\u00e6ti \u00cdsraels \u00ed fj\u00f3ra \u00e6ttli\u00f0i.\u201c <a name=\"31\"><span class=\"versanumer_2007\">31<\/span><\/a> En Jeh\u00fa g\u00e6tti \u00feess ekki a\u00f0 fylgja l\u00f6gm\u00e1li Drottins, Gu\u00f0s \u00cdsraels, af heilum huga. Hann sneri ekki baki vi\u00f0 syndum \u00feeim sem Jer\u00f3b\u00f3am haf\u00f0i komi\u00f0 \u00cdsrael til a\u00f0 dr\u00fdgja.<br \/> <a name=\"32\"><span class=\"versanumer_2007\">32<\/span><\/a> Um \u00feessar mundir t\u00f3k Drottinn a\u00f0 sker\u00f0a landsv\u00e6\u00f0i \u00cdsraels. Hasael sigra\u00f0i \u00cdsraelsmenn \u00e1 \u00f6llum landsv\u00e6\u00f0unum <a name=\"33\"><span class=\"versanumer_2007\">33<\/span><\/a> austan J\u00f3rdanar. Hann vann allt land \u00e6ttb\u00e1lkanna G\u00edlea\u00f0s, Ga\u00f0s, R\u00fabens og Manasse, allt fr\u00e1 Ar\u00f3er, sem er vi\u00f0 Arnondalinn, b\u00e6\u00f0i G\u00edlea\u00f0 og Basam.<br \/> <a name=\"34\"><span class=\"versanumer_2007\">34<\/span><\/a> \u00dea\u00f0 sem \u00f3sagt er af s\u00f6gu Jeh\u00fa og afrekum hans er skr\u00e1\u00f0 \u00ed ann\u00e1la \u00cdsraelskonunga. <a name=\"35\"><span class=\"versanumer_2007\">35<\/span><\/a> Jeh\u00fa var lag\u00f0ur til hv\u00edldar hj\u00e1 fe\u00f0rum s\u00ednum og grafinn \u00ed Samar\u00edu. J\u00f3ahas, sonur hans, var\u00f0 konungur eftir hann. <a name=\"36\"><span class=\"versanumer_2007\">36<\/span><\/a> Jeh\u00fa r\u00edkti \u00ed Samar\u00edu sem konungur yfir \u00cdsrael tuttugu og \u00e1tta \u00e1r.<\/p>\n","protected":false},"excerpt":{"rendered":"<p>Endalok Akabs\u00e6ttar 1 Akab \u00e1tti sj\u00f6t\u00edu syni \u00ed Samar\u00edu. Jeh\u00fa skrifa\u00f0i n\u00fa br\u00e9f og sendi \u00fea\u00f0 til Samar\u00edu, til h\u00f6f\u00f0ingjanna \u00ed Jesreel, til \u00f6ldunganna og \u00feeirra sem f\u00f3stru\u00f0u syni Akabs. Br\u00e9fi\u00f0 var \u00e1 \u00feessa lei\u00f0: 2 \u201eN\u00fa \u00feegar \u00fei\u00f0 f\u00e1i\u00f0 \u00feetta br\u00e9f eru synir h\u00fasb\u00f3nda ykkar hj\u00e1 ykkur. \u00dei\u00f0 r\u00e1\u00f0i\u00f0 yfir v\u00f6gnum, hestum, v\u00edggirtum borgum og vopnum. 3 Velji\u00f0 \u00feann besta og h\u00e6fasta af sonum h\u00fasb\u00f3nda ykkar og setji\u00f0 hann \u00ed h\u00e1s\u00e6ti f\u00f6\u00f0ur s\u00edns. Berjist s\u00ed\u00f0an fyrir \u00e6tt h\u00fasb\u00f3nda ykkar.\u201c 4 \u00deeir ur\u00f0u mj\u00f6g hr\u00e6ddir og s\u00f6g\u00f0u: \u201eFyrst tveir konungar g\u00e1tu ekki varist honum, hvernig \u00e6ttum vi\u00f0 \u00fe\u00e1 a\u00f0 geta <a href=\"https:\/\/biblian.is\/biblian\/sidari-konungabok-10-kafli\/\"> [&#8230;]<\/a><\/p>\n","protected":false},"author":1,"featured_media":0,"parent":0,"menu_order":0,"comment_status":"open","ping_status":"open","template":"bibliukaflar_NT.php","meta":{"footnotes":""},"class_list":["post-1940","page","type-page","status-publish","hentry"],"_links":{"self":[{"href":"https:\/\/biblian.is\/biblian\/wp-json\/wp\/v2\/pages\/1940","targetHints":{"allow":["GET"]}}],"collection":[{"href":"https:\/\/biblian.is\/biblian\/wp-json\/wp\/v2\/pages"}],"about":[{"href":"https:\/\/biblian.is\/biblian\/wp-json\/wp\/v2\/types\/page"}],"author":[{"embeddable":true,"href":"https:\/\/biblian.is\/biblian\/wp-json\/wp\/v2\/users\/1"}],"replies":[{"embeddable":true,"href":"https:\/\/biblian.is\/biblian\/wp-json\/wp\/v2\/comments?post=1940"}],"version-history":[{"count":0,"href":"https:\/\/biblian.is\/biblian\/wp-json\/wp\/v2\/pages\/1940\/revisions"}],"wp:attachment":[{"href":"https:\/\/biblian.is\/biblian\/wp-json\/wp\/v2\/media?parent=1940"}],"curies":[{"name":"wp","href":"https:\/\/api.w.org\/{rel}","templated":true}]}}