{"id":1939,"date":"2017-12-30T21:01:05","date_gmt":"2017-12-30T21:01:05","guid":{"rendered":"http:\/\/biblian.is\/biblian\/s%c2%92_ari-konungab%c2%97k-9-kafli\/"},"modified":"2024-02-06T18:26:29","modified_gmt":"2024-02-06T18:26:29","slug":"sidari-konungabok-9-kafli","status":"publish","type":"page","link":"https:\/\/biblian.is\/biblian\/sidari-konungabok-9-kafli\/","title":{"rendered":"S\u00ed\u00f0ari konungab\u00f3k 9. kafli"},"content":{"rendered":"<h3 class=\"millifyrirsogn_2007\"> Jeh\u00fa smur\u00f0ur til konungs<\/h3>\n<p><a name=\"1\"><span class=\"versanumer_2007\">1<\/span><\/a> Einu sinni kalla\u00f0i sp\u00e1ma\u00f0urinn El\u00edsa \u00e1 einn af l\u00e6risveinum sp\u00e1mannanna og sag\u00f0i vi\u00f0 hann: \u201eBind upp kyrtil \u00feinn, tak \u00feessa ol\u00edukr\u00fas me\u00f0 \u00fe\u00e9r og far til Ram\u00f3t \u00ed G\u00edlea\u00f0. <a name=\"2\"><span class=\"versanumer_2007\">2<\/span><\/a> \u00deegar \u00fe\u00fa kemur \u00feanga\u00f0 skaltu leita uppi Jeh\u00fa J\u00f3safatsson Nims\u00edsonar. <a name=\"3\"><span class=\"versanumer_2007\">3<\/span><\/a> Gakk s\u00ed\u00f0an til hans og bi\u00f0 hann standa upp fr\u00e1 f\u00e9l\u00f6gum s\u00ednum og far me\u00f0 hann inn \u00ed innsta herbergi\u00f0. S\u00ed\u00f0an skaltu taka ol\u00edukr\u00fasina og hella ol\u00edunni yfir h\u00f6fu\u00f0 hans og segja: Svo segir Drottinn: \u00c9g smyr \u00feig h\u00e9r me\u00f0 til konungs yfir \u00cdsrael. \u00dev\u00ed n\u00e6st skaltu opna dyrnar og fara tafarlaust \u00e1 brott.\u201c<br \/> <a name=\"4\"><span class=\"versanumer_2007\">4<\/span><\/a> L\u00e6risveinn sp\u00e1mannsins h\u00e9lt s\u00ed\u00f0an til Ram\u00f3t \u00ed G\u00edlea\u00f0. <a name=\"5\"><span class=\"versanumer_2007\">5<\/span><\/a> \u00deegar hann kom \u00feanga\u00f0 gekk hann fram \u00e1 herforingjana \u00fear sem \u00feeir s\u00e1tu og sag\u00f0i: \u201e\u00c9g er me\u00f0 or\u00f0sendingu til \u00fe\u00edn, hersh\u00f6f\u00f0ingi.\u201c \u201eTil hvers okkar?\u201c spur\u00f0i Jeh\u00fa. En hann svara\u00f0i: \u201eTil \u00fe\u00edn, hersh\u00f6f\u00f0ingi.\u201c <a name=\"6\"><span class=\"versanumer_2007\">6<\/span><\/a> Jeh\u00fa st\u00f3\u00f0 \u00fe\u00e1 upp og gekk inn \u00ed h\u00fasi\u00f0 og l\u00e6risveinn sp\u00e1mannsins<span class=\"nedan_mal\" title=\" Prestar smur\u00f0u konung vi\u00f0 venjulegar a\u00f0st\u00e6\u00f0ur, sbr. 1Kon 1.39. \u00deegar sp\u00e1menn smur\u00f0u konunga var \u00fea\u00f0 gert a\u00f0 bo\u00f0i Drottins.\">[<\/span> hellti ol\u00edu yfir h\u00f6fu\u00f0 honum og sag\u00f0i vi\u00f0 hann: \u201eSvo segir Drottinn, Gu\u00f0 \u00cdsraels: \u00c9g smyr \u00feig til konungs yfir l\u00fd\u00f0 Drottins, yfir \u00cdsrael. <a name=\"7\"><span class=\"versanumer_2007\">7<\/span><\/a> \u00de\u00fa \u00e1tt a\u00f0 ey\u00f0a \u00e6tt Akabs, h\u00fasb\u00f3nda \u00fe\u00edns, svo a\u00f0 \u00e9g komi fram hefndum fyrir bl\u00f3\u00f0 \u00fej\u00f3na minna, sp\u00e1mannanna, og bl\u00f3\u00f0 allra \u00fej\u00f3na Drottins sem Jesebel hefur \u00fathellt. <a name=\"8\"><span class=\"versanumer_2007\">8<\/span><\/a> \u00d6ll \u00e6tt Akabs skal uppr\u00e6tt. \u00c9g mun tort\u00edma \u00f6llum karlm\u00f6nnum af \u00e6tt Akabs til s\u00ed\u00f0asta manns. <a name=\"9\"><span class=\"versanumer_2007\">9<\/span><\/a> \u00c9g mun fara me\u00f0 \u00e6tt Akabs eins og \u00e6tt Jer\u00f3b\u00f3ams Nebatssonar og eins og \u00e6tt Basa Ah\u00edasonar. <a name=\"10\"><span class=\"versanumer_2007\">10<\/span><\/a> Hundar munu \u00e9ta Jesebel \u00e1 landi Jesreelborgar og enginn mun grafa hana.\u201c \u00dev\u00ed n\u00e6st opna\u00f0i hann dyrnar og fl\u00fdtti s\u00e9r burt.<\/p>\n<h3 class=\"millifyrirsogn_2007\">Uppreisn Jeh\u00fa<\/h3>\n<p><a name=\"11\"><span class=\"versanumer_2007\">11<\/span><\/a> \u00deegar Jeh\u00fa kom aftur \u00fat til manna h\u00fasb\u00f3nda s\u00edns spur\u00f0u \u00feeir hann: \u201eEr eitthva\u00f0 a\u00f0? Hva\u00f0 vildi \u00feessi vitfirringur \u00fe\u00e9r?\u201c Hann svara\u00f0i \u00feeim: \u201e\u00dei\u00f0 \u00feekki\u00f0 \u00feennan mann og \u00feva\u00f0ri\u00f0 \u00ed honum.\u201c <a name=\"12\"><span class=\"versanumer_2007\">12<\/span><\/a> \u00deeir s\u00f6g\u00f0u: \u201e\u00dea\u00f0 er \u00f3satt. Seg\u00f0u okkur fr\u00e1 \u00feessu.\u201c Hann svara\u00f0i: \u201eMa\u00f0urinn sag\u00f0i: Svo segir Drottinn: \u00c9g smyr \u00feig til konungs yfir \u00cdsrael.\u201c <a name=\"13\"><span class=\"versanumer_2007\">13<\/span><\/a> T\u00f3ku \u00feeir \u00fe\u00e1 yfirhafnir s\u00ednar \u00ed skyndi, breiddu \u00fe\u00e6r frammi fyrir honum \u00e1 berar tr\u00f6ppurnar, \u00feeyttu hafurshorni\u00f0 og hr\u00f3pu\u00f0u: \u201eJeh\u00fa er konungur.\u201c<br \/> <a name=\"14\"><span class=\"versanumer_2007\">14<\/span><\/a> \u00deannig ger\u00f0i Jeh\u00fa J\u00f3safatsson Nims\u00edsonar sams\u00e6ri gegn J\u00f3ram. En J\u00f3ram haf\u00f0i varist vi\u00f0 Ram\u00f3t \u00ed G\u00edlea\u00f0 \u00e1samt \u00f6llum \u00cdsrael gegn Hasael Aramskonungi. <a name=\"15\"><span class=\"versanumer_2007\">15<\/span><\/a> J\u00f3ram konungur haf\u00f0i sn\u00fai\u00f0 heim til Jesreel \u00fear sem hann \u00e6tla\u00f0i a\u00f0 l\u00e1ta s\u00e1r s\u00edn gr\u00f3a sem Aramearnir h\u00f6f\u00f0u veitt honum \u00feegar hann bar\u00f0ist gegn Hasael, konungi Arams.<br \/> \u201eEf \u00fei\u00f0 eru\u00f0 m\u00e9r samm\u00e1la,\u201c sag\u00f0i Jeh\u00fa, \u201esj\u00e1i\u00f0 \u00fe\u00e1 til \u00feess a\u00f0 enginn sleppi \u00fat \u00far borginni til a\u00f0 segja fr\u00e1 \u00feessu \u00ed Jesreel.\u201c <a name=\"16\"><span class=\"versanumer_2007\">16<\/span><\/a> S\u00ed\u00f0an steig Jeh\u00fa upp \u00ed vagn og h\u00e9lt til Jesreel. \u00dear l\u00e1 J\u00f3ram sj\u00fakur og Ahas\u00eda J\u00fadakonungur var kominn ni\u00f0ur eftir til a\u00f0 heims\u00e6kja hann.<br \/> <a name=\"17\"><span class=\"versanumer_2007\">17<\/span><\/a> \u00deegar v\u00f6r\u00f0urinn, sem st\u00f3\u00f0 \u00ed turninum \u00ed Jesreel, s\u00e1 flokk Jeh\u00fa koma hr\u00f3pa\u00f0i hann: \u201e\u00c9g s\u00e9 h\u00f3p manna.\u201c \u00de\u00e1 sag\u00f0i J\u00f3ram: \u201eN\u00e1\u00f0u \u00ed riddara og sendu til m\u00f3ts vi\u00f0 hann til a\u00f0 spyrja hvort \u00feeir fari me\u00f0 fri\u00f0i.\u201c <a name=\"18\"><span class=\"versanumer_2007\">18<\/span><\/a> Riddari nokkur rei\u00f0 \u00fe\u00e1 \u00e1 m\u00f3ti \u00feeim og hr\u00f3pa\u00f0i: \u201eSvo segir konungurinn: Komi\u00f0 \u00fei\u00f0 me\u00f0 fri\u00f0i?\u201c Jeh\u00fa svara\u00f0i: \u201eHva\u00f0 kemur \u00fe\u00e9r \u00fea\u00f0 vi\u00f0 hvort vi\u00f0 komum me\u00f0 fri\u00f0i? Far\u00f0u \u00ed fylkinguna fyrir aftan mig.\u201c \u00de\u00e1 sag\u00f0i v\u00f6r\u00f0urinn: \u201eSendima\u00f0urinn er kominn til \u00feeirra en sn\u00fdr ekki aftur.\u201c <a name=\"19\"><span class=\"versanumer_2007\">19<\/span><\/a> S\u00ed\u00f0an sendi konungur annan riddara. Hann kom til \u00feeirra og hr\u00f3pa\u00f0i: \u201eSvo segir konungurinn: Komi\u00f0 \u00fei\u00f0 me\u00f0 fri\u00f0i?\u201c Jeh\u00fa svara\u00f0i: \u201eHva\u00f0 kemur \u00fe\u00e9r \u00fea\u00f0 vi\u00f0 hvort vi\u00f0 komum me\u00f0 fri\u00f0i? Far\u00f0u \u00ed fylkinguna fyrir aftan mig.\u201c <a name=\"20\"><span class=\"versanumer_2007\">20<\/span><\/a> \u00de\u00e1 sag\u00f0i v\u00f6r\u00f0urinn: \u201eHann er kominn til \u00feeirra en hann sn\u00fdr ekki aftur. \u00d6kulagi\u00f0 er eins og hj\u00e1 Jeh\u00fa Nims\u00edsyni \u00fev\u00ed a\u00f0 hann ekur eins og vitlaus ma\u00f0ur.\u201c<br \/> <a name=\"21\"><span class=\"versanumer_2007\">21<\/span><\/a> \u201eSpenni\u00f0 fyrir,\u201c sag\u00f0i J\u00f3ram. Var \u00fe\u00e1 spennt fyrir vagn hans. J\u00f3ram \u00cdsraelskonungur og Ahas\u00eda J\u00fadakonungur \u00f3ku n\u00fa hvor \u00ed s\u00ednum vagni til m\u00f3ts vi\u00f0 Jeh\u00fa og m\u00e6ttu honum vi\u00f0 akur Nab\u00f3ts fr\u00e1 Jesreel. <a name=\"22\"><span class=\"versanumer_2007\">22<\/span><\/a> \u00deegar J\u00f3ram kom auga \u00e1 Jeh\u00fa sag\u00f0i hann: \u201eKemur \u00fe\u00fa me\u00f0 fri\u00f0i, Jeh\u00fa?\u201c Hann svara\u00f0i: \u201eHvernig get \u00e9g komi\u00f0 me\u00f0 fri\u00f0i \u00e1 me\u00f0an Jesebel, m\u00f3\u00f0ir \u00fe\u00edn, h\u00f3rast me\u00f0 hj\u00e1gu\u00f0um og leggur stund \u00e1 alls konar galdra?\u201c <a name=\"23\"><span class=\"versanumer_2007\">23<\/span><\/a> J\u00f3ram sneri fr\u00e1, lag\u00f0i \u00e1 fl\u00f3tta og hr\u00f3pa\u00f0i um lei\u00f0 til Ahas\u00eda: \u201eSvik, Ahas\u00eda.\u201c <a name=\"24\"><span class=\"versanumer_2007\">24<\/span><\/a> En Jeh\u00fa greip bogann og skaut J\u00f3ram milli her\u00f0abla\u00f0anna svo a\u00f0 \u00f6rin gekk gegnum hjarta\u00f0 og hann hn\u00e9 ni\u00f0ur \u00ed vagni s\u00ednum. <a name=\"25\"><span class=\"versanumer_2007\">25<\/span><\/a> Jeh\u00fa sag\u00f0i \u00fe\u00e1 vi\u00f0 B\u00eddkar, a\u00f0sto\u00f0armann sinn: \u201eTaktu hann og fleyg\u00f0u honum \u00e1 akur Nab\u00f3ts fr\u00e1 Jesreel. Minnstu \u00feess a\u00f0 vi\u00f0, \u00e9g og \u00fe\u00fa, \u00f3kum me\u00f0 tv\u00edeykjum okkar \u00e1 eftir Akab, f\u00f6\u00f0ur hans, \u00feegar Drottinn l\u00e9t kve\u00f0a upp \u00feennan d\u00f3m yfir honum: <a name=\"26\"><span class=\"versanumer_2007\">26<\/span><\/a> V\u00edst s\u00e1 \u00e9g bl\u00f3\u00f0 Nab\u00f3ts og sona hans \u00ed g\u00e6r, segir Drottinn. \u00c1 \u00feessum akri mun \u00e9g launa \u00fe\u00e9r, segir Drottinn. Fleyg\u00f0u honum n\u00fa \u00e1 akurinn \u00ed samr\u00e6mi vi\u00f0 or\u00f0 Drottins.\u201c<br \/> <a name=\"27\"><span class=\"versanumer_2007\">27<\/span><\/a> \u00deegar Ahas\u00eda, konungur J\u00fada, s\u00e1 \u00feetta fl\u00fd\u00f0i hann \u00ed \u00e1ttina til Bet-Hagan.<span class=\"nedan_mal\" title=\" Merkir gar\u00f0h\u00fas.\">[<\/span> Jeh\u00fa elti hann og hr\u00f3pa\u00f0i: \u201eH\u00f6ggvi\u00f0 hann l\u00edka.\u201c \u00deeir komu \u00e1 hann h\u00f6ggi \u00e1 veginum upp til G\u00far sem er vi\u00f0 Jibleam en honum t\u00f3kst a\u00f0 fl\u00fdja til Megidd\u00f3 \u00fear sem hann l\u00e9t l\u00edfi\u00f0. <a name=\"28\"><span class=\"versanumer_2007\">28<\/span><\/a> \u00dej\u00f3nar hans fluttu hann til Jer\u00fasalem og l\u00f6g\u00f0u hann \u00ed gr\u00f6f hj\u00e1 fe\u00f0rum hans \u00ed borg Dav\u00ed\u00f0s. <a name=\"29\"><span class=\"versanumer_2007\">29<\/span><\/a> Ahas\u00eda var\u00f0 konungur yfir J\u00fada \u00e1 ellefta stj\u00f3rnar\u00e1ri J\u00f3rams Akabssonar.<\/p>\n<h3 class=\"millifyrirsogn_2007\">Jesebel deyr<\/h3>\n<p><a name=\"30\"><span class=\"versanumer_2007\">30<\/span><\/a> \u00deegar Jesebel fr\u00e9tti a\u00f0 Jeh\u00fa v\u00e6ri kominn til Jesreel m\u00e1la\u00f0i h\u00fan sig kringum augun, skreytti h\u00f6fu\u00f0 sitt og horf\u00f0i \u00fat um gluggann. <a name=\"31\"><span class=\"versanumer_2007\">31<\/span><\/a> H\u00fan hr\u00f3pa\u00f0i \u00feegar Jeh\u00fa var kominn gegnum borgarhli\u00f0i\u00f0: \u201eHvernig l\u00ed\u00f0ur Simr\u00ed, mor\u00f0ingja h\u00fasb\u00f3nda s\u00edns?\u201c <a name=\"32\"><span class=\"versanumer_2007\">32<\/span><\/a> Hann leit upp \u00ed gluggann og spur\u00f0i: \u201eHver sty\u00f0ur mig, hver?\u201c Tveir e\u00f0a \u00fer\u00edr hir\u00f0menn litu \u00fe\u00e1 \u00fat um gluggann <a name=\"33\"><span class=\"versanumer_2007\">33<\/span><\/a> og hann hr\u00f3pa\u00f0i til \u00feeirra: \u201eFleygi\u00f0 henni ni\u00f0ur.\u201c \u00deeir fleyg\u00f0u henni \u00fe\u00e1 ni\u00f0ur og bl\u00f3\u00f0i\u00f0 \u00far henni slettist \u00e1 m\u00farvegginn og hestana \u00feegar \u00feeir tr\u00f6\u00f0ku\u00f0u \u00e1 henni.<br \/> <a name=\"34\"><span class=\"versanumer_2007\">34<\/span><\/a> Jeh\u00fa gekk s\u00ed\u00f0an inn. Er hann haf\u00f0i eti\u00f0 og drukki\u00f0 sag\u00f0i hann vi\u00f0 \u00fej\u00f3na s\u00edna: \u201eHir\u00f0i\u00f0 um \u00feessa b\u00f6lvu\u00f0u kvensnift og grafi\u00f0 hana \u00fev\u00ed a\u00f0 h\u00fan var \u00fer\u00e1tt fyrir allt konungsd\u00f3ttir.\u201c <a name=\"35\"><span class=\"versanumer_2007\">35<\/span><\/a> En \u00feegar \u00feeir f\u00f3ru til \u00feess a\u00f0 grafa hana fundu \u00feeir ekki anna\u00f0 af henni en hausk\u00fapuna, f\u00e6turna og hendurnar. <a name=\"36\"><span class=\"versanumer_2007\">36<\/span><\/a> \u00deeir sneru \u00fe\u00e1 aftur og s\u00f6g\u00f0u fr\u00e1 \u00feessu en Jeh\u00fa sag\u00f0i: \u201e\u00dea\u00f0 var \u00feetta sem Drottinn sag\u00f0i fyrir munn \u00fej\u00f3ns s\u00edns, El\u00eda fr\u00e1 Tisbe: Hundar skulu \u00e9ta Jesebel \u00e1 landi Jesreelborgar. <a name=\"37\"><span class=\"versanumer_2007\">37<\/span><\/a> L\u00edk Jesebelar skal liggja \u00e1 landi Jesreelborgar eins og ta\u00f0 \u00e1 t\u00fani og enginn skal geta sagt: \u00deetta er Jesebel.\u201c<\/p>\n","protected":false},"excerpt":{"rendered":"<p>Jeh\u00fa smur\u00f0ur til konungs 1 Einu sinni kalla\u00f0i sp\u00e1ma\u00f0urinn El\u00edsa \u00e1 einn af l\u00e6risveinum sp\u00e1mannanna og sag\u00f0i vi\u00f0 hann: \u201eBind upp kyrtil \u00feinn, tak \u00feessa ol\u00edukr\u00fas me\u00f0 \u00fe\u00e9r og far til Ram\u00f3t \u00ed G\u00edlea\u00f0. 2 \u00deegar \u00fe\u00fa kemur \u00feanga\u00f0 skaltu leita uppi Jeh\u00fa J\u00f3safatsson Nims\u00edsonar. 3 Gakk s\u00ed\u00f0an til hans og bi\u00f0 hann standa upp fr\u00e1 f\u00e9l\u00f6gum s\u00ednum og far me\u00f0 hann inn \u00ed innsta herbergi\u00f0. S\u00ed\u00f0an skaltu taka ol\u00edukr\u00fasina og hella ol\u00edunni yfir h\u00f6fu\u00f0 hans og segja: Svo segir Drottinn: \u00c9g smyr \u00feig h\u00e9r me\u00f0 til konungs yfir \u00cdsrael. \u00dev\u00ed n\u00e6st skaltu opna dyrnar og fara tafarlaust \u00e1 brott.\u201c <a href=\"https:\/\/biblian.is\/biblian\/sidari-konungabok-9-kafli\/\"> [&#8230;]<\/a><\/p>\n","protected":false},"author":1,"featured_media":0,"parent":0,"menu_order":0,"comment_status":"open","ping_status":"open","template":"bibliukaflar_NT.php","meta":{"footnotes":""},"class_list":["post-1939","page","type-page","status-publish","hentry"],"_links":{"self":[{"href":"https:\/\/biblian.is\/biblian\/wp-json\/wp\/v2\/pages\/1939","targetHints":{"allow":["GET"]}}],"collection":[{"href":"https:\/\/biblian.is\/biblian\/wp-json\/wp\/v2\/pages"}],"about":[{"href":"https:\/\/biblian.is\/biblian\/wp-json\/wp\/v2\/types\/page"}],"author":[{"embeddable":true,"href":"https:\/\/biblian.is\/biblian\/wp-json\/wp\/v2\/users\/1"}],"replies":[{"embeddable":true,"href":"https:\/\/biblian.is\/biblian\/wp-json\/wp\/v2\/comments?post=1939"}],"version-history":[{"count":0,"href":"https:\/\/biblian.is\/biblian\/wp-json\/wp\/v2\/pages\/1939\/revisions"}],"wp:attachment":[{"href":"https:\/\/biblian.is\/biblian\/wp-json\/wp\/v2\/media?parent=1939"}],"curies":[{"name":"wp","href":"https:\/\/api.w.org\/{rel}","templated":true}]}}