{"id":1937,"date":"2017-12-30T21:01:00","date_gmt":"2017-12-30T21:01:00","guid":{"rendered":"http:\/\/biblian.is\/biblian\/s%c2%92_ari-konungab%c2%97k-7-kafli\/"},"modified":"2024-02-06T18:26:28","modified_gmt":"2024-02-06T18:26:28","slug":"sidari-konungabok-7-kafli","status":"publish","type":"page","link":"https:\/\/biblian.is\/biblian\/sidari-konungabok-7-kafli\/","title":{"rendered":"S\u00ed\u00f0ari konungab\u00f3k 7. kafli"},"content":{"rendered":"<p><a name=\"1\"><span class=\"versanumer_2007\">1<\/span><\/a> El\u00edsa svara\u00f0i: \u201eHeyri\u00f0 or\u00f0 Drottins. Svo segir Drottinn: Um \u00feetta leyti \u00e1 morgun mun ein sea af hveiti a\u00f0eins kosta einn sikil \u00e1 marka\u00f0i \u00ed hli\u00f0i Samar\u00edu og tv\u00e6r seur af byggi munu a\u00f0eins kosta einn sikil.\u201c <a name=\"2\"><span class=\"versanumer_2007\">2<\/span><\/a> Li\u00f0sforingi s\u00e1 er konungur studdist vi\u00f0 svara\u00f0i gu\u00f0smanninum og sag\u00f0i: \u201e\u00de\u00f3 a\u00f0 Drottinn setti raufar \u00e1 himininn g\u00e6ti \u00feetta ekki or\u00f0i\u00f0.\u201c En El\u00edsa sag\u00f0i: \u201e\u00de\u00fa skalt sj\u00e1 \u00feetta me\u00f0 eigin augum en sj\u00e1lfur skaltu einskis af \u00fev\u00ed neyta.\u201c<\/p>\n<h3 class=\"millifyrirsogn_2007\">Samar\u00edu bjarga\u00f0 \u00far ums\u00e1trinu<\/h3>\n<p><a name=\"3\"><span class=\"versanumer_2007\">3<\/span><\/a> Fj\u00f3rir holdsveikir menn voru \u00fati fyrir borgarhli\u00f0inu. \u00deeir s\u00f6g\u00f0u hver vi\u00f0 annan: \u201eHvers vegna \u00e6ttum vi\u00f0 a\u00f0 sitja h\u00e9r og b\u00ed\u00f0a dau\u00f0ans? <a name=\"4\"><span class=\"versanumer_2007\">4<\/span><\/a> Ef vi\u00f0 \u00e1kve\u00f0um a\u00f0 fara inn \u00ed borgina \u00fear sem hungursney\u00f0 r\u00edkir munum vi\u00f0 deyja \u00fear og ef vi\u00f0 sitjum h\u00e9r \u00e1fram munum vi\u00f0 einnig deyja. Komum \u00fev\u00ed h\u00e9\u00f0an og f\u00f6rum yfir \u00ed herb\u00fa\u00f0ir Aramea. Ef \u00feeir l\u00e1ta okkur lifa lifum vi\u00f0 og ef \u00feeir drepa okkur deyjum vi\u00f0.\u201c<br \/> <a name=\"5\"><span class=\"versanumer_2007\">5<\/span><\/a> \u00deeir l\u00f6g\u00f0u s\u00ed\u00f0an af sta\u00f0 \u00ed r\u00f6kkrinu og h\u00e9ldu til herb\u00fa\u00f0a Aramea. \u00deegar \u00feeir komu a\u00f0 \u00fatja\u00f0ri herb\u00fa\u00f0anna var \u00fear enginn. <a name=\"6\"><span class=\"versanumer_2007\">6<\/span><\/a> En Drottinn haf\u00f0i l\u00e1ti\u00f0 herm\u00f6nnum Aramea berast til eyrna vagnskr\u00f6lt, h\u00f3fadyn og h\u00e1va\u00f0a fr\u00e1 miklum her svo a\u00f0 \u00feeir s\u00f6g\u00f0u hver vi\u00f0 annan: \u201e\u00cdsraelskonungur hefur leigt konunga Het\u00edta og Egypta til \u00feess a\u00f0 r\u00e1\u00f0ast \u00e1 okkur.\u201c <a name=\"7\"><span class=\"versanumer_2007\">7<\/span><\/a> \u00deeir spruttu upp \u00ed r\u00f6kkrinu og fl\u00fd\u00f0u en l\u00e9tu eftir tj\u00f6ld s\u00edn, hesta og asna, herb\u00fa\u00f0irnar eins og \u00fe\u00e6r voru. \u00deeir fl\u00fd\u00f0u til a\u00f0 bjarga l\u00edfi s\u00ednu.<br \/> <a name=\"8\"><span class=\"versanumer_2007\">8<\/span><\/a> \u00deegar holdsveiku mennirnir komu a\u00f0 \u00fatja\u00f0ri herb\u00fa\u00f0anna f\u00f3ru \u00feeir inn \u00ed eitt tjaldi\u00f0, fengu s\u00e9r \u00fear a\u00f0 eta og drekka og h\u00f6f\u00f0u a\u00f0 \u00fev\u00ed b\u00fanu \u00e1 brott me\u00f0 s\u00e9r \u00fea\u00f0an silfur, gull og fatna\u00f0 og f\u00f6ldu. S\u00ed\u00f0an sneru \u00feeir aftur og f\u00f3ru inn \u00ed anna\u00f0 tjald, t\u00f3ku \u00fea\u00f0 sem \u00feeir fundu, h\u00f6f\u00f0u \u00e1 brott me\u00f0 s\u00e9r og f\u00f6ldu.<br \/> <a name=\"9\"><span class=\"versanumer_2007\">9<\/span><\/a> S\u00ed\u00f0an s\u00f6g\u00f0u \u00feeir hver vi\u00f0 annan: \u201e\u00deetta er ekki r\u00e9tt af okkur. \u00deessi dagur er dagur gle\u00f0it\u00ed\u00f0inda en vi\u00f0 \u00feegjum. Ef vi\u00f0 b\u00ed\u00f0um d\u00f6gunar ver\u00f0um vi\u00f0 fundnir sekir. Komi\u00f0 n\u00fa, h\u00f6ldum heim og segjum fr\u00e1 \u00feessu \u00ed h\u00fasi konungsins.\u201c <a name=\"10\"><span class=\"versanumer_2007\">10<\/span><\/a> Er \u00feeir komu heim hr\u00f3pu\u00f0u \u00feeir til borgarvar\u00f0anna: \u201eVi\u00f0 komum \u00ed herb\u00fa\u00f0ir Aramea en \u00fear s\u00e1st hvorki n\u00e9 heyr\u00f0ist \u00ed nokkrum lifandi manni. Hestar og asnar voru tj\u00f3\u00f0ra\u00f0ir og \u00f6ll tj\u00f6ldin \u00f3hreyf\u00f0.\u201c <a name=\"11\"><span class=\"versanumer_2007\">11<\/span><\/a> Ver\u00f0irnir hr\u00f3pu\u00f0u hva\u00f0 gerst haf\u00f0i og fr\u00e1 \u00fev\u00ed var sk\u00fdrt \u00ed h\u00fasi konungs.<br \/> <a name=\"12\"><span class=\"versanumer_2007\">12<\/span><\/a> Konungur f\u00f3r \u00e1 f\u00e6tur um n\u00f3ttina og sag\u00f0i vi\u00f0 hir\u00f0menn s\u00edna: \u201e\u00c9g skal segja ykkur hva\u00f0 Aramearnir \u00e6tla a\u00f0 gera okkur. \u00deeir vita a\u00f0 vi\u00f0 sveltum, \u00feess vegna hafa \u00feeir fari\u00f0 \u00fat \u00far herb\u00fa\u00f0unum, fali\u00f0 sig \u00fati \u00e1 v\u00ed\u00f0avangi og hugsa me\u00f0 s\u00e9r: \u00deegar \u00cdsraelsmenn fara \u00fat \u00far borginni gr\u00edpum vi\u00f0 \u00fe\u00e1 lifandi. Eftir \u00fea\u00f0 getum vi\u00f0 fari\u00f0 inn \u00ed borgina.\u201c <a name=\"13\"><span class=\"versanumer_2007\">13<\/span><\/a> Einn af hir\u00f0m\u00f6nnum hans svara\u00f0i og sag\u00f0i: \u201e\u00de\u00fa skalt l\u00e1ta einhverja manna \u00feinna taka fimm af hestunum sem eftir eru. Anna\u00f0hvort fer fyrir \u00feeim eins og \u00feeim fj\u00f6lda \u00cdsraelsmanna sem hefur bjargast og er h\u00e9r e\u00f0a eins og \u00feeim fj\u00f6lda \u00cdsraelsmanna sem hefur veri\u00f0 felldur. Vi\u00f0 skulum senda \u00fe\u00e1 af sta\u00f0 og sj\u00e1 hva\u00f0 setur.\u201c <a name=\"14\"><span class=\"versanumer_2007\">14<\/span><\/a> \u00deeir t\u00f3ku \u00fe\u00e1 tvo hestvagna og konungur sendi \u00fe\u00e1 \u00e1 eftir her Aramea og sag\u00f0i: \u201eFari\u00f0 af sta\u00f0 og hafi\u00f0 augun hj\u00e1 ykkur.\u201c<br \/> <a name=\"15\"><span class=\"versanumer_2007\">15<\/span><\/a> \u00deeir f\u00f3ru \u00e1 eftir \u00feeim allt til J\u00f3rdanar og s\u00e1u s\u00e9r til undrunar a\u00f0 vegurinn var \u00feakinn kl\u00e6\u00f0um og vopnum sem Aramearnir h\u00f6f\u00f0u fleygt fr\u00e1 s\u00e9r er \u00feeir fl\u00fd\u00f0u \u00ed ofbo\u00f0i. Sendimennirnir sneru \u00fe\u00e1 aftur og s\u00f6g\u00f0u konungi fr\u00e1 \u00feessu.<br \/> <a name=\"16\"><span class=\"versanumer_2007\">16<\/span><\/a> \u00de\u00e1 ruddust borgarb\u00faar \u00fat og r\u00e6ndu herb\u00fa\u00f0ir Aramea. N\u00fa kosta\u00f0i ein sea af hveiti a\u00f0eins einn sikil og s\u00f6mulei\u00f0is tv\u00e6r seur af byggi einn sikil eins og Drottinn haf\u00f0i sagt.<br \/> <a name=\"17\"><span class=\"versanumer_2007\">17<\/span><\/a> Konungur haf\u00f0i fali\u00f0 li\u00f0sforingja \u00feeim sem hann treysti best umsj\u00f3n me\u00f0 hli\u00f0inu. En f\u00f3lki\u00f0 tr\u00f3\u00f0 hann undir \u00ed hli\u00f0inu. L\u00e9t hann \u00fear l\u00edfi\u00f0 eins og gu\u00f0sma\u00f0urinn haf\u00f0i sagt fyrir um \u00feegar konungur f\u00f3r \u00e1 hans fund. <a name=\"18\"><span class=\"versanumer_2007\">18<\/span><\/a> Gu\u00f0sma\u00f0urinn haf\u00f0i sagt vi\u00f0 konunginn: \u201eUm \u00feetta leyti \u00e1 morgun munu tv\u00e6r seur af byggi a\u00f0eins kosta einn sikil og ein sea af hveiti mun einnig kosta einn sikil \u00e1 marka\u00f0i \u00ed borgarhli\u00f0i Samar\u00edu.\u201c <a name=\"19\"><span class=\"versanumer_2007\">19<\/span><\/a> \u00deessu haf\u00f0i li\u00f0sforinginn svara\u00f0 \u00feannig: \u201e\u00de\u00f3 a\u00f0 Drottinn ger\u00f0i raufar \u00e1 himininn g\u00e6ti \u00feetta ekki \u00e1tt s\u00e9r sta\u00f0.\u201c En El\u00edsa haf\u00f0i sagt: \u201e\u00de\u00fa skalt sj\u00e1 \u00feetta me\u00f0 eigin augum en sj\u00e1lfur skaltu einskis af \u00fev\u00ed neyta.\u201c <a name=\"20\"><span class=\"versanumer_2007\">20<\/span><\/a> Og \u00feannig f\u00f3r fyrir honum a\u00f0 f\u00f3lki\u00f0 tr\u00f3\u00f0 hann undir \u00ed borgarhli\u00f0inu og l\u00e9t hann \u00fear l\u00edfi\u00f0.<\/p>\n","protected":false},"excerpt":{"rendered":"<p>1 El\u00edsa svara\u00f0i: \u201eHeyri\u00f0 or\u00f0 Drottins. Svo segir Drottinn: Um \u00feetta leyti \u00e1 morgun mun ein sea af hveiti a\u00f0eins kosta einn sikil \u00e1 marka\u00f0i \u00ed hli\u00f0i Samar\u00edu og tv\u00e6r seur af byggi munu a\u00f0eins kosta einn sikil.\u201c 2 Li\u00f0sforingi s\u00e1 er konungur studdist vi\u00f0 svara\u00f0i gu\u00f0smanninum og sag\u00f0i: \u201e\u00de\u00f3 a\u00f0 Drottinn setti raufar \u00e1 himininn g\u00e6ti \u00feetta ekki or\u00f0i\u00f0.\u201c En El\u00edsa sag\u00f0i: \u201e\u00de\u00fa skalt sj\u00e1 \u00feetta me\u00f0 eigin augum en sj\u00e1lfur skaltu einskis af \u00fev\u00ed neyta.\u201c Samar\u00edu bjarga\u00f0 \u00far ums\u00e1trinu 3 Fj\u00f3rir holdsveikir menn voru \u00fati fyrir borgarhli\u00f0inu. \u00deeir s\u00f6g\u00f0u hver vi\u00f0 annan: \u201eHvers vegna \u00e6ttum vi\u00f0 a\u00f0 sitja <a href=\"https:\/\/biblian.is\/biblian\/sidari-konungabok-7-kafli\/\"> [&#8230;]<\/a><\/p>\n","protected":false},"author":1,"featured_media":0,"parent":0,"menu_order":0,"comment_status":"open","ping_status":"open","template":"bibliukaflar_NT.php","meta":{"footnotes":""},"class_list":["post-1937","page","type-page","status-publish","hentry"],"_links":{"self":[{"href":"https:\/\/biblian.is\/biblian\/wp-json\/wp\/v2\/pages\/1937","targetHints":{"allow":["GET"]}}],"collection":[{"href":"https:\/\/biblian.is\/biblian\/wp-json\/wp\/v2\/pages"}],"about":[{"href":"https:\/\/biblian.is\/biblian\/wp-json\/wp\/v2\/types\/page"}],"author":[{"embeddable":true,"href":"https:\/\/biblian.is\/biblian\/wp-json\/wp\/v2\/users\/1"}],"replies":[{"embeddable":true,"href":"https:\/\/biblian.is\/biblian\/wp-json\/wp\/v2\/comments?post=1937"}],"version-history":[{"count":0,"href":"https:\/\/biblian.is\/biblian\/wp-json\/wp\/v2\/pages\/1937\/revisions"}],"wp:attachment":[{"href":"https:\/\/biblian.is\/biblian\/wp-json\/wp\/v2\/media?parent=1937"}],"curies":[{"name":"wp","href":"https:\/\/api.w.org\/{rel}","templated":true}]}}