{"id":1927,"date":"2017-12-30T21:01:00","date_gmt":"2017-12-30T21:01:00","guid":{"rendered":"http:\/\/biblian.is\/biblian\/fyrri-konungab%c2%97k-19-kafli\/"},"modified":"2024-02-06T18:26:06","modified_gmt":"2024-02-06T18:26:06","slug":"fyrri-konungabok-19-kafli","status":"publish","type":"page","link":"https:\/\/biblian.is\/biblian\/fyrri-konungabok-19-kafli\/","title":{"rendered":"Fyrri konungab\u00f3k 19. kafli"},"content":{"rendered":"<h3 class=\"millifyrirsogn_2007\"> El\u00eda \u00e1 H\u00f3reb<\/h3>\n<p><a name=\"1\"><span class=\"versanumer_2007\">1<\/span><\/a> Akab sag\u00f0i Jesebel fr\u00e1 \u00f6llu sem El\u00eda haf\u00f0i gert og a\u00f0 hann hef\u00f0i drepi\u00f0 alla sp\u00e1mennina me\u00f0 sver\u00f0i. <a name=\"2\"><span class=\"versanumer_2007\">2<\/span><\/a> Jesebel sendi \u00fe\u00e1 mann til El\u00eda me\u00f0 \u00feessi skilabo\u00f0: \u201eGu\u00f0irnir geri m\u00e9r hva\u00f0 sem \u00feeir vilja, n\u00fa og h\u00e9\u00f0an \u00ed fr\u00e1, hafi \u00e9g ekki um \u00feetta leyti \u00e1 morgun fari\u00f0 me\u00f0 l\u00edf \u00feitt l\u00edkt og l\u00edf eins af sp\u00e1m\u00f6nnunum.\u201c <a name=\"3\"><span class=\"versanumer_2007\">3<\/span><\/a> El\u00eda var\u00f0 hr\u00e6ddur, bj\u00f3 sig til fer\u00f0ar og fl\u00fd\u00f0i til a\u00f0 bjarga l\u00edfi s\u00ednu. Er hann kom til Beerseba \u00ed J\u00fada skildi hann \u00fej\u00f3n sinn \u00fear eftir.<br \/> <a name=\"4\"><span class=\"versanumer_2007\">4<\/span><\/a> Sj\u00e1lfur h\u00e9lt hann eina daglei\u00f0 inn \u00ed ey\u00f0im\u00f6rkina. \u00dear settist hann undir einiberjarunna og \u00f3ska\u00f0i \u00feess eins a\u00f0 deyja og m\u00e6lti. \u201eM\u00e1l er n\u00fa, Drottinn, a\u00f0 \u00fe\u00fa takir l\u00edf mitt \u00fev\u00ed a\u00f0 \u00e9g er engu betri en fe\u00f0ur m\u00ednir.\u201c <a name=\"5\"><span class=\"versanumer_2007\">5<\/span><\/a> S\u00ed\u00f0an lag\u00f0ist hann \u00fear fyrir og sofna\u00f0i. En skyndilega kom engill, snerti hann og sag\u00f0i: \u201eR\u00eds upp og matast.\u201c <a name=\"6\"><span class=\"versanumer_2007\">6<\/span><\/a> Hann lita\u00f0ist um og s\u00e1 \u00fe\u00e1 gl\u00f3\u00f0arbaka\u00f0 brau\u00f0 og vatnskrukku vi\u00f0 h\u00f6f\u00f0alag sitt. Hann \u00e1t og drakk og lag\u00f0ist s\u00ed\u00f0an fyrir aftur.<br \/> <a name=\"7\"><span class=\"versanumer_2007\">7<\/span><\/a> \u00de\u00e1 kom engill Drottins \u00f6\u00f0ru sinni, snerti hann og sag\u00f0i: \u201eR\u00eds upp og matast. Annars reynist \u00fe\u00e9r lei\u00f0in of l\u00f6ng.\u201c <a name=\"8\"><span class=\"versanumer_2007\">8<\/span><\/a> Hann reis upp, \u00e1t og drakk. Endurn\u00e6r\u00f0ur af m\u00e1lt\u00ed\u00f0inni gekk hann \u00ed fj\u00f6rut\u00edu daga og fj\u00f6rut\u00edu n\u00e6tur \u00fear til hann kom a\u00f0 H\u00f3reb, fjalli Gu\u00f0s. <a name=\"9\"><span class=\"versanumer_2007\">9<\/span><\/a> \u00dear kom hann a\u00f0 helli og svaf \u00fear um n\u00f3ttina. Allt \u00ed einu kom or\u00f0 Drottins til hans: \u201eHva\u00f0 ertu a\u00f0 gera h\u00e9r, El\u00eda?\u201c <a name=\"10\"><span class=\"versanumer_2007\">10<\/span><\/a> Hann svara\u00f0i: \u201eAf brennandi \u00e1kafa hef \u00e9g lagt mig fram vegna m\u00e1lefnis Drottins, Gu\u00f0s hersveitanna, \u00fev\u00ed a\u00f0 \u00cdsraelsmenn hafa sn\u00fai\u00f0 fr\u00e1 s\u00e1ttm\u00e1lanum vi\u00f0 \u00feig. \u00deeir hafa rifi\u00f0 ni\u00f0ur \u00f6lturu \u00fe\u00edn og drepi\u00f0 sp\u00e1menn \u00fe\u00edna me\u00f0 sver\u00f0i. \u00c9g er einn eftir og n\u00fa sitja \u00feeir um l\u00edf mitt.\u201c <a name=\"11\"><span class=\"versanumer_2007\">11<\/span><\/a> Drottinn svara\u00f0i: \u201eFar \u00fat og gakk fram fyrir auglit Drottins uppi \u00e1 fjallinu.\u201c \u00de\u00e1 gekk Drottinn \u00fear hj\u00e1. G\u00edfurlegur stormur f\u00f3r fyrir Drottni, svo \u00f6flugur a\u00f0 hann mola\u00f0i fj\u00f6ll og klauf kletta. En Drottinn var ekki \u00ed storminum. Eftir storminn var\u00f0 jar\u00f0skj\u00e1lfti. En Drottinn var ekki \u00ed jar\u00f0skj\u00e1lftanum. <a name=\"12\"><span class=\"versanumer_2007\">12<\/span><\/a> Eftir jar\u00f0skj\u00e1lftann kom eldur. En Drottinn var ekki \u00ed eldinum. Eftir eldinn kom \u00feytur af \u00fe\u00fd\u00f0um bl\u00e6. <a name=\"13\"><span class=\"versanumer_2007\">13<\/span><\/a> \u00deegar El\u00eda heyr\u00f0i hann huldi hann andlit sitt me\u00f0 skikkju sinni, gekk \u00fat og t\u00f3k s\u00e9r st\u00f6\u00f0u vi\u00f0 hellismunnann. \u00de\u00e1 barst honum r\u00f6dd sem spur\u00f0i: \u201eHva\u00f0 ert \u00fe\u00fa a\u00f0 gera h\u00e9r, El\u00eda?\u201c <a name=\"14\"><span class=\"versanumer_2007\">14<\/span><\/a> Hann svara\u00f0i: \u201eAf brennandi \u00e1kafa hef \u00e9g lagt mig fram vegna Drottins, Gu\u00f0s hersveitanna, \u00fev\u00ed a\u00f0 \u00cdsraelsmenn hafa sn\u00fai\u00f0 fr\u00e1 s\u00e1ttm\u00e1lanum vi\u00f0 \u00feig. \u00deeir hafa rifi\u00f0 ni\u00f0ur \u00f6lturu \u00fe\u00edn og drepi\u00f0 sp\u00e1menn \u00fe\u00edna me\u00f0 sver\u00f0i. \u00c9g er einn eftir og n\u00fa sitja \u00feeir um l\u00edf mitt.\u201c <a name=\"15\"><span class=\"versanumer_2007\">15<\/span><\/a> Drottinn svara\u00f0i honum: \u201eSn\u00fa\u00f0u aftur til Damaskus, far\u00f0u s\u00f6mu lei\u00f0 og \u00fe\u00fa komst um ey\u00f0im\u00f6rkina. Er \u00feanga\u00f0 kemur skaltu smyrja Hasael til konungs yfir Aram. <a name=\"16\"><span class=\"versanumer_2007\">16<\/span><\/a> \u00de\u00fa skalt einnig smyrja Jeh\u00fa Nims\u00edson til konungs yfir \u00cdsrael og El\u00edsa Safatsson fr\u00e1 Abel-Meh\u00f3la skaltu smyrja til sp\u00e1manns \u00ed \u00feinn sta\u00f0. <a name=\"17\"><span class=\"versanumer_2007\">17<\/span><\/a> Hvern \u00feann sem kemst undan sver\u00f0i Hasaels skal Jeh\u00fa drepa og \u00feann sem kemst undan sver\u00f0i Jeh\u00fa skal El\u00edsa drepa. <a name=\"18\"><span class=\"versanumer_2007\">18<\/span><\/a> En \u00e9g mun skilja sj\u00f6 \u00fe\u00fasund eftir \u00ed \u00cdsrael, hvert kn\u00e9 sem ekki hefur beygt sig fyrir Baal og hvern munn sem ekki hefur kysst hann.\u201c<\/p>\n<h3 class=\"millifyrirsogn_2007\">El\u00edsa sp\u00e1ma\u00f0ur<\/h3>\n<p><a name=\"19\"><span class=\"versanumer_2007\">19<\/span><\/a> \u00deegar El\u00eda f\u00f3r \u00fea\u00f0an hitti hann El\u00edsa Safatsson sem var a\u00f0 pl\u00e6gja. T\u00f3lf sameyki f\u00f3ru \u00e1 undan honum en sj\u00e1lfur pl\u00e6g\u00f0i hann me\u00f0 \u00fev\u00ed t\u00f3lfta. Um lei\u00f0 og El\u00eda gekk fram hj\u00e1 kasta\u00f0i hann skikkju sinni yfir hann. <a name=\"20\"><span class=\"versanumer_2007\">20<\/span><\/a> El\u00edsa yfirgaf nautin \u00feegar \u00ed sta\u00f0, hlj\u00f3p \u00e1 eftir El\u00eda og sag\u00f0i: \u201eLeyf\u00f0u m\u00e9r fyrst a\u00f0 minnast vi\u00f0 f\u00f6\u00f0ur minn og m\u00f3\u00f0ur. S\u00ed\u00f0an kem \u00e9g og fylgi \u00fe\u00e9r.\u201c El\u00eda svara\u00f0i: \u201eFar\u00f0u heim en mundu hva\u00f0 \u00e9g hef gert \u00fe\u00e9r.\u201c <a name=\"21\"><span class=\"versanumer_2007\">21<\/span><\/a> El\u00edsa sneri vi\u00f0, t\u00f3k nautin \u00ed sameykinu, sl\u00e1tra\u00f0i \u00feeim og sau\u00f0 kj\u00f6ti\u00f0 vi\u00f0 eld og haf\u00f0i aktygi nautanna a\u00f0 eldsneyti. Hann gaf f\u00f3lkinu kj\u00f6ti\u00f0 og \u00fea\u00f0 neytti \u00feess. S\u00ed\u00f0an bj\u00f3 hann sig til fer\u00f0ar, h\u00e9lt \u00e1 eftir El\u00eda og ger\u00f0ist \u00fej\u00f3nn hans.<\/p>\n","protected":false},"excerpt":{"rendered":"<p>El\u00eda \u00e1 H\u00f3reb 1 Akab sag\u00f0i Jesebel fr\u00e1 \u00f6llu sem El\u00eda haf\u00f0i gert og a\u00f0 hann hef\u00f0i drepi\u00f0 alla sp\u00e1mennina me\u00f0 sver\u00f0i. 2 Jesebel sendi \u00fe\u00e1 mann til El\u00eda me\u00f0 \u00feessi skilabo\u00f0: \u201eGu\u00f0irnir geri m\u00e9r hva\u00f0 sem \u00feeir vilja, n\u00fa og h\u00e9\u00f0an \u00ed fr\u00e1, hafi \u00e9g ekki um \u00feetta leyti \u00e1 morgun fari\u00f0 me\u00f0 l\u00edf \u00feitt l\u00edkt og l\u00edf eins af sp\u00e1m\u00f6nnunum.\u201c 3 El\u00eda var\u00f0 hr\u00e6ddur, bj\u00f3 sig til fer\u00f0ar og fl\u00fd\u00f0i til a\u00f0 bjarga l\u00edfi s\u00ednu. Er hann kom til Beerseba \u00ed J\u00fada skildi hann \u00fej\u00f3n sinn \u00fear eftir. 4 Sj\u00e1lfur h\u00e9lt hann eina daglei\u00f0 inn \u00ed ey\u00f0im\u00f6rkina. \u00dear <a href=\"https:\/\/biblian.is\/biblian\/fyrri-konungabok-19-kafli\/\"> [&#8230;]<\/a><\/p>\n","protected":false},"author":1,"featured_media":0,"parent":0,"menu_order":0,"comment_status":"open","ping_status":"open","template":"bibliukaflar_NT.php","meta":{"footnotes":""},"class_list":["post-1927","page","type-page","status-publish","hentry"],"_links":{"self":[{"href":"https:\/\/biblian.is\/biblian\/wp-json\/wp\/v2\/pages\/1927","targetHints":{"allow":["GET"]}}],"collection":[{"href":"https:\/\/biblian.is\/biblian\/wp-json\/wp\/v2\/pages"}],"about":[{"href":"https:\/\/biblian.is\/biblian\/wp-json\/wp\/v2\/types\/page"}],"author":[{"embeddable":true,"href":"https:\/\/biblian.is\/biblian\/wp-json\/wp\/v2\/users\/1"}],"replies":[{"embeddable":true,"href":"https:\/\/biblian.is\/biblian\/wp-json\/wp\/v2\/comments?post=1927"}],"version-history":[{"count":0,"href":"https:\/\/biblian.is\/biblian\/wp-json\/wp\/v2\/pages\/1927\/revisions"}],"wp:attachment":[{"href":"https:\/\/biblian.is\/biblian\/wp-json\/wp\/v2\/media?parent=1927"}],"curies":[{"name":"wp","href":"https:\/\/api.w.org\/{rel}","templated":true}]}}