{"id":1914,"date":"2017-12-30T21:00:55","date_gmt":"2017-12-30T21:00:55","guid":{"rendered":"http:\/\/biblian.is\/biblian\/fyrri-konungab%c2%97k-6-kafli\/"},"modified":"2024-02-06T18:26:11","modified_gmt":"2024-02-06T18:26:11","slug":"fyrri-konungabok-6-kafli","status":"publish","type":"page","link":"https:\/\/biblian.is\/biblian\/fyrri-konungabok-6-kafli\/","title":{"rendered":"Fyrri konungab\u00f3k 6. kafli"},"content":{"rendered":"<h3 class=\"millifyrirsogn_2007\"> Musteri\u00f0 reist<\/h3>\n<p><a name=\"1\"><span class=\"versanumer_2007\">1<\/span><\/a> \u00c1 fj\u00f6gur hundru\u00f0 og \u00e1ttugasta \u00e1ri eftir brottf\u00f6r \u00cdsraelsmanna fr\u00e1 Egyptalandi, \u00e1 fj\u00f3r\u00f0a \u00e1rinu sem Sal\u00f3mon konungur r\u00edkti yfir \u00cdsrael, \u00ed m\u00e1nu\u00f0inum s\u00edv, \u00fea\u00f0 er a\u00f0 segja \u00ed \u00f6\u00f0rum m\u00e1nu\u00f0inum, h\u00f3f hann a\u00f0 reisa Drottni h\u00fas.<br \/> <a name=\"2\"><span class=\"versanumer_2007\">2<\/span><\/a> H\u00fasi\u00f0, sem Sal\u00f3mon konungur reisti Drottni, var sext\u00edu \u00e1lnir \u00e1 lengd, tuttugu \u00e1lnir \u00e1 breidd og \u00ferj\u00e1t\u00edu \u00e1lnir \u00e1 h\u00e6\u00f0. <a name=\"3\"><span class=\"versanumer_2007\">3<\/span><\/a> Forsalurinn fyrir framan musterissalinn var jafn h\u00fasinu a\u00f0 breidd, \u00fea\u00f0 er tuttugu \u00e1lnir, en t\u00edu \u00e1lna langur. <a name=\"4\"><span class=\"versanumer_2007\">4<\/span><\/a> Hann setti glugga \u00e1 h\u00fasi\u00f0 og fyrir \u00fe\u00e1 \u00fe\u00e9tta rimla \u00ed r\u00f6mmum. <a name=\"5\"><span class=\"versanumer_2007\">5<\/span><\/a> Hann reisti vi\u00f0byggingu me\u00f0 herbergjum me\u00f0 fram veggjum h\u00fassins, allt umhverfis b\u00e6\u00f0i musterissalinn og innsta hluta h\u00fassins. <a name=\"6\"><span class=\"versanumer_2007\">6<\/span><\/a> Ne\u00f0sta h\u00e6\u00f0 vi\u00f0byggingarinnar var fimm \u00e1lnir \u00e1 breidd, mi\u00f0h\u00e6\u00f0in sex \u00e1lnir \u00e1 breidd og \u00feri\u00f0ja h\u00e6\u00f0in sj\u00f6. Hann haf\u00f0i reist ytri vegg h\u00fassins \u00ed st\u00f6llum, til \u00feess a\u00f0 ska\u00f0a hann ekki me\u00f0 vi\u00f0byggingunni.<br \/> <a name=\"7\"><span class=\"versanumer_2007\">7<\/span><\/a> \u00deegar h\u00fasi\u00f0 var reist var \u00fea\u00f0 byggt \u00far steinum sem h\u00f6f\u00f0u veri\u00f0 h\u00f6ggnir til \u00ed grj\u00f3tn\u00e1minu. \u00deess vegna heyr\u00f0ist hvorki h\u00e1va\u00f0i fr\u00e1 h\u00f6mrum, meitlum n\u00e9 \u00f6\u00f0rum j\u00e1rnverkf\u00e6rum me\u00f0an \u00e1 byggingunni st\u00f3\u00f0.<br \/> <a name=\"8\"><span class=\"versanumer_2007\">8<\/span><\/a> Dyrnar a\u00f0 ne\u00f0stu h\u00e6\u00f0 vi\u00f0byggingarinnar voru \u00e1 su\u00f0urhli\u00f0 h\u00fassins. Var gengi\u00f0 um hringstiga upp \u00e1 mi\u00f0h\u00e6\u00f0ina og \u00fea\u00f0an upp \u00e1 \u00feri\u00f0ju h\u00e6\u00f0ina.<br \/> <a name=\"9\"><span class=\"versanumer_2007\">9<\/span><\/a> \u00deegar hann haf\u00f0i loki\u00f0 vi\u00f0 a\u00f0 reisa h\u00fasi\u00f0 setti hann \u00e1 \u00fea\u00f0 \u00feak \u00far sedrusvi\u00f0i. <a name=\"10\"><span class=\"versanumer_2007\">10<\/span><\/a> Hann reisti fimm \u00e1lna h\u00e1a vi\u00f0byggingu umhverfis allt h\u00fasi\u00f0 og \u00feilja\u00f0i \u00fea\u00f0 me\u00f0 sedrusvi\u00f0i.<br \/> <a name=\"11\"><span class=\"versanumer_2007\">11<\/span><\/a> Or\u00f0 Drottins kom til Sal\u00f3mons:<br \/> <a name=\"12\"><span class=\"versanumer_2007\">12<\/span><\/a> \u201e\u00deetta skaltu vita um h\u00fasi\u00f0 sem \u00fe\u00fa ert a\u00f0 reisa: Ef \u00fe\u00fa breytir eftir bo\u00f0um m\u00ednum, fer\u00f0 a\u00f0 l\u00f6gum m\u00ednum, hl\u00fd\u00f0ir \u00f6llum skipunum m\u00ednum og lifir samkv\u00e6mt \u00feeim mun \u00e9g efna vi\u00f0 \u00feig heiti\u00f0 sem \u00e9g vann Dav\u00ed\u00f0, f\u00f6\u00f0ur \u00fe\u00ednum, <a name=\"13\"><span class=\"versanumer_2007\">13<\/span><\/a> og b\u00faa me\u00f0al \u00cdsraelsmanna. \u00c9g mun \u00fe\u00e1 ekki yfirgefa \u00fej\u00f3\u00f0 m\u00edna, \u00cdsrael.\u201c<br \/> <a name=\"14\"><span class=\"versanumer_2007\">14<\/span><\/a> Sal\u00f3mon reisti h\u00fasi\u00f0 og lauk vi\u00f0 \u00fea\u00f0. <a name=\"15\"><span class=\"versanumer_2007\">15<\/span><\/a> Hann \u00feilja\u00f0i veggi h\u00fassins a\u00f0 innan me\u00f0 sedrusbor\u00f0um, \u00feilja\u00f0i \u00fea\u00f0 vi\u00f0i fr\u00e1 g\u00f3lfi og upp a\u00f0 \u00feakbj\u00e1lkum, og lag\u00f0i g\u00f3lfi\u00f0 k\u00fdprusbor\u00f0um. <a name=\"16\"><span class=\"versanumer_2007\">16<\/span><\/a> Tuttugu \u00e1lnum innan vi\u00f0 bakvegg h\u00fassins reisti hann vegg \u00far sedrusbor\u00f0um sem n\u00e1\u00f0i fr\u00e1 g\u00f3lfi upp a\u00f0 \u00feakbj\u00e1lkum. Innan vi\u00f0 hann var innsta herbergi\u00f0, \u00fea\u00f0 er hi\u00f0 allra helgasta. <a name=\"17\"><span class=\"versanumer_2007\">17<\/span><\/a> Musterissalurinn fyrir framan \u00fea\u00f0 var fj\u00f6rut\u00edu \u00e1lnir \u00e1 lengd. <a name=\"18\"><span class=\"versanumer_2007\">18<\/span><\/a> Sedrus\u00feilin inni \u00ed h\u00fasinu voru \u00fatskorin me\u00f0 bl\u00f3mhn\u00f6ppum og \u00fatsprungnum bl\u00f3mum. Allt var \u00far sedrusvi\u00f0i og s\u00e1 hvergi \u00ed stein. <a name=\"19\"><span class=\"versanumer_2007\">19<\/span><\/a> Innst \u00ed h\u00fasinu ger\u00f0i hann herbergi til \u00feess a\u00f0 koma \u00fear fyrir s\u00e1ttm\u00e1ls\u00f6rk Drottins. <a name=\"20\"><span class=\"versanumer_2007\">20<\/span><\/a> \u00dea\u00f0 var tuttugu \u00e1lna langt, tuttugu \u00e1lna breitt og tuttugu \u00e1lna h\u00e1tt. Hann \u00feakti \u00fea\u00f0 sk\u00edru gulli og ger\u00f0i altari \u00far sedrusvi\u00f0i. <a name=\"21\"><span class=\"versanumer_2007\">21<\/span><\/a> Sal\u00f3mon kl\u00e6ddi h\u00fasi\u00f0 a\u00f0 innan me\u00f0 sk\u00edru gulli og setti gullfestar fyrir framan innsta herbergi\u00f0 sem hann haf\u00f0i \u00feaki\u00f0 gulli. <a name=\"22\"><span class=\"versanumer_2007\">22<\/span><\/a> Hann lag\u00f0i allt h\u00fasi\u00f0 gulli \u00ed h\u00f3lf og g\u00f3lf og altari\u00f0 \u00ed innsta herberginu \u00feakti hann gulli.<br \/> <a name=\"23\"><span class=\"versanumer_2007\">23<\/span><\/a> \u00cd innsta herberginu ger\u00f0i hann tvo ker\u00faba \u00far ol\u00eduvi\u00f0i. Var hvor um sig t\u00edu \u00e1lnir \u00e1 h\u00e6\u00f0. <a name=\"24\"><span class=\"versanumer_2007\">24<\/span><\/a> V\u00e6ngir annars ker\u00fabsins voru fimm \u00e1lnir og v\u00e6nghafi\u00f0 \u00fev\u00ed t\u00edu \u00e1lnir. <a name=\"25\"><span class=\"versanumer_2007\">25<\/span><\/a> Hinn ker\u00fabinn var einnig t\u00edu \u00e1lnir. B\u00e1\u00f0ir ker\u00fabarnir voru jafnst\u00f3rir og litu eins \u00fat. <a name=\"26\"><span class=\"versanumer_2007\">26<\/span><\/a> Annar ker\u00fabinn var t\u00edu \u00e1lnir \u00e1 h\u00e6\u00f0 og hinn var jafnh\u00e1r. <a name=\"27\"><span class=\"versanumer_2007\">27<\/span><\/a> Hann kom ker\u00fabunum \u00feannig fyrir \u00ed mi\u00f0ju herberginu a\u00f0 \u00feeir \u00fe\u00f6ndu \u00fat v\u00e6ngi s\u00edna. V\u00e6ngur annars snerti annan vegginn en v\u00e6ngur hins snerti hinn vegginn. V\u00e6ngirnir, sem sneru a\u00f0 mi\u00f0ju herberginu, snertu hvor annan. <a name=\"28\"><span class=\"versanumer_2007\">28<\/span><\/a> Ker\u00fabana lag\u00f0i hann gulli.<br \/> <a name=\"29\"><span class=\"versanumer_2007\">29<\/span><\/a> Veggi h\u00fassins skreytti hann me\u00f0 \u00fatskur\u00f0i allt umhverfis, ker\u00fabum, p\u00e1lmum og \u00fatsprungnum bl\u00f3mum, b\u00e6\u00f0i innra herbergi\u00f0 og \u00fea\u00f0 ytra. <a name=\"30\"><span class=\"versanumer_2007\">30<\/span><\/a> G\u00f3lf h\u00fassins lag\u00f0i hann gulli, b\u00e6\u00f0i \u00ed innra herberginu og hinu ytra.<br \/> <a name=\"31\"><span class=\"versanumer_2007\">31<\/span><\/a> Fyrir innsta herbergi\u00f0 ger\u00f0i hann v\u00e6ngjahur\u00f0 \u00far ol\u00eduvi\u00f0i. Umgj\u00f6r\u00f0 dyranna mynda\u00f0i fimmhyrning. <a name=\"32\"><span class=\"versanumer_2007\">32<\/span><\/a> \u00c1 b\u00e1\u00f0a hur\u00f0arv\u00e6ngina, sem voru \u00far k\u00fdprusvi\u00f0i, skar hann \u00fat ker\u00faba, p\u00e1lma og \u00fatsprungin bl\u00f3m og lag\u00f0i gulli. Hann l\u00e9t gulli\u00f0 n\u00e1 yfir ker\u00fabana og p\u00e1lmana. <a name=\"33\"><span class=\"versanumer_2007\">33<\/span><\/a> \u00c1 sama h\u00e1tt ger\u00f0i hann dyrastafi \u00far ol\u00eduvi\u00f0i vi\u00f0 dyr musterissalarins og myndu\u00f0u \u00feeir ferning. <a name=\"34\"><span class=\"versanumer_2007\">34<\/span><\/a> B\u00e1\u00f0ir hur\u00f0arv\u00e6ngirnir voru \u00far k\u00fdprusvi\u00f0i og var hvor \u00feeirra \u00far tveimur hlutum sem l\u00e9ku \u00e1 hj\u00f6rum. <a name=\"35\"><span class=\"versanumer_2007\">35<\/span><\/a> Hann skar \u00e1 \u00fe\u00e1 ker\u00faba, p\u00e1lma og \u00fatsprungin bl\u00f3m og \u00feakti \u00fatskur\u00f0inn jafnt me\u00f0 gulli.<br \/> <a name=\"36\"><span class=\"versanumer_2007\">36<\/span><\/a> Hann ger\u00f0i vegginn umhverfis innri forgar\u00f0inn \u00far \u00feremur l\u00f6gum af h\u00f6ggnu grj\u00f3ti og einu af sedrusbj\u00e1lkum.<br \/> <a name=\"37\"><span class=\"versanumer_2007\">37<\/span><\/a> \u00c1 fj\u00f3r\u00f0a \u00e1rinu, \u00ed s\u00edvm\u00e1nu\u00f0i, haf\u00f0i grunnurinn a\u00f0 h\u00fasi Drottins veri\u00f0 lag\u00f0ur <a name=\"38\"><span class=\"versanumer_2007\">38<\/span><\/a> og \u00e1 ellefta \u00e1rinu, \u00ed m\u00e1nu\u00f0inum b\u00fal, \u00fea\u00f0 er \u00ed \u00e1ttunda m\u00e1nu\u00f0inum, var h\u00fasi\u00f0 fullgert a\u00f0 \u00f6llu leyti \u00ed samr\u00e6mi vi\u00f0 \u00fea\u00f0 sem \u00e1kve\u00f0i\u00f0 haf\u00f0i veri\u00f0. Hann reisti \u00fea\u00f0 \u00e1 sj\u00f6 \u00e1rum.<\/p>\n","protected":false},"excerpt":{"rendered":"<p>Musteri\u00f0 reist 1 \u00c1 fj\u00f6gur hundru\u00f0 og \u00e1ttugasta \u00e1ri eftir brottf\u00f6r \u00cdsraelsmanna fr\u00e1 Egyptalandi, \u00e1 fj\u00f3r\u00f0a \u00e1rinu sem Sal\u00f3mon konungur r\u00edkti yfir \u00cdsrael, \u00ed m\u00e1nu\u00f0inum s\u00edv, \u00fea\u00f0 er a\u00f0 segja \u00ed \u00f6\u00f0rum m\u00e1nu\u00f0inum, h\u00f3f hann a\u00f0 reisa Drottni h\u00fas. 2 H\u00fasi\u00f0, sem Sal\u00f3mon konungur reisti Drottni, var sext\u00edu \u00e1lnir \u00e1 lengd, tuttugu \u00e1lnir \u00e1 breidd og \u00ferj\u00e1t\u00edu \u00e1lnir \u00e1 h\u00e6\u00f0. 3 Forsalurinn fyrir framan musterissalinn var jafn h\u00fasinu a\u00f0 breidd, \u00fea\u00f0 er tuttugu \u00e1lnir, en t\u00edu \u00e1lna langur. 4 Hann setti glugga \u00e1 h\u00fasi\u00f0 og fyrir \u00fe\u00e1 \u00fe\u00e9tta rimla \u00ed r\u00f6mmum. 5 Hann reisti vi\u00f0byggingu me\u00f0 herbergjum me\u00f0 fram veggjum <a href=\"https:\/\/biblian.is\/biblian\/fyrri-konungabok-6-kafli\/\"> [&#8230;]<\/a><\/p>\n","protected":false},"author":1,"featured_media":0,"parent":0,"menu_order":0,"comment_status":"open","ping_status":"open","template":"bibliukaflar_NT.php","meta":{"footnotes":""},"class_list":["post-1914","page","type-page","status-publish","hentry"],"_links":{"self":[{"href":"https:\/\/biblian.is\/biblian\/wp-json\/wp\/v2\/pages\/1914","targetHints":{"allow":["GET"]}}],"collection":[{"href":"https:\/\/biblian.is\/biblian\/wp-json\/wp\/v2\/pages"}],"about":[{"href":"https:\/\/biblian.is\/biblian\/wp-json\/wp\/v2\/types\/page"}],"author":[{"embeddable":true,"href":"https:\/\/biblian.is\/biblian\/wp-json\/wp\/v2\/users\/1"}],"replies":[{"embeddable":true,"href":"https:\/\/biblian.is\/biblian\/wp-json\/wp\/v2\/comments?post=1914"}],"version-history":[{"count":0,"href":"https:\/\/biblian.is\/biblian\/wp-json\/wp\/v2\/pages\/1914\/revisions"}],"wp:attachment":[{"href":"https:\/\/biblian.is\/biblian\/wp-json\/wp\/v2\/media?parent=1914"}],"curies":[{"name":"wp","href":"https:\/\/api.w.org\/{rel}","templated":true}]}}