{"id":1913,"date":"2017-12-30T21:00:55","date_gmt":"2017-12-30T21:00:55","guid":{"rendered":"http:\/\/biblian.is\/biblian\/fyrri-konungab%c2%97k-5-kafli\/"},"modified":"2024-02-06T18:26:11","modified_gmt":"2024-02-06T18:26:11","slug":"fyrri-konungabok-5-kafli","status":"publish","type":"page","link":"https:\/\/biblian.is\/biblian\/fyrri-konungabok-5-kafli\/","title":{"rendered":"Fyrri konungab\u00f3k 5. kafli"},"content":{"rendered":"<h3 class=\"millifyrirsogn_2007\"> Veldi Sal\u00f3mons<\/h3>\n<p><a name=\"1\"><span class=\"versanumer_2007\">1<\/span><\/a> Sal\u00f3mon r\u00edkti yfir \u00f6llum r\u00edkjum fr\u00e1 flj\u00f3tinu Efrat til lands Filistea og landam\u00e6ra Egyptalands. \u00cdb\u00faar \u00feeirra f\u00e6r\u00f0u Sal\u00f3mon skatt og voru honum undirgefnir \u00e1 me\u00f0an hann lif\u00f0i. <a name=\"2\"><span class=\"versanumer_2007\">2<\/span><\/a> Sal\u00f3mon \u00feurfti daglega til matar handa m\u00f6nnum s\u00ednum \u00ferj\u00e1t\u00edu k\u00f3r<span class=\"nedan_mal\" title=\" Eitt k\u00f3r samsvara\u00f0i tv\u00f6 hundru\u00f0 og \u00e1tj\u00e1n l\u00edtrum. Hin mikla neysla sk\u00fdrist a\u00f0 nokkru af \u00fev\u00ed a\u00f0 Sal\u00f3mon greiddi \u00fdmsum emb\u00e6ttism\u00f6nnum og herm\u00f6nnum laun \u00ed fr\u00ed\u00f0u.\">[<\/span> af hveiti og sext\u00edu k\u00f3r af gr\u00f3fu mj\u00f6li, <a name=\"3\"><span class=\"versanumer_2007\">3<\/span><\/a> t\u00edu alinaut, tuttugu hagagengin naut og hundra\u00f0 fj\u00e1r, auk hjarta, gasellna, d\u00e1d\u00fdra og alifugla, <a name=\"4\"><span class=\"versanumer_2007\">4<\/span><\/a> enda drottna\u00f0i hann yfir \u00f6llu sv\u00e6\u00f0inu h\u00e9rna megin vi\u00f0 Efrat, fr\u00e1 T\u00edfsa til Gasa. Hann drottna\u00f0i yfir \u00f6llum konungum h\u00e9rna megin flj\u00f3tsins. Hann lif\u00f0i \u00ed fri\u00f0i vi\u00f0 alla n\u00e1granna s\u00edna <a name=\"5\"><span class=\"versanumer_2007\">5<\/span><\/a> svo a\u00f0 \u00edb\u00faar J\u00fada og \u00cdsraels bjuggu vi\u00f0 \u00f6ryggi. Fr\u00e1 Dan til Beerseba sat hver ma\u00f0ur undir v\u00ednvi\u00f0i s\u00ednum og f\u00edkjutr\u00e9 \u00e1 me\u00f0an Sal\u00f3mon lif\u00f0i.<br \/> <a name=\"6\"><span class=\"versanumer_2007\">6<\/span><\/a> Sal\u00f3mon haf\u00f0i stalla \u00ed hesth\u00fasum fyrir fj\u00f6gur \u00fe\u00fasund hesta sem dr\u00f3gu hervagna hans og hann manna\u00f0i vagnana me\u00f0 t\u00f3lf \u00fe\u00fasund.<br \/> <a name=\"7\"><span class=\"versanumer_2007\">7<\/span><\/a> H\u00e9ra\u00f0sstj\u00f3rarnir s\u00e1u Sal\u00f3mon konungi og \u00f6llum, sem bo\u00f0nir voru til bor\u00f0s konungs, fyrir vistum, sinn m\u00e1nu\u00f0inn hver. L\u00e9tu \u00feeir ekkert skorta. <a name=\"8\"><span class=\"versanumer_2007\">8<\/span><\/a> \u00deeir fluttu bygg og h\u00e1lm handa hestunum og dr\u00e1ttard\u00fdrunum \u00e1 \u00feann sta\u00f0 sem hverjum \u00feeirra haf\u00f0i veri\u00f0 gefin skipun um.<\/p>\n<h3 class=\"millifyrirsogn_2007\">Viska Sal\u00f3mons<\/h3>\n<p><a name=\"9\"><span class=\"versanumer_2007\">9<\/span><\/a> Gu\u00f0 gaf Sal\u00f3mon speki og mikinn skilning og svo v\u00ed\u00f0fe\u00f0ma \u00feekkingu sem sandur \u00e1 sj\u00e1varstr\u00f6nd. <a name=\"10\"><span class=\"versanumer_2007\">10<\/span><\/a> Speki Sal\u00f3mons var meiri en speki allra Austurlandab\u00faa og t\u00f3k fram allri speki Egypta. <a name=\"11\"><span class=\"versanumer_2007\">11<\/span><\/a> Hann var allra manna vitrastur, vitrari en Etan Esrah\u00edti og Heman, Kalk\u00f3l og Darda Mah\u00f3lssynir. Nafn hans var \u00feekkt me\u00f0al allra n\u00e1granna\u00fej\u00f3\u00f0a. <a name=\"12\"><span class=\"versanumer_2007\">12<\/span><\/a> Hann samdi \u00ferj\u00fa \u00fe\u00fasund spakm\u00e6li og kv\u00e6\u00f0i hans voru eitt \u00fe\u00fasund og fimm talsins. <a name=\"13\"><span class=\"versanumer_2007\">13<\/span><\/a> Hann orti um tr\u00e9n, allt fr\u00e1 sedrustrj\u00e1num \u00e1 L\u00edbanonsfj\u00f6llum til \u00eds\u00f3psins sem vex \u00e1 m\u00farveggnum. Hann orti um f\u00e9na\u00f0inn og fuglana, skri\u00f0d\u00fdrin og fiskana.<br \/> <a name=\"14\"><span class=\"versanumer_2007\">14<\/span><\/a> F\u00f3lk af \u00f6llu \u00fej\u00f3\u00f0erni kom til \u00feess a\u00f0 heyra spakm\u00e6li Sal\u00f3mons, sendimenn fr\u00e1 \u00f6llum konungum heimsins sem heyrt h\u00f6f\u00f0u af speki hans.<\/p>\n<h3 class=\"millifyrirsogn_2007\">Musterisbygging undirb\u00fain<\/h3>\n<p><a name=\"15\"><span class=\"versanumer_2007\">15<\/span><\/a> H\u00edram, konungur \u00ed T\u00fdrus, sendi \u00fej\u00f3na s\u00edna til Sal\u00f3mons af \u00fev\u00ed a\u00f0 hann haf\u00f0i fr\u00e9tt a\u00f0 hann hef\u00f0i veri\u00f0 smur\u00f0ur til konungs \u00ed sta\u00f0 f\u00f6\u00f0ur s\u00edns. H\u00edram haf\u00f0i alltaf veri\u00f0 vinur Dav\u00ed\u00f0s. <a name=\"16\"><span class=\"versanumer_2007\">16<\/span><\/a> Sal\u00f3mon sendi til H\u00edrams me\u00f0 \u00feessi skilabo\u00f0: <a name=\"17\"><span class=\"versanumer_2007\">17<\/span><\/a> \u201e\u00de\u00fa veist a\u00f0 Dav\u00ed\u00f0, fa\u00f0ir minn, gat ekki reist h\u00fas handa nafni Drottins, Gu\u00f0s s\u00edns, vegna \u00feess a\u00f0 hann var\u00f0 a\u00f0 berjast vi\u00f0 fjandmenn s\u00edna sem umkringdu hann \u00fear til Drottinn lag\u00f0i \u00fe\u00e1 undir iljar hans. <a name=\"18\"><span class=\"versanumer_2007\">18<\/span><\/a> En n\u00fa hefur Drottinn, Gu\u00f0 minn, tryggt fri\u00f0 umhverfis mig. Enginn \u00f3gnar m\u00e9r og engin h\u00e6tta ste\u00f0jar a\u00f0. <a name=\"19\"><span class=\"versanumer_2007\">19<\/span><\/a> \u00deess vegna \u00e6tla \u00e9g a\u00f0 reisa nafni Drottins, Gu\u00f0s m\u00edns, h\u00fas eins og Drottinn sag\u00f0i vi\u00f0 Dav\u00ed\u00f0, f\u00f6\u00f0ur minn: Sonur \u00feinn, sem \u00e9g mun setja \u00ed h\u00e1s\u00e6ti \u00feitt \u00e1 eftir \u00fe\u00e9r, mun reisa nafni m\u00ednu h\u00fas. <a name=\"20\"><span class=\"versanumer_2007\">20<\/span><\/a> Gef\u00f0u \u00fev\u00ed skipun um a\u00f0 sedrustr\u00e9 ver\u00f0i h\u00f6ggvin \u00e1 L\u00edbanonsfj\u00f6llum handa m\u00e9r. Verkamenn m\u00ednir skulu vinna me\u00f0 \u00fe\u00ednum verkam\u00f6nnum og \u00e9g borga \u00fe\u00e9r \u00fea\u00f0 kaup sem \u00fe\u00fa setur upp fyrir \u00fe\u00edna verkamenn. Eins og \u00fe\u00fa veist h\u00f6fum vi\u00f0 engan mann h\u00e9r sem kann a\u00f0 h\u00f6ggva tr\u00e9 eins og \u00edb\u00faarnir \u00ed S\u00eddon.\u201c<br \/> <a name=\"21\"><span class=\"versanumer_2007\">21<\/span><\/a> \u00deegar H\u00edram heyr\u00f0i or\u00f0sendingu Sal\u00f3mons var\u00f0 hann mj\u00f6g gla\u00f0ur og sag\u00f0i: \u201eLofa\u00f0ur s\u00e9 Drottinn sem hefur gefi\u00f0 Dav\u00ed\u00f0 vitran son til \u00feess a\u00f0 r\u00edkja yfir \u00feessari fj\u00f6lmennu \u00fej\u00f3\u00f0.\u201c <a name=\"22\"><span class=\"versanumer_2007\">22<\/span><\/a> S\u00ed\u00f0an sendi H\u00edram Sal\u00f3mon \u00feetta svar: \u201e\u00c9g hef heyrt or\u00f0sendingu \u00fe\u00edna. \u00c9g mun gera \u00fea\u00f0 vi\u00f0 sedrusvi\u00f0inn og k\u00fdprusvi\u00f0inn sem \u00fe\u00fa \u00f3ska\u00f0ir. <a name=\"23\"><span class=\"versanumer_2007\">23<\/span><\/a> Verkamenn m\u00ednir munu flytja vi\u00f0inn fr\u00e1 L\u00edbanonsfj\u00f6llum ni\u00f0ur til sj\u00e1var. S\u00ed\u00f0an l\u00e6t \u00e9g fleyta honum \u00feanga\u00f0 sem \u00fe\u00fa \u00f3skar. \u00dear l\u00e6t \u00e9g leysa vi\u00f0inn sundur svo a\u00f0 \u00fe\u00fa getir s\u00f3tt hann. \u00cd sta\u00f0inn skaltu uppfylla \u00f3sk m\u00edna og senda vistir handa hir\u00f0 minni.\u201c<br \/> <a name=\"24\"><span class=\"versanumer_2007\">24<\/span><\/a> H\u00edram sendi Sal\u00f3mon allan \u00feann sedrusvi\u00f0 og k\u00fdprusvi\u00f0 sem hann ba\u00f0 um. <a name=\"25\"><span class=\"versanumer_2007\">25<\/span><\/a> Sal\u00f3mon sendi tuttugu \u00fe\u00fasund k\u00f3r af hveiti til matar handa hir\u00f0 hans og tuttugu \u00fe\u00fasund b\u00f6t af ol\u00edu \u00far pressu\u00f0um \u00f3l\u00edfum. \u00deetta sendi Sal\u00f3mon til H\u00edrams \u00e1 hverju \u00e1ri. <a name=\"26\"><span class=\"versanumer_2007\">26<\/span><\/a> Drottinn gaf Sal\u00f3mon speki eins og hann haf\u00f0i heiti\u00f0 honum. \u00dea\u00f0 f\u00f3r vel \u00e1 me\u00f0 H\u00edram og Sal\u00f3mon og \u00feeir ger\u00f0u s\u00e1ttm\u00e1la s\u00edn \u00e1 milli.<\/p>\n<h3 class=\"millifyrirsogn_2007\">Kva\u00f0avinnan<\/h3>\n<p><a name=\"27\"><span class=\"versanumer_2007\">27<\/span><\/a> Sal\u00f3mon konungur kalla\u00f0i menn \u00far \u00f6llum \u00cdsrael til kva\u00f0avinnu og ur\u00f0u kva\u00f0avinnumennirnir \u00ferj\u00e1t\u00edu \u00fe\u00fasund a\u00f0 t\u00f6lu. <a name=\"28\"><span class=\"versanumer_2007\">28<\/span><\/a> Hann sendi \u00fe\u00e1 til skiptis til L\u00edbanons, t\u00edu \u00fe\u00fasund \u00ed hverjum m\u00e1nu\u00f0i. \u00deeir voru einn m\u00e1nu\u00f0 \u00ed L\u00edbanon og tvo m\u00e1nu\u00f0i heima. Ad\u00f3n\u00edram stj\u00f3rna\u00f0i kva\u00f0avinnunni. <a name=\"29\"><span class=\"versanumer_2007\">29<\/span><\/a> Enn fremur haf\u00f0i Sal\u00f3mon sj\u00f6t\u00edu \u00fe\u00fasund bur\u00f0armenn og \u00e1ttat\u00edu \u00fe\u00fasund steinsmi\u00f0i \u00ed fj\u00f6llunum. <a name=\"30\"><span class=\"versanumer_2007\">30<\/span><\/a> Auk yfirh\u00e9ra\u00f0sstj\u00f3ra Sal\u00f3mons voru \u00ferj\u00fa \u00fe\u00fasund og \u00ferj\u00fa hundru\u00f0 verkstj\u00f3rar yfir \u00feeim sem verki\u00f0 unnu. <a name=\"31\"><span class=\"versanumer_2007\">31<\/span><\/a> Konungur gaf skipun um a\u00f0 brj\u00f3ta st\u00f3ra valda steina til \u00feess a\u00f0 hann g\u00e6ti gert undirst\u00f6\u00f0u h\u00fassins \u00far h\u00f6ggnu grj\u00f3ti. <a name=\"32\"><span class=\"versanumer_2007\">32<\/span><\/a> Smi\u00f0ir Sal\u00f3mons og H\u00edrams \u00e1samt m\u00f6nnum fr\u00e1 Gebel hjuggu steinana til og gengu fr\u00e1 vi\u00f0num og steinunum til byggingarinnar.<\/p>\n","protected":false},"excerpt":{"rendered":"<p>Veldi Sal\u00f3mons 1 Sal\u00f3mon r\u00edkti yfir \u00f6llum r\u00edkjum fr\u00e1 flj\u00f3tinu Efrat til lands Filistea og landam\u00e6ra Egyptalands. \u00cdb\u00faar \u00feeirra f\u00e6r\u00f0u Sal\u00f3mon skatt og voru honum undirgefnir \u00e1 me\u00f0an hann lif\u00f0i. 2 Sal\u00f3mon \u00feurfti daglega til matar handa m\u00f6nnum s\u00ednum \u00ferj\u00e1t\u00edu k\u00f3r[ af hveiti og sext\u00edu k\u00f3r af gr\u00f3fu mj\u00f6li, 3 t\u00edu alinaut, tuttugu hagagengin naut og hundra\u00f0 fj\u00e1r, auk hjarta, gasellna, d\u00e1d\u00fdra og alifugla, 4 enda drottna\u00f0i hann yfir \u00f6llu sv\u00e6\u00f0inu h\u00e9rna megin vi\u00f0 Efrat, fr\u00e1 T\u00edfsa til Gasa. Hann drottna\u00f0i yfir \u00f6llum konungum h\u00e9rna megin flj\u00f3tsins. Hann lif\u00f0i \u00ed fri\u00f0i vi\u00f0 alla n\u00e1granna s\u00edna 5 svo a\u00f0 \u00edb\u00faar J\u00fada <a href=\"https:\/\/biblian.is\/biblian\/fyrri-konungabok-5-kafli\/\"> [&#8230;]<\/a><\/p>\n","protected":false},"author":1,"featured_media":0,"parent":0,"menu_order":0,"comment_status":"open","ping_status":"open","template":"bibliukaflar_NT.php","meta":{"footnotes":""},"class_list":["post-1913","page","type-page","status-publish","hentry"],"_links":{"self":[{"href":"https:\/\/biblian.is\/biblian\/wp-json\/wp\/v2\/pages\/1913","targetHints":{"allow":["GET"]}}],"collection":[{"href":"https:\/\/biblian.is\/biblian\/wp-json\/wp\/v2\/pages"}],"about":[{"href":"https:\/\/biblian.is\/biblian\/wp-json\/wp\/v2\/types\/page"}],"author":[{"embeddable":true,"href":"https:\/\/biblian.is\/biblian\/wp-json\/wp\/v2\/users\/1"}],"replies":[{"embeddable":true,"href":"https:\/\/biblian.is\/biblian\/wp-json\/wp\/v2\/comments?post=1913"}],"version-history":[{"count":0,"href":"https:\/\/biblian.is\/biblian\/wp-json\/wp\/v2\/pages\/1913\/revisions"}],"wp:attachment":[{"href":"https:\/\/biblian.is\/biblian\/wp-json\/wp\/v2\/media?parent=1913"}],"curies":[{"name":"wp","href":"https:\/\/api.w.org\/{rel}","templated":true}]}}