{"id":1912,"date":"2017-12-30T21:00:55","date_gmt":"2017-12-30T21:00:55","guid":{"rendered":"http:\/\/biblian.is\/biblian\/fyrri-konungab%c2%97k-4-kafli\/"},"modified":"2024-02-06T18:26:10","modified_gmt":"2024-02-06T18:26:10","slug":"fyrri-konungabok-4-kafli","status":"publish","type":"page","link":"https:\/\/biblian.is\/biblian\/fyrri-konungabok-4-kafli\/","title":{"rendered":"Fyrri konungab\u00f3k 4. kafli"},"content":{"rendered":"<h3 class=\"millifyrirsogn_2007\"> Emb\u00e6ttismenn Sal\u00f3mons<\/h3>\n<p><a name=\"1\"><span class=\"versanumer_2007\">1<\/span><\/a> Sal\u00f3mon konungur r\u00edkti yfir \u00f6llum \u00cdsrael <a name=\"2\"><span class=\"versanumer_2007\">2<\/span><\/a> og \u00feetta voru \u00e6\u00f0stu emb\u00e6ttismenn hans: Asarja Sad\u00f3ksson var prestur; <a name=\"3\"><span class=\"versanumer_2007\">3<\/span><\/a> El\u00edhoref og Ah\u00eda, synir S\u00edsa, voru r\u00edkisritarar; J\u00f3safat Ah\u00edl\u00fa\u00f0sson var kallari <a name=\"4\"><span class=\"versanumer_2007\">4<\/span><\/a> og Benaja J\u00f3jadason var yfirhersh\u00f6f\u00f0ingi. Sad\u00f3k og Abjatar voru prestar. <a name=\"5\"><span class=\"versanumer_2007\">5<\/span><\/a> Asarja Natansson var yfirma\u00f0ur h\u00e9ra\u00f0sstj\u00f3ranna; Sab\u00fa\u00f0 Natansson prestur var vinur konungs.<span class=\"nedan_mal\" title=\" \u201eVinur konungsins\u201c var emb\u00e6tti sem \u00feekkt var \u00ed Egyptalandi og var hann einkum r\u00e1\u00f0unautur og r\u00e1\u00f0gjafi.\">[<\/span> <a name=\"6\"><span class=\"versanumer_2007\">6<\/span><\/a> Ah\u00edsar var hallarr\u00e1\u00f0sma\u00f0ur og Adon\u00edram Abdason var yfir kva\u00f0avinnum\u00f6nnum.<br \/> <a name=\"7\"><span class=\"versanumer_2007\">7<\/span><\/a> Sal\u00f3mon haf\u00f0i t\u00f3lf h\u00e9ra\u00f0sstj\u00f3ra yfir \u00f6llum \u00cdsrael. \u00deeir s\u00e1u konungi og hir\u00f0 hans fyrir vistum, sinn m\u00e1nu\u00f0inn hver \u00e1ri\u00f0 um kring. <a name=\"8\"><span class=\"versanumer_2007\">8<\/span><\/a> \u00deetta eru n\u00f6fn \u00feeirra: sonur H\u00fars \u00e1 Efra\u00edmsfj\u00f6llum, <a name=\"9\"><span class=\"versanumer_2007\">9<\/span><\/a> sonur Dekers \u00ed Makas, Saalb\u00edm, Bet Semes, Elon og Bet Hanan, <a name=\"10\"><span class=\"versanumer_2007\">10<\/span><\/a> sonur Hese\u00f0s \u00ed Ar\u00fabb\u00f3t. Undir hans stj\u00f3rn var S\u00f3k\u00f3 og allt Hefersland. <a name=\"11\"><span class=\"versanumer_2007\">11<\/span><\/a> Sonur Ab\u00ednadabs stj\u00f3rna\u00f0i \u00f6llu D\u00f3rh\u00e1lendi. Hann var kv\u00e6ntur Tafat, d\u00f3ttur Sal\u00f3mons. <a name=\"12\"><span class=\"versanumer_2007\">12<\/span><\/a> Baana Ah\u00edl\u00fa\u00f0sson stj\u00f3rna\u00f0i Taanak, Megidd\u00f3 og \u00f6llu Bet Sean sem er hj\u00e1 Sartean fyrir ne\u00f0an Jesreel, fr\u00e1 Bet Sean til Abel Meh\u00f3la og \u00fat fyrir Jokmeam. <a name=\"13\"><span class=\"versanumer_2007\">13<\/span><\/a> Sonur Gebers var h\u00e9ra\u00f0sstj\u00f3ri \u00ed Ram\u00f3t \u00ed G\u00edlea\u00f0. Hann st\u00fdr\u00f0i tjald\u00feyrpingum Ja\u00edrs, sonar Manasse, \u00ed G\u00edlea\u00f0 og h\u00e9ra\u00f0inu Arg\u00f3b sem er \u00ed Basan, sext\u00edu st\u00f3rum borgum, v\u00edggirtum me\u00f0 m\u00farum og me\u00f0 slagbr\u00f6ndum \u00far eir. <a name=\"14\"><span class=\"versanumer_2007\">14<\/span><\/a> Ah\u00ednadab Idd\u00f3son var h\u00e9ra\u00f0sstj\u00f3ri \u00ed Mahana\u00edm, <a name=\"15\"><span class=\"versanumer_2007\">15<\/span><\/a> Ak\u00edmaas var h\u00e9ra\u00f0sstj\u00f3ri \u00ed Naftal\u00ed. Hann haf\u00f0i einnig gengi\u00f0 a\u00f0 eiga Basmat, eina af d\u00e6trum Sal\u00f3mons. <a name=\"16\"><span class=\"versanumer_2007\">16<\/span><\/a> Baana H\u00fasa\u00edson var h\u00e9ra\u00f0sstj\u00f3ri yfir Asser og Beal\u00f3t. <a name=\"17\"><span class=\"versanumer_2007\">17<\/span><\/a> J\u00f3safat Par\u00faason var h\u00e9ra\u00f0sstj\u00f3ri yfir \u00cdssakar, <a name=\"18\"><span class=\"versanumer_2007\">18<\/span><\/a> S\u00edme\u00ed Elason var yfir Benjam\u00edn. <a name=\"19\"><span class=\"versanumer_2007\">19<\/span><\/a> Geber \u00dar\u00edson var h\u00e9ra\u00f0sstj\u00f3ri yfir G\u00edlea\u00f0landi sem S\u00edhon, konungur Amor\u00edta, og \u00d3g, konungur \u00ed Basan, h\u00f6f\u00f0u \u00e1tt. Einn h\u00e9ra\u00f0sstj\u00f3ri var yfir J\u00fada.<br \/> <a name=\"20\"><span class=\"versanumer_2007\">20<\/span><\/a> J\u00fadamenn og \u00cdsraelsmenn voru eins margir og sandkorn \u00e1 sj\u00e1varstr\u00f6nd. \u00deeir \u00e1tu og drukku og voru gla\u00f0ir.<\/p>\n","protected":false},"excerpt":{"rendered":"<p>Emb\u00e6ttismenn Sal\u00f3mons 1 Sal\u00f3mon konungur r\u00edkti yfir \u00f6llum \u00cdsrael 2 og \u00feetta voru \u00e6\u00f0stu emb\u00e6ttismenn hans: Asarja Sad\u00f3ksson var prestur; 3 El\u00edhoref og Ah\u00eda, synir S\u00edsa, voru r\u00edkisritarar; J\u00f3safat Ah\u00edl\u00fa\u00f0sson var kallari 4 og Benaja J\u00f3jadason var yfirhersh\u00f6f\u00f0ingi. Sad\u00f3k og Abjatar voru prestar. 5 Asarja Natansson var yfirma\u00f0ur h\u00e9ra\u00f0sstj\u00f3ranna; Sab\u00fa\u00f0 Natansson prestur var vinur konungs.[ 6 Ah\u00edsar var hallarr\u00e1\u00f0sma\u00f0ur og Adon\u00edram Abdason var yfir kva\u00f0avinnum\u00f6nnum. 7 Sal\u00f3mon haf\u00f0i t\u00f3lf h\u00e9ra\u00f0sstj\u00f3ra yfir \u00f6llum \u00cdsrael. \u00deeir s\u00e1u konungi og hir\u00f0 hans fyrir vistum, sinn m\u00e1nu\u00f0inn hver \u00e1ri\u00f0 um kring. 8 \u00deetta eru n\u00f6fn \u00feeirra: sonur H\u00fars \u00e1 Efra\u00edmsfj\u00f6llum, 9 sonur Dekers \u00ed <a href=\"https:\/\/biblian.is\/biblian\/fyrri-konungabok-4-kafli\/\"> [&#8230;]<\/a><\/p>\n","protected":false},"author":1,"featured_media":0,"parent":0,"menu_order":0,"comment_status":"open","ping_status":"open","template":"bibliukaflar_NT.php","meta":{"footnotes":""},"class_list":["post-1912","page","type-page","status-publish","hentry"],"_links":{"self":[{"href":"https:\/\/biblian.is\/biblian\/wp-json\/wp\/v2\/pages\/1912","targetHints":{"allow":["GET"]}}],"collection":[{"href":"https:\/\/biblian.is\/biblian\/wp-json\/wp\/v2\/pages"}],"about":[{"href":"https:\/\/biblian.is\/biblian\/wp-json\/wp\/v2\/types\/page"}],"author":[{"embeddable":true,"href":"https:\/\/biblian.is\/biblian\/wp-json\/wp\/v2\/users\/1"}],"replies":[{"embeddable":true,"href":"https:\/\/biblian.is\/biblian\/wp-json\/wp\/v2\/comments?post=1912"}],"version-history":[{"count":0,"href":"https:\/\/biblian.is\/biblian\/wp-json\/wp\/v2\/pages\/1912\/revisions"}],"wp:attachment":[{"href":"https:\/\/biblian.is\/biblian\/wp-json\/wp\/v2\/media?parent=1912"}],"curies":[{"name":"wp","href":"https:\/\/api.w.org\/{rel}","templated":true}]}}