{"id":1904,"date":"2017-12-30T21:00:55","date_gmt":"2017-12-30T21:00:55","guid":{"rendered":"http:\/\/biblian.is\/biblian\/s%c2%92_ari-sam%c2%9celsb%c2%97k-20-kafli\/"},"modified":"2024-02-06T18:29:23","modified_gmt":"2024-02-06T18:29:23","slug":"sidari-samuelsbok-20-kafli","status":"publish","type":"page","link":"https:\/\/biblian.is\/biblian\/sidari-samuelsbok-20-kafli\/","title":{"rendered":"S\u00ed\u00f0ari Sam\u00faelsb\u00f3k 20. kafli"},"content":{"rendered":"<h3 class=\"millifyrirsogn_2007\"> Uppreisn Seba<\/h3>\n<p><a name=\"1\"><span class=\"versanumer_2007\">1<\/span><\/a> \u00c1 \u00feessum t\u00edma bj\u00f3 \u00fearna \u00f3\u00feokki sem Seba h\u00e9t B\u00edkr\u00edson af Benjam\u00edns\u00e6tt. Hann l\u00e9t \u00feeyta hafurshorni\u00f0 og hr\u00f3pa\u00f0i: <span class=\"ljodatexti\"> Vi\u00f0 eigum enga hlutdeild \u00ed Dav\u00ed\u00f0,<br \/>engan arfshlut \u00ed syni \u00cdsa\u00ed.<br \/>\u00cdsraelsmenn fari n\u00fa hver og einn til tjalds s\u00edns. <\/span> <br \/> <a name=\"2\"><span class=\"versanumer_2007\">2<\/span><\/a> \u00de\u00e1 sneru allir \u00cdsraelsmenn baki vi\u00f0 Dav\u00ed\u00f0 og gengu til li\u00f0s vi\u00f0 Seba en J\u00fadamenn voru tryggir konungi s\u00ednum og fylgdu honum fr\u00e1 J\u00f3rdan til Jer\u00fasalem.<br \/> <a name=\"3\"><span class=\"versanumer_2007\">3<\/span><\/a> \u00deegar Dav\u00ed\u00f0 kom heim til s\u00edn \u00ed Jer\u00fasalem l\u00e9t konungur taka hj\u00e1konurnar t\u00edu, sem hann haf\u00f0i skili\u00f0 eftir til a\u00f0 g\u00e6ta h\u00fass s\u00edns, og setja \u00fe\u00e6r \u00ed var\u00f0hald. Hann s\u00e1 fyrir \u00feeim en gekk ekki framar inn til \u00feeirra. \u00deannig lif\u00f0u \u00fe\u00e6r sem ekkjur inniloka\u00f0ar allt til dau\u00f0adags.<br \/> <a name=\"4\"><span class=\"versanumer_2007\">4<\/span><\/a> N\u00fa gaf Dav\u00ed\u00f0 Amasa svohlj\u00f3\u00f0andi fyrirm\u00e6li: \u201eKalla J\u00fadamenn til vopna og komdu hinga\u00f0 sj\u00e1lfur innan \u00feriggja daga.\u201c <a name=\"5\"><span class=\"versanumer_2007\">5<\/span><\/a> \u00deegar Amasa f\u00f3r a\u00f0 kve\u00f0ja J\u00fadamenn til vopna seinka\u00f0i honum fram yfir tiltekinn t\u00edma. <a name=\"6\"><span class=\"versanumer_2007\">6<\/span><\/a> \u00de\u00e1 sag\u00f0i Dav\u00ed\u00f0 vi\u00f0 Ab\u00edsa\u00ed: \u201eN\u00fa ver\u00f0ur Seba B\u00edkr\u00edson okkur h\u00e6ttulegri en Absalon. Far\u00f0u af sta\u00f0 me\u00f0 menn m\u00edna og eltu hann svo a\u00f0 hann taki ekki v\u00edggirtu borgirnar og vi\u00f0 missum sj\u00f3nar \u00e1 honum.\u201c<br \/> <a name=\"7\"><span class=\"versanumer_2007\">7<\/span><\/a> Ab\u00edsa\u00ed h\u00e9lt n\u00fa af sta\u00f0 \u00e1samt m\u00f6nnum J\u00f3abs, Kretum, Pletum og \u00f6llu \u00farvalsli\u00f0inu. \u00deeir f\u00f3ru \u00fat \u00far Jer\u00fasalem til \u00feess a\u00f0 elta Seba B\u00edkr\u00edson. <a name=\"8\"><span class=\"versanumer_2007\">8<\/span><\/a> \u00deegar \u00feeir komu a\u00f0 st\u00f3ra steininum \u00ed G\u00edbeon var Amasa kominn \u00feanga\u00f0 \u00e1 undan \u00feeim. J\u00f3ab var b\u00fainn herkl\u00e6\u00f0um, sver\u00f0 sitt haf\u00f0i hann vi\u00f0 lend s\u00e9r \u00ed sl\u00ed\u00f0ri sem fest var vi\u00f0 belti\u00f0. \u00deegar hann gekk fram hr\u00f6kk sver\u00f0i\u00f0 \u00far sl\u00ed\u00f0rinu.<br \/> <a name=\"9\"><span class=\"versanumer_2007\">9<\/span><\/a> J\u00f3ab sag\u00f0i vi\u00f0 Amasa: \u201eHvernig l\u00ed\u00f0ur \u00fe\u00e9r, br\u00f3\u00f0ir?\u201c og \u00fereif um lei\u00f0 me\u00f0 h\u00e6gri hendi \u00ed skegg Amasa til \u00feess a\u00f0 kyssa hann. <a name=\"10\"><span class=\"versanumer_2007\">10<\/span><\/a> En Amasa t\u00f3k ekki eftir sver\u00f0inu, sem J\u00f3ab haf\u00f0i \u00ed vinstri hendi, og lag\u00f0i J\u00f3ab \u00fev\u00ed \u00ed kvi\u00f0 honum svo a\u00f0 innyflin l\u00e1gu \u00fati. J\u00f3ab \u00feurfti ekki a\u00f0 leggja til hans aftur \u00fev\u00ed a\u00f0 hann var \u00feegar d\u00e1inn. J\u00f3ab og Ab\u00edsa\u00ed, br\u00f3\u00f0ir hans, h\u00e9ldu s\u00ed\u00f0an \u00e1fram a\u00f0 veita Seba B\u00edkr\u00edsyni eftirf\u00f6r. <a name=\"11\"><span class=\"versanumer_2007\">11<\/span><\/a> Einn af m\u00f6nnum J\u00f3abs nam sta\u00f0ar hj\u00e1 l\u00edkinu og hr\u00f3pa\u00f0i: \u201eHver sem hefur m\u00e6tur \u00e1 J\u00f3ab og hver sem sty\u00f0ur Dav\u00ed\u00f0 fylgi J\u00f3ab.\u201c<br \/> <a name=\"12\"><span class=\"versanumer_2007\">12<\/span><\/a> Amasa l\u00e1 \u00ed bl\u00f3\u00f0i s\u00ednu \u00e1 mi\u00f0jum veginum. \u00deegar ma\u00f0urinn s\u00e1 a\u00f0 allur herinn nam sta\u00f0ar dr\u00f3 hann Amasa \u00fat fyrir veginn. S\u00ed\u00f0an fleyg\u00f0i hann yfir hann kl\u00e6\u00f0i \u00feegar hann s\u00e1 a\u00f0 allir, sem gengu fram hj\u00e1 honum, n\u00e1mu sta\u00f0ar. <a name=\"13\"><span class=\"versanumer_2007\">13<\/span><\/a> Eftir a\u00f0 hann haf\u00f0i komi\u00f0 Amasa af veginum h\u00e9ldu allir \u00e1fram me\u00f0 J\u00f3ab til a\u00f0 veita Seba B\u00edkr\u00edsyni eftirf\u00f6r. <a name=\"14\"><span class=\"versanumer_2007\">14<\/span><\/a> Hann haf\u00f0i fari\u00f0 til allra \u00e6ttb\u00e1lka \u00cdsraels og var n\u00fa kominn til Abel Bet Maaka. Allir \u00e6ttmenn B\u00edkr\u00ed h\u00f6f\u00f0u safnast saman og fylgt honum.<br \/> <a name=\"15\"><span class=\"versanumer_2007\">15<\/span><\/a> N\u00fa komu menn J\u00f3abs, umkringdu Seba B\u00edkr\u00edson \u00ed borginni Abel Met Maaka og hl\u00f3\u00f0u vegg a\u00f0 borgarm\u00farnum. Allt li\u00f0 J\u00f3abs h\u00f3fst s\u00ed\u00f0an handa vi\u00f0 a\u00f0 brj\u00f3ta ni\u00f0ur borgarm\u00farinn. <a name=\"16\"><span class=\"versanumer_2007\">16<\/span><\/a> \u00de\u00e1 hr\u00f3pa\u00f0i skyns\u00f6m kona \u00far borginni: \u201eHlusti\u00f0, hlusti\u00f0. Segi\u00f0 vi\u00f0 J\u00f3ab: Komdu, mig langar til a\u00f0 tala vi\u00f0 \u00feig.\u201c <a name=\"17\"><span class=\"versanumer_2007\">17<\/span><\/a> Hann gekk \u00fe\u00e1 til konunnar og h\u00fan spur\u00f0i: \u201eErt \u00fe\u00fa J\u00f3ab?\u201c Hann j\u00e1ta\u00f0i \u00fev\u00ed. \u00de\u00e1 sag\u00f0i h\u00fan vi\u00f0 hann: \u201eHlusta\u00f0u \u00e1 or\u00f0 amb\u00e1ttar \u00feinnar.\u201c Hann svara\u00f0i: \u201e\u00c9g hlusta.\u201c <a name=\"18\"><span class=\"versanumer_2007\">18<\/span><\/a> \u00de\u00e1 sag\u00f0i h\u00fan: \u201e\u00c1\u00f0ur fyrr var \u00feetta haft a\u00f0 or\u00f0taki: Spyr\u00f0u \u00ed Abel og m\u00e1li\u00f0 er \u00fatklj\u00e1\u00f0. <a name=\"19\"><span class=\"versanumer_2007\">19<\/span><\/a> Vi\u00f0 erum fri\u00f0samasta og traustasta f\u00f3lki\u00f0 \u00ed \u00cdsrael en \u00fe\u00fa \u00e6tlar a\u00f0 leggja \u00fe\u00e1 borg \u00ed r\u00fast sem er m\u00f3\u00f0ir \u00ed \u00cdsrael. Hvers vegna \u00e6tlar \u00fe\u00fa a\u00f0 ey\u00f0a arfleif\u00f0 Drottins?\u201c <a name=\"20\"><span class=\"versanumer_2007\">20<\/span><\/a> J\u00f3ab svara\u00f0i: \u201e\u00dea\u00f0 er v\u00ed\u00f0s fjarri m\u00e9r. \u00c9g \u00e6tla hvorki a\u00f0 ey\u00f0a n\u00e9 brj\u00f3ta, <a name=\"21\"><span class=\"versanumer_2007\">21<\/span><\/a> alls ekki. En ma\u00f0ur nokkur fr\u00e1 Efra\u00edmsfjalli, Seba B\u00edkr\u00edson a\u00f0 nafni, hefur lyft hendi sinni gegn Dav\u00ed\u00f0 konungi. Framselji\u00f0 hann einan og \u00fe\u00e1 mun \u00e9g hverfa fr\u00e1 borginni.\u201c Konan svara\u00f0i J\u00f3ab: \u201eTaktu eftir, h\u00f6f\u00f0i hans ver\u00f0ur fleygt til \u00fe\u00edn yfir borgarm\u00farinn.\u201c<br \/> <a name=\"22\"><span class=\"versanumer_2007\">22<\/span><\/a> S\u00ed\u00f0an tala\u00f0i konan vi\u00f0 alla borgarb\u00faa. \u00deeir l\u00e9tu h\u00e1lsh\u00f6ggva Seba B\u00edkr\u00edson og fleyg\u00f0u h\u00f6f\u00f0inu til J\u00f3abs. \u00dev\u00ed n\u00e6st l\u00e9t hann \u00feeyta hafurshorni\u00f0 og h\u00e9ldu \u00fe\u00e1 allir fr\u00e1 borginni, dreif\u00f0ust og f\u00f3r hver til s\u00edns tjalds. J\u00f3ab h\u00e9lt aftur til Jer\u00fasalem til konungsins.<\/p>\n<h3 class=\"millifyrirsogn_2007\">Emb\u00e6ttismenn Dav\u00ed\u00f0s<\/h3>\n<p><a name=\"23\"><span class=\"versanumer_2007\">23<\/span><\/a> J\u00f3ab var hersh\u00f6f\u00f0ingi yfir \u00f6llum \u00cdsraelsher og Benaja J\u00f3jadason var fyrir Kretum og Pletum. <a name=\"24\"><span class=\"versanumer_2007\">24<\/span><\/a> Ad\u00f3n\u00edram var yfirma\u00f0ur kva\u00f0avinnunnar og J\u00f3safat Ah\u00edl\u00fa\u00f0sson var kallari konungs. <a name=\"25\"><span class=\"versanumer_2007\">25<\/span><\/a> Seja var r\u00edkisritari og Sad\u00f3k og Abjatar voru prestar. \u00cdra af \u00e6tt Ja\u00edrs var einnig prestur Dav\u00ed\u00f0s.<\/p>\n","protected":false},"excerpt":{"rendered":"<p>Uppreisn Seba 1 \u00c1 \u00feessum t\u00edma bj\u00f3 \u00fearna \u00f3\u00feokki sem Seba h\u00e9t B\u00edkr\u00edson af Benjam\u00edns\u00e6tt. Hann l\u00e9t \u00feeyta hafurshorni\u00f0 og hr\u00f3pa\u00f0i: Vi\u00f0 eigum enga hlutdeild \u00ed Dav\u00ed\u00f0,engan arfshlut \u00ed syni \u00cdsa\u00ed.\u00cdsraelsmenn fari n\u00fa hver og einn til tjalds s\u00edns. 2 \u00de\u00e1 sneru allir \u00cdsraelsmenn baki vi\u00f0 Dav\u00ed\u00f0 og gengu til li\u00f0s vi\u00f0 Seba en J\u00fadamenn voru tryggir konungi s\u00ednum og fylgdu honum fr\u00e1 J\u00f3rdan til Jer\u00fasalem. 3 \u00deegar Dav\u00ed\u00f0 kom heim til s\u00edn \u00ed Jer\u00fasalem l\u00e9t konungur taka hj\u00e1konurnar t\u00edu, sem hann haf\u00f0i skili\u00f0 eftir til a\u00f0 g\u00e6ta h\u00fass s\u00edns, og setja \u00fe\u00e6r \u00ed var\u00f0hald. Hann s\u00e1 fyrir \u00feeim en <a href=\"https:\/\/biblian.is\/biblian\/sidari-samuelsbok-20-kafli\/\"> [&#8230;]<\/a><\/p>\n","protected":false},"author":1,"featured_media":0,"parent":0,"menu_order":0,"comment_status":"open","ping_status":"open","template":"bibliukaflar_NT.php","meta":{"footnotes":""},"class_list":["post-1904","page","type-page","status-publish","hentry"],"_links":{"self":[{"href":"https:\/\/biblian.is\/biblian\/wp-json\/wp\/v2\/pages\/1904","targetHints":{"allow":["GET"]}}],"collection":[{"href":"https:\/\/biblian.is\/biblian\/wp-json\/wp\/v2\/pages"}],"about":[{"href":"https:\/\/biblian.is\/biblian\/wp-json\/wp\/v2\/types\/page"}],"author":[{"embeddable":true,"href":"https:\/\/biblian.is\/biblian\/wp-json\/wp\/v2\/users\/1"}],"replies":[{"embeddable":true,"href":"https:\/\/biblian.is\/biblian\/wp-json\/wp\/v2\/comments?post=1904"}],"version-history":[{"count":0,"href":"https:\/\/biblian.is\/biblian\/wp-json\/wp\/v2\/pages\/1904\/revisions"}],"wp:attachment":[{"href":"https:\/\/biblian.is\/biblian\/wp-json\/wp\/v2\/media?parent=1904"}],"curies":[{"name":"wp","href":"https:\/\/api.w.org\/{rel}","templated":true}]}}

Síðari Samúelsbók 20. kafli

<h3 class="millifyrirsogn_2007"> Uppreisn Seba</h3>
<p><a name="1"><span class="versanumer_2007">1</span></a> Á þessum tíma bjó þarna óþokki sem Seba hét Bíkríson af Benjamínsætt. Hann lét þeyta hafurshornið og hrópaði: <span class="ljodatexti"> Við eigum enga hlutdeild í Davíð,<br />engan arfshlut í syni Ísaí.<br />Ísraelsmenn fari nú hver og einn til tjalds síns. </span> <br /> <a name="2"><span class="versanumer_2007">2</span></a> Þá sneru allir Ísraelsmenn baki við Davíð og gengu til liðs við Seba en Júdamenn voru tryggir konungi sínum og fylgdu honum frá Jórdan til Jerúsalem.<br /> <a name="3"><span class="versanumer_2007">3</span></a> Þegar Davíð kom heim til sín í Jerúsalem lét konungur taka hjákonurnar tíu, sem hann hafði skilið eftir til að gæta húss síns, og setja þær í varðhald. Hann sá fyrir þeim en gekk ekki framar inn til þeirra. Þannig lifðu þær sem ekkjur innilokaðar allt til dauðadags.<br /> <a name="4"><span class="versanumer_2007">4</span></a> Nú gaf Davíð Amasa svohljóðandi fyrirmæli: „Kalla Júdamenn til vopna og komdu hingað sjálfur innan þriggja daga.“ <a name="5"><span class="versanumer_2007">5</span></a> Þegar Amasa fór að kveðja Júdamenn til vopna seinkaði honum fram yfir tiltekinn tíma. <a name="6"><span class="versanumer_2007">6</span></a> Þá sagði Davíð við Abísaí: „Nú verður Seba Bíkríson okkur hættulegri en Absalon. Farðu af stað með menn mína og eltu hann svo að hann taki ekki víggirtu borgirnar og við missum sjónar á honum.“<br /> <a name="7"><span class="versanumer_2007">7</span></a> Abísaí hélt nú af stað ásamt mönnum Jóabs, Kretum, Pletum og öllu úrvalsliðinu. Þeir fóru út úr Jerúsalem til þess að elta Seba Bíkríson. <a name="8"><span class="versanumer_2007">8</span></a> Þegar þeir komu að stóra steininum í Gíbeon var Amasa kominn þangað á undan þeim. Jóab var búinn herklæðum, sverð sitt hafði hann við lend sér í slíðri sem fest var við beltið. Þegar hann gekk fram hrökk sverðið úr slíðrinu.<br /> <a name="9"><span class="versanumer_2007">9</span></a> Jóab sagði við Amasa: „Hvernig líður þér, bróðir?“ og þreif um leið með hægri hendi í skegg Amasa til þess að kyssa hann. <a name="10"><span class="versanumer_2007">10</span></a> En Amasa tók ekki eftir sverðinu, sem Jóab hafði í vinstri hendi, og lagði Jóab því í kvið honum svo að innyflin lágu úti. Jóab þurfti ekki að leggja til hans aftur því að hann var þegar dáinn. Jóab og Abísaí, bróðir hans, héldu síðan áfram að veita Seba Bíkrísyni eftirför. <a name="11"><span class="versanumer_2007">11</span></a> Einn af mönnum Jóabs nam staðar hjá líkinu og hrópaði: „Hver sem hefur mætur á Jóab og hver sem styður Davíð fylgi Jóab.“<br /> <a name="12"><span class="versanumer_2007">12</span></a> Amasa lá í blóði sínu á miðjum veginum. Þegar maðurinn sá að allur herinn nam staðar dró hann Amasa út fyrir veginn. Síðan fleygði hann yfir hann klæði þegar hann sá að allir, sem gengu fram hjá honum, námu staðar. <a name="13"><span class="versanumer_2007">13</span></a> Eftir að hann hafði komið Amasa af veginum héldu allir áfram með Jóab til að veita Seba Bíkrísyni eftirför. <a name="14"><span class="versanumer_2007">14</span></a> Hann hafði farið til allra ættbálka Ísraels og var nú kominn til Abel Bet Maaka. Allir ættmenn Bíkrí höfðu safnast saman og fylgt honum.<br /> <a name="15"><span class="versanumer_2007">15</span></a> Nú komu menn Jóabs, umkringdu Seba Bíkríson í borginni Abel Met Maaka og hlóðu vegg að borgarmúrnum. Allt lið Jóabs hófst síðan handa við að brjóta niður borgarmúrinn. <a name="16"><span class="versanumer_2007">16</span></a> Þá hrópaði skynsöm kona úr borginni: „Hlustið, hlustið. Segið við Jóab: Komdu, mig langar til að tala við þig.“ <a name="17"><span class="versanumer_2007">17</span></a> Hann gekk þá til konunnar og hún spurði: „Ert þú Jóab?“ Hann játaði því. Þá sagði hún við hann: „Hlustaðu á orð ambáttar þinnar.“ Hann svaraði: „Ég hlusta.“ <a name="18"><span class="versanumer_2007">18</span></a> Þá sagði hún: „Áður fyrr var þetta haft að orðtaki: Spyrðu í Abel og málið er útkljáð. <a name="19"><span class="versanumer_2007">19</span></a> Við erum friðsamasta og traustasta fólkið í Ísrael en þú ætlar að leggja þá borg í rúst sem er móðir í Ísrael. Hvers vegna ætlar þú að eyða arfleifð Drottins?“ <a name="20"><span class="versanumer_2007">20</span></a> Jóab svaraði: „Það er víðs fjarri mér. Ég ætla hvorki að eyða né brjóta, <a name="21"><span class="versanumer_2007">21</span></a> alls ekki. En maður nokkur frá Efraímsfjalli, Seba Bíkríson að nafni, hefur lyft hendi sinni gegn Davíð konungi. Framseljið hann einan og þá mun ég hverfa frá borginni.“ Konan svaraði Jóab: „Taktu eftir, höfði hans verður fleygt til þín yfir borgarmúrinn.“<br /> <a name="22"><span class="versanumer_2007">22</span></a> Síðan talaði konan við alla borgarbúa. Þeir létu hálshöggva Seba Bíkríson og fleygðu höfðinu til Jóabs. Því næst lét hann þeyta hafurshornið og héldu þá allir frá borginni, dreifðust og fór hver til síns tjalds. Jóab hélt aftur til Jerúsalem til konungsins.</p>
<h3 class="millifyrirsogn_2007">Embættismenn Davíðs</h3>
<p><a name="23"><span class="versanumer_2007">23</span></a> Jóab var hershöfðingi yfir öllum Ísraelsher og Benaja Jójadason var fyrir Kretum og Pletum. <a name="24"><span class="versanumer_2007">24</span></a> Adóníram var yfirmaður kvaðavinnunnar og Jósafat Ahílúðsson var kallari konungs. <a name="25"><span class="versanumer_2007">25</span></a> Seja var ríkisritari og Sadók og Abjatar voru prestar. Íra af ætt Jaírs var einnig prestur Davíðs.</p>

<p>Uppreisn Seba 1 Á þessum tíma bjó þarna óþokki sem Seba hét Bíkríson af Benjamínsætt. Hann lét þeyta hafurshornið og hrópaði: Við eigum enga hlutdeild í Davíð,engan arfshlut í syni Ísaí.Ísraelsmenn fari nú hver og einn til tjalds síns. 2 Þá sneru allir Ísraelsmenn baki við Davíð og gengu til liðs við Seba en Júdamenn voru tryggir konungi sínum og fylgdu honum frá Jórdan til Jerúsalem. 3 Þegar Davíð kom heim til sín í Jerúsalem lét konungur taka hjákonurnar tíu, sem hann hafði skilið eftir til að gæta húss síns, og setja þær í varðhald. Hann sá fyrir þeim en <a href="https://biblian.is/biblian/sidari-samuelsbok-20-kafli/"> [&#8230;]</a></p>
