{"id":1900,"date":"2017-12-30T21:00:55","date_gmt":"2017-12-30T21:00:55","guid":{"rendered":"http:\/\/biblian.is\/biblian\/s%c2%92_ari-sam%c2%9celsb%c2%97k-16-kafli\/"},"modified":"2024-02-06T18:29:19","modified_gmt":"2024-02-06T18:29:19","slug":"sidari-samuelsbok-16-kafli","status":"publish","type":"page","link":"https:\/\/biblian.is\/biblian\/sidari-samuelsbok-16-kafli\/","title":{"rendered":"S\u00ed\u00f0ari Sam\u00faelsb\u00f3k 16. kafli"},"content":{"rendered":"<h3 class=\"millifyrirsogn_2007\"> Dav\u00ed\u00f0 og S\u00edba<\/h3>\n<p><a name=\"1\"><span class=\"versanumer_2007\">1<\/span><\/a> \u00deegar Dav\u00ed\u00f0 var kominn sp\u00f6lkorn fr\u00e1 fjallstindinum kom S\u00edba, \u00fej\u00f3nn Mef\u00edb\u00f3sets, \u00e1 m\u00f3ti honum. Hann haf\u00f0i me\u00f0 s\u00e9r tvo s\u00f6\u00f0la\u00f0a asna sem voru klyfja\u00f0ir tv\u00f6 hundru\u00f0 brau\u00f0um, hundra\u00f0 r\u00fas\u00ednuk\u00f6kum, hundra\u00f0 ferskum \u00e1v\u00f6xtum og v\u00ednbelg. <a name=\"2\"><span class=\"versanumer_2007\">2<\/span><\/a> Konungurinn spur\u00f0i S\u00edba: \u201eHva\u00f0 \u00e6tlar\u00f0u a\u00f0 gera vi\u00f0 \u00feetta?\u201c S\u00edba svara\u00f0i: \u201eAsnarnir eru rei\u00f0skj\u00f3tar konungsfj\u00f6lskyldunnar, brau\u00f0i\u00f0 og \u00e1vextirnir eru matur handa \u00fej\u00f3num \u00fe\u00ednum og v\u00edni\u00f0 er til drykkjar handa \u00feeim sem \u00fereytast \u00ed ey\u00f0im\u00f6rkinni.\u201c <a name=\"3\"><span class=\"versanumer_2007\">3<\/span><\/a> \u00de\u00e1 spur\u00f0i konungur: \u201eHvar er sonur h\u00fasb\u00f3nda \u00fe\u00edns?\u201c S\u00edba svara\u00f0i: \u201eHann heldur kyrru fyrir \u00ed Jer\u00fasalem \u00fev\u00ed a\u00f0 hann hefur sagt: N\u00fa munu \u00cdsraelsmenn f\u00e1 m\u00e9r konungd\u00f3m f\u00f6\u00f0ur m\u00edns.\u201c <a name=\"4\"><span class=\"versanumer_2007\">4<\/span><\/a> \u00de\u00e1 sag\u00f0i konungur vi\u00f0 S\u00edba: \u201eH\u00e9r me\u00f0 \u00e1tt \u00fe\u00fa allt sem Mef\u00edb\u00f3set \u00e1tti.\u201c S\u00edba svara\u00f0i: \u201e\u00c9g fell fram fyrir \u00fe\u00e9r \u00ed lotningu. Megi \u00e9g reynast ver\u00f0ugur n\u00e1\u00f0ar \u00feinnar.\u201c<\/p>\n<h3 class=\"millifyrirsogn_2007\">S\u00edme\u00ed form\u00e6lir Dav\u00ed\u00f0<\/h3>\n<p><a name=\"5\"><span class=\"versanumer_2007\">5<\/span><\/a> \u00deegar Dav\u00ed\u00f0 konungur kom til Bah\u00far\u00edm kom ma\u00f0ur nokkur skyndilega \u00fat \u00far borginni. Hann var af sama \u00e6ttb\u00e1lki og fj\u00f6lskylda S\u00e1ls og h\u00e9t S\u00edme\u00ed Gerason. Um lei\u00f0 og hann kom \u00fat \u00far borginni form\u00e6lti hann Dav\u00ed\u00f0 <a name=\"6\"><span class=\"versanumer_2007\">6<\/span><\/a> og kasta\u00f0i grj\u00f3ti \u00ed hann og menn hans enda \u00fe\u00f3tt herinn og \u00farvalsli\u00f0i\u00f0 v\u00e6ru umhverfis konunginn. <a name=\"7\"><span class=\"versanumer_2007\">7<\/span><\/a> S\u00edme\u00ed form\u00e6lti Dav\u00ed\u00f0 me\u00f0 \u00feessum or\u00f0um: \u201eFar\u00f0u burt, mor\u00f0ingi og f\u00falmenni. <a name=\"8\"><span class=\"versanumer_2007\">8<\/span><\/a> N\u00fa hefur Drottinn launa\u00f0 \u00fe\u00e9r \u00fea\u00f0 bl\u00f3\u00f0 sem \u00fe\u00fa \u00fathelltir \u00ed \u00e6tt S\u00e1ls. \u00de\u00fa var\u00f0st konungur eftir hann en n\u00fa hefur Drottinn selt konungd\u00e6mi\u00f0 \u00ed hendur Absalon, syni \u00fe\u00ednum. N\u00fa er \u00f3g\u00e6fan komin yfir \u00feig \u00fev\u00ed a\u00f0 \u00fe\u00fa ert mor\u00f0ingi.\u201c<br \/> <a name=\"9\"><span class=\"versanumer_2007\">9<\/span><\/a> \u00de\u00e1 sag\u00f0i Ab\u00edsa\u00ed Ser\u00fajuson vi\u00f0 konunginn: \u201eHvers vegna f\u00e6r \u00feessi dau\u00f0i hundur a\u00f0 b\u00f6lva herra m\u00ednum, konunginum? \u00c9g skal fara og gera hann h\u00f6f\u00f0inu styttri.\u201c <a name=\"10\"><span class=\"versanumer_2007\">10<\/span><\/a> Konungurinn svara\u00f0i: \u201eG\u00e6ti\u00f0 a\u00f0 sj\u00e1lfum ykkur, \u00fei\u00f0 Ser\u00fajusynir. Ef hann form\u00e6lir og Drottinn hefur sagt vi\u00f0 hann: Form\u00e6ltu Dav\u00ed\u00f0, hver getur \u00fe\u00e1 spurt: Hvers vegna gerir \u00fe\u00fa \u00feetta?\u201c <a name=\"11\"><span class=\"versanumer_2007\">11<\/span><\/a> Og enn fremur sag\u00f0i Dav\u00ed\u00f0 vi\u00f0 Ab\u00edsa\u00ed og alla \u00fej\u00f3na s\u00edna: \u201eHvernig er h\u00e6gt a\u00f0 b\u00faast vi\u00f0 \u00f6\u00f0ru af \u00feessum Benjam\u00edn\u00edta \u00feegar jafnvel sonur minn, hold mitt og bl\u00f3\u00f0,<span class=\"nedan_mal\" title=\" Or\u00f0r\u00e9tt: sem gekk \u00fat af lend minni.\">[<\/span> s\u00e6kist eftir l\u00edfi m\u00ednu. L\u00e1ti\u00f0 hann form\u00e6la. Drottinn hefur sj\u00e1lfsagt skipa\u00f0 honum \u00fea\u00f0. <a name=\"12\"><span class=\"versanumer_2007\">12<\/span><\/a> Ef til vill s\u00e9r Drottinn eymd m\u00edna og veitir m\u00e9r heill \u00ed sta\u00f0inn fyrir form\u00e6lingar hans \u00ed dag.\u201c<br \/> <a name=\"13\"><span class=\"versanumer_2007\">13<\/span><\/a> Dav\u00ed\u00f0 h\u00e9lt s\u00ed\u00f0an lei\u00f0ar sinnar \u00e1samt m\u00f6nnum s\u00ednum en S\u00edme\u00ed fylgdi honum \u00ed fjallshl\u00ed\u00f0inni \u00e1 hli\u00f0 vi\u00f0 hann, form\u00e6lti honum st\u00f6\u00f0ugt og kasta\u00f0i grj\u00f3ti og mold \u00e1 eftir honum. <a name=\"14\"><span class=\"versanumer_2007\">14<\/span><\/a> \u00deegar komi\u00f0 var til J\u00f3rdanar voru allir \u00fereyttir, konungur og allur her hans, og hv\u00edldust \u00feeir \u00fear.<\/p>\n<h3 class=\"millifyrirsogn_2007\">Absalon \u00ed Jer\u00fasalem<\/h3>\n<p><a name=\"15\"><span class=\"versanumer_2007\">15<\/span><\/a> Absalon var n\u00fa kominn til Jer\u00fasalem \u00e1samt Ak\u00edt\u00f3fel og \u00f6llum \u00cdsraelsher. <a name=\"16\"><span class=\"versanumer_2007\">16<\/span><\/a> \u00deegar Ark\u00edtinn H\u00fasa\u00ed, vinur Dav\u00ed\u00f0s, kom til Absalons hr\u00f3pa\u00f0i hann til Absalons: \u201eKonungurinn lifi! Konungurinn lifi!\u201c <a name=\"17\"><span class=\"versanumer_2007\">17<\/span><\/a> Absalon spur\u00f0i \u00fe\u00e1 H\u00fasa\u00ed: \u201eEr \u00feetta trygg\u00f0 \u00fe\u00edn vi\u00f0 vin \u00feinn? Hvers vegna fylgir\u00f0u ekki vini \u00fe\u00ednum?\u201c <a name=\"18\"><span class=\"versanumer_2007\">18<\/span><\/a> H\u00fasa\u00ed svara\u00f0i Absalon: \u201e\u00c9g stend me\u00f0 \u00feeim sem Drottinn, f\u00f3lki\u00f0 h\u00e9rna og allur \u00cdsrael hefur kosi\u00f0, honum \u00e6tla \u00e9g a\u00f0 fylgja. <a name=\"19\"><span class=\"versanumer_2007\">19<\/span><\/a> Hver er \u00fea\u00f0 annars sem \u00e9g vil \u00fej\u00f3na? Er \u00fea\u00f0 ekki sonur hans? \u00c9g mun \u00fej\u00f3na \u00fe\u00e9r \u00e1 sama h\u00e1tt og \u00e9g hef \u00fej\u00f3na\u00f0 f\u00f6\u00f0ur \u00fe\u00ednum.\u201c<br \/> <a name=\"20\"><span class=\"versanumer_2007\">20<\/span><\/a> \u00de\u00e1 sag\u00f0i Absalon vi\u00f0 Ak\u00edt\u00f3fel: \u201eR\u00e1\u00f0leggi\u00f0 okkur n\u00fa hva\u00f0 vi\u00f0 eigum a\u00f0 gera?\u201c <a name=\"21\"><span class=\"versanumer_2007\">21<\/span><\/a> Ak\u00edt\u00f3fel svara\u00f0i Absalon: \u201eGakk inn til hj\u00e1kvenna f\u00f6\u00f0ur \u00fe\u00edns sem hann skildi h\u00e9r eftir til a\u00f0 g\u00e6ta h\u00fassins. \u00de\u00e1 fr\u00e9ttir allur \u00cdsrael a\u00f0 \u00fe\u00fa hafir gert f\u00f6\u00f0ur \u00feinn a\u00f0 hatursmanni \u00fe\u00ednum. \u00dea\u00f0 eflir hugrekki allra fylgismanna \u00feinna.\u201c <a name=\"22\"><span class=\"versanumer_2007\">22<\/span><\/a> Tjaldi handa Absalon var n\u00fa slegi\u00f0 upp \u00e1 \u00feakinu og hann gekk inn til hj\u00e1kvenna f\u00f6\u00f0ur s\u00edns fyrir augum alls \u00cdsraels.<br \/> <a name=\"23\"><span class=\"versanumer_2007\">23<\/span><\/a> R\u00e1\u00f0legging fr\u00e1 Ak\u00edt\u00f3fel var \u00e1 \u00feessum t\u00edma metin til jafns vi\u00f0 \u00farskur\u00f0 fr\u00e1 Gu\u00f0i. Svo mikils m\u00e1ttu s\u00edn \u00f6ll r\u00e1\u00f0 Ak\u00edt\u00f3fels b\u00e6\u00f0i fyrir Dav\u00ed\u00f0 og Absalon.<\/p>\n","protected":false},"excerpt":{"rendered":"<p>Dav\u00ed\u00f0 og S\u00edba 1 \u00deegar Dav\u00ed\u00f0 var kominn sp\u00f6lkorn fr\u00e1 fjallstindinum kom S\u00edba, \u00fej\u00f3nn Mef\u00edb\u00f3sets, \u00e1 m\u00f3ti honum. Hann haf\u00f0i me\u00f0 s\u00e9r tvo s\u00f6\u00f0la\u00f0a asna sem voru klyfja\u00f0ir tv\u00f6 hundru\u00f0 brau\u00f0um, hundra\u00f0 r\u00fas\u00ednuk\u00f6kum, hundra\u00f0 ferskum \u00e1v\u00f6xtum og v\u00ednbelg. 2 Konungurinn spur\u00f0i S\u00edba: \u201eHva\u00f0 \u00e6tlar\u00f0u a\u00f0 gera vi\u00f0 \u00feetta?\u201c S\u00edba svara\u00f0i: \u201eAsnarnir eru rei\u00f0skj\u00f3tar konungsfj\u00f6lskyldunnar, brau\u00f0i\u00f0 og \u00e1vextirnir eru matur handa \u00fej\u00f3num \u00fe\u00ednum og v\u00edni\u00f0 er til drykkjar handa \u00feeim sem \u00fereytast \u00ed ey\u00f0im\u00f6rkinni.\u201c 3 \u00de\u00e1 spur\u00f0i konungur: \u201eHvar er sonur h\u00fasb\u00f3nda \u00fe\u00edns?\u201c S\u00edba svara\u00f0i: \u201eHann heldur kyrru fyrir \u00ed Jer\u00fasalem \u00fev\u00ed a\u00f0 hann hefur sagt: N\u00fa munu \u00cdsraelsmenn f\u00e1 m\u00e9r <a href=\"https:\/\/biblian.is\/biblian\/sidari-samuelsbok-16-kafli\/\"> [&#8230;]<\/a><\/p>\n","protected":false},"author":1,"featured_media":0,"parent":0,"menu_order":0,"comment_status":"open","ping_status":"open","template":"bibliukaflar_NT.php","meta":{"footnotes":""},"class_list":["post-1900","page","type-page","status-publish","hentry"],"_links":{"self":[{"href":"https:\/\/biblian.is\/biblian\/wp-json\/wp\/v2\/pages\/1900","targetHints":{"allow":["GET"]}}],"collection":[{"href":"https:\/\/biblian.is\/biblian\/wp-json\/wp\/v2\/pages"}],"about":[{"href":"https:\/\/biblian.is\/biblian\/wp-json\/wp\/v2\/types\/page"}],"author":[{"embeddable":true,"href":"https:\/\/biblian.is\/biblian\/wp-json\/wp\/v2\/users\/1"}],"replies":[{"embeddable":true,"href":"https:\/\/biblian.is\/biblian\/wp-json\/wp\/v2\/comments?post=1900"}],"version-history":[{"count":0,"href":"https:\/\/biblian.is\/biblian\/wp-json\/wp\/v2\/pages\/1900\/revisions"}],"wp:attachment":[{"href":"https:\/\/biblian.is\/biblian\/wp-json\/wp\/v2\/media?parent=1900"}],"curies":[{"name":"wp","href":"https:\/\/api.w.org\/{rel}","templated":true}]}}