{"id":1887,"date":"2017-12-30T21:00:50","date_gmt":"2017-12-30T21:00:50","guid":{"rendered":"http:\/\/biblian.is\/biblian\/s%c2%92_ari-sam%c2%9celsb%c2%97k-3-kafli\/"},"modified":"2024-02-06T18:29:26","modified_gmt":"2024-02-06T18:29:26","slug":"sidari-samuelsbok-3-kafli","status":"publish","type":"page","link":"https:\/\/biblian.is\/biblian\/sidari-samuelsbok-3-kafli\/","title":{"rendered":"S\u00ed\u00f0ari Sam\u00faelsb\u00f3k 3. kafli"},"content":{"rendered":"<p><a name=\"1\"><span class=\"versanumer_2007\">1<\/span><\/a> Str\u00ed\u00f0i\u00f0 milli \u00e6ttar S\u00e1ls og \u00e6ttar Dav\u00ed\u00f0s dr\u00f3st \u00e1 langinn. Dav\u00ed\u00f0 efldist s\u00edfellt en \u00e6tt S\u00e1ls var\u00f0 \u00e6 veikari.<\/p>\n<h3 class=\"millifyrirsogn_2007\">Synir Dav\u00ed\u00f0s \u00ed Hebron<\/h3>\n<p><a name=\"2\"><span class=\"versanumer_2007\">2<\/span><\/a> \u00cd Hebron f\u00e6ddust Dav\u00ed\u00f0 \u00feessir synir: Amnon var frumbur\u00f0ur hans me\u00f0 Ak\u00edn\u00f3am fr\u00e1 Jesreel. <a name=\"3\"><span class=\"versanumer_2007\">3<\/span><\/a> K\u00edleab var n\u00e6stelstur en hann eigna\u00f0ist Dav\u00ed\u00f0 me\u00f0 Ab\u00edgail sem \u00e1\u00f0ur var eiginkona Nabals fr\u00e1 Karmel, \u00feri\u00f0ji Absalon, sonur Ma\u00f6ku d\u00f3ttur Talma\u00ed, konungs \u00ed Ges\u00far, <a name=\"4\"><span class=\"versanumer_2007\">4<\/span><\/a> fj\u00f3r\u00f0i Ad\u00f3n\u00eda, sonur Hagg\u00edtar, fimmti Sefatja, sonur Ab\u00edt-alar, <a name=\"5\"><span class=\"versanumer_2007\">5<\/span><\/a> sj\u00f6tti Jitream, me\u00f0 Eglu sem var eiginkona Dav\u00ed\u00f0s. \u00deessir synir f\u00e6ddust Dav\u00ed\u00f0 \u00ed Hebron.<\/p>\n<h3 class=\"millifyrirsogn_2007\">Abner gengur \u00ed li\u00f0 me\u00f0 Dav\u00ed\u00f0<\/h3>\n<p><a name=\"6\"><span class=\"versanumer_2007\">6<\/span><\/a> \u00c1 me\u00f0an str\u00ed\u00f0i\u00f0 st\u00f3\u00f0 milli \u00e6ttar S\u00e1ls og \u00e6ttar Dav\u00ed\u00f0s j\u00f3k Abner s\u00edfellt v\u00f6ld s\u00edn \u00ed \u00e6tt S\u00e1ls.<br \/> <a name=\"7\"><span class=\"versanumer_2007\">7<\/span><\/a> S\u00e1l haf\u00f0i \u00e1tt hj\u00e1konu sem h\u00e9t Rispa og var Ajasd\u00f3ttir. Einhverju sinni sag\u00f0i \u00cdsb\u00f3set vi\u00f0 Abner: \u201eHvers vegna gekkst \u00fe\u00fa inn til hj\u00e1konu f\u00f6\u00f0ur m\u00edns?\u201c <a name=\"8\"><span class=\"versanumer_2007\">8<\/span><\/a> Abner reiddist mj\u00f6g or\u00f0um \u00cdsb\u00f3sets og svara\u00f0i: \u201eEr \u00e9g hundshaus fr\u00e1 J\u00fada? Enn \u00ed dag s\u00fdni \u00e9g \u00e6tt S\u00e1ls, f\u00f6\u00f0ur \u00fe\u00edns, br\u00e6\u00f0rum hans og vinum fullan tr\u00fana\u00f0. \u00c9g hef ekki selt \u00feig \u00ed hendur Dav\u00ed\u00f0s. En n\u00fa sakar\u00f0u mig um a\u00f0 hafa gerst brotlegur me\u00f0 \u00feessari konu. <a name=\"9\"><span class=\"versanumer_2007\">9<\/span><\/a> Gu\u00f0 l\u00e1ti mig gjalda \u00feess, n\u00fa og s\u00ed\u00f0ar, ef \u00e9g breyti ekki vi\u00f0 Dav\u00ed\u00f0 samkv\u00e6mt \u00fev\u00ed sem Drottinn h\u00e9t honum <a name=\"10\"><span class=\"versanumer_2007\">10<\/span><\/a> me\u00f0 \u00fev\u00ed a\u00f0 svipta \u00e6tt S\u00e1ls konungd\u00f3minum og reisa h\u00e1s\u00e6ti Dav\u00ed\u00f0s yfir \u00cdsrael og J\u00fada fr\u00e1 Dan til Beerseba.\u201c <a name=\"11\"><span class=\"versanumer_2007\">11<\/span><\/a> \u00cdsb\u00f3set gat ekki svara\u00f0 Abner einu or\u00f0i af \u00f3tta vi\u00f0 hann.<br \/> <a name=\"12\"><span class=\"versanumer_2007\">12<\/span><\/a> \u00cd sta\u00f0 \u00feess a\u00f0 fara sj\u00e1lfur ger\u00f0i Abner menn \u00e1 fund Dav\u00ed\u00f0s me\u00f0 \u00feessa or\u00f0sendingu: \u201eHver \u00e1 landi\u00f0? Ger\u00f0u vi\u00f0 mig s\u00e1ttm\u00e1la og \u00e9g skal sty\u00f0ja \u00feig til a\u00f0 sn\u00faa \u00f6llum \u00cdsrael til fylgis vi\u00f0 \u00feig.\u201c <a name=\"13\"><span class=\"versanumer_2007\">13<\/span><\/a> \u201eJ\u00e1,\u201c svara\u00f0i Dav\u00ed\u00f0. \u201e\u00c9g skal gera s\u00e1ttm\u00e1la vi\u00f0 \u00feig en eins krefst \u00e9g af \u00fe\u00e9r: \u00de\u00fa f\u00e6r\u00f0 ekki a\u00f0 l\u00edta mig augum nema \u00fe\u00fa f\u00e6rir m\u00e9r M\u00edkal, d\u00f3ttur S\u00e1ls, \u00feegar \u00fe\u00fa kemur \u00e1 minn fund.\u201c <a name=\"14\"><span class=\"versanumer_2007\">14<\/span><\/a> Dav\u00ed\u00f0 sendi n\u00fa menn til \u00cdsb\u00f3sets, sonar S\u00e1ls, og l\u00e9t segja honum: \u201eF\u00e1\u00f0u m\u00e9r aftur M\u00edkal, konu m\u00edna, sem \u00e9g greiddi hundra\u00f0 forh\u00fa\u00f0ir Filistea fyrir \u00ed br\u00fa\u00f0arver\u00f0.\u201c <a name=\"15\"><span class=\"versanumer_2007\">15<\/span><\/a> \u00cdsb\u00f3set sendi \u00feegar \u00ed sta\u00f0 mann og l\u00e9t taka hana fr\u00e1 Palt\u00edel La\u00edssyni, eiginmanni hennar. <a name=\"16\"><span class=\"versanumer_2007\">16<\/span><\/a> Ma\u00f0ur hennar fylgdi henni gr\u00e1tandi alla lei\u00f0 til Bah\u00far\u00edm. \u00de\u00e1 sag\u00f0i Abner vi\u00f0 hann: \u201eFar\u00f0u heim aftur,\u201c og hann f\u00f3r heim.<br \/> <a name=\"17\"><span class=\"versanumer_2007\">17<\/span><\/a> Abner t\u00f3k n\u00fa a\u00f0 semja vi\u00f0 \u00f6ldunga \u00cdsraels og sag\u00f0i: \u201e\u00dei\u00f0 hafi\u00f0 lengi \u00f3ska\u00f0 \u00feess a\u00f0 Dav\u00ed\u00f0 yr\u00f0i konungur yfir ykkur. <a name=\"18\"><span class=\"versanumer_2007\">18<\/span><\/a> L\u00e1ti\u00f0 n\u00fa ver\u00f0a af \u00fev\u00ed. Drottinn hefur sagt vi\u00f0 Dav\u00ed\u00f0: \u201eFyrir atbeina Dav\u00ed\u00f0s, \u00fej\u00f3ns m\u00edns, mun \u00e9g frelsa \u00fej\u00f3\u00f0 m\u00edna, \u00cdsrael, \u00far h\u00f6ndum Filistea og allra annarra fjandmanna hennar.\u201c <a name=\"19\"><span class=\"versanumer_2007\">19<\/span><\/a> Abner tala\u00f0i einnig vi\u00f0 \u00e6ttb\u00e1lk Benjam\u00edns. Loks f\u00f3r hann til Dav\u00ed\u00f0s \u00ed Hebron til \u00feess a\u00f0 sk\u00fdra honum fr\u00e1 \u00fev\u00ed hva\u00f0 \u00cdsrael og \u00e6ttb\u00e1lkur Benjam\u00edns h\u00f6f\u00f0u \u00e1kve\u00f0i\u00f0.<br \/> <a name=\"20\"><span class=\"versanumer_2007\">20<\/span><\/a> \u00deegar Abner kom til Dav\u00ed\u00f0s \u00ed Hebron \u00e1samt tuttugu m\u00f6nnum h\u00e9lt Dav\u00ed\u00f0 Abner og fylgdarm\u00f6nnum hans veislu. <a name=\"21\"><span class=\"versanumer_2007\">21<\/span><\/a> \u00de\u00e1 sag\u00f0i Abner vi\u00f0 Dav\u00ed\u00f0: \u201eN\u00fa held \u00e9g af sta\u00f0, safna \u00f6llum \u00cdsrael saman og stefni honum til herra m\u00edns, konungsins. \u00de\u00e1 munu \u00feeir gera s\u00e1ttm\u00e1la vi\u00f0 \u00feig og \u00fe\u00fa munt r\u00e1\u00f0a yfir \u00f6llu \u00fev\u00ed sem hugur \u00feinn girnist.\u201c S\u00ed\u00f0an sendi Dav\u00ed\u00f0 Abner af sta\u00f0 og hann f\u00f3r \u00ed fri\u00f0i.<\/p>\n<h3 class=\"millifyrirsogn_2007\">Abner myrtur<\/h3>\n<p><a name=\"22\"><span class=\"versanumer_2007\">22<\/span><\/a> Sk\u00f6mmu s\u00ed\u00f0ar komu menn Dav\u00ed\u00f0s \u00e1samt J\u00f3ab \u00far r\u00e1nsfer\u00f0 og h\u00f6f\u00f0u miki\u00f0 herfang me\u00f0 s\u00e9r. Abner var \u00fe\u00e1 ekki lengur hj\u00e1 Dav\u00ed\u00f0 \u00ed Hebron \u00fev\u00ed a\u00f0 hann haf\u00f0i sent hann fr\u00e1 s\u00e9r \u00ed fri\u00f0i.<br \/> <a name=\"23\"><span class=\"versanumer_2007\">23<\/span><\/a> \u00deegar J\u00f3ab var kominn \u00e1samt \u00f6llum hernum, sem me\u00f0 honum var, var honum sagt: \u201eAbner Nersson kom til konungs sem sendi hann fr\u00e1 s\u00e9r \u00ed fri\u00f0i.\u201c <a name=\"24\"><span class=\"versanumer_2007\">24<\/span><\/a> J\u00f3ab f\u00f3r \u00feegar \u00ed sta\u00f0 til konungsins og spur\u00f0i: \u201eHva\u00f0 hefur\u00f0u gert? Abner kom til \u00fe\u00edn. Hvers vegna leyf\u00f0ir\u00f0u honum a\u00f0 fara lei\u00f0ar sinnar? <a name=\"25\"><span class=\"versanumer_2007\">25<\/span><\/a> \u00de\u00fa \u00feekkir Abner Nersson. Hann kom a\u00f0eins til a\u00f0 blekkja \u00feig og nj\u00f3sna um fer\u00f0ir \u00fe\u00ednar og allt sem \u00fe\u00fa a\u00f0hefst.\u201c<br \/> <a name=\"26\"><span class=\"versanumer_2007\">26<\/span><\/a> \u00deegar J\u00f3ab var genginn \u00fat fr\u00e1 Dav\u00ed\u00f0 sendi hann menn \u00e1 eftir Abner. \u00deeir komu aftur me\u00f0 hann fr\u00e1 S\u00edrabrunni \u00e1n \u00feess a\u00f0 Dav\u00ed\u00f0 vissi. <a name=\"27\"><span class=\"versanumer_2007\">27<\/span><\/a> \u00deegar Abner var kominn aftur til Hebron v\u00e9k J\u00f3ab honum afs\u00ed\u00f0is inni \u00ed borgarhli\u00f0inu til a\u00f0 tala vi\u00f0 hann undir fj\u00f6gur augu og stakk hann \u00ed kvi\u00f0inn \u00ed hefndarskyni fyrir Asael, br\u00f3\u00f0ur sinn, og var\u00f0 \u00fea\u00f0 hans bani.<br \/> <a name=\"28\"><span class=\"versanumer_2007\">28<\/span><\/a> \u00deegar Dav\u00ed\u00f0 fr\u00e9tti \u00feetta nokkru s\u00ed\u00f0ar sag\u00f0i hann: \u201e\u00c9g er \u00e6vinlega saklaus fyrir Drottni, og einnig konungd\u00e6mi mitt, af \u00fev\u00ed a\u00f0 hafa \u00fathellt bl\u00f3\u00f0i Abners Nerssonar. <a name=\"29\"><span class=\"versanumer_2007\">29<\/span><\/a> S\u00f6kin skal koma yfir J\u00f3ab og fj\u00f6lskyldu hans. \u00c1vallt skal einhver af \u00e6tt J\u00f3abs \u00fej\u00e1st af bl\u00e6\u00f0andi s\u00e1rum, holdsveiki, e\u00f0a \u00feurfa a\u00f0 sty\u00f0jast vi\u00f0 h\u00e6kjur, falla fyrir sver\u00f0i e\u00f0a svelta.\u201c <a name=\"30\"><span class=\"versanumer_2007\">30<\/span><\/a> J\u00f3ab og Ab\u00edsa\u00ed, br\u00f3\u00f0ir hans, myrtu Abner af \u00fev\u00ed a\u00f0 hann haf\u00f0i fellt Asael, br\u00f3\u00f0ur \u00feeirra, \u00ed orrustunni vi\u00f0 G\u00edbeon.<br \/> <a name=\"31\"><span class=\"versanumer_2007\">31<\/span><\/a> S\u00ed\u00f0an sag\u00f0i Dav\u00ed\u00f0 vi\u00f0 J\u00f3ab og allt f\u00f3lki\u00f0 sem hj\u00e1 honum var: \u201eR\u00edfi\u00f0 kl\u00e6\u00f0i ykkar, gyr\u00f0ist h\u00e6rusekk og syrgi\u00f0 Abner.\u201c Dav\u00ed\u00f0 konungur gekk sj\u00e1lfur \u00e1 eftir l\u00edkb\u00f6runum. <a name=\"32\"><span class=\"versanumer_2007\">32<\/span><\/a> Abner var grafinn \u00ed Hebron. Konungurinn gr\u00e9t h\u00e1st\u00f6fum vi\u00f0 gr\u00f6f Abners og allt f\u00f3lki\u00f0 gr\u00e9t.<br \/> <a name=\"33\"><span class=\"versanumer_2007\">33<\/span><\/a> Konungurinn flutti harmlj\u00f3\u00f0 \u00ed minningu Abners:<br \/> <span class=\"ljodatexti\"> Var\u00f0 Abner a\u00f0 deyja<br \/>eins og au\u00f0nuleysingi?<br \/> <\/span> <span class=\"ljodatexti\"> <a name=\"34\"><span class=\"versanumer_ljod\">34<\/span><\/a> Hendur \u00fe\u00ednar voru ekki bundnar,<br \/>f\u00e6tur \u00fe\u00ednir ekki hlekkja\u00f0ir,<br \/>\u00fe\u00fa f\u00e9llst eins og s\u00e1 sem<br \/>fellur fyrir n\u00ed\u00f0ings hendi. <\/span> <br \/>Og allt f\u00f3lki\u00f0 gr\u00e9t hann enn meir.<br \/> <a name=\"35\"><span class=\"versanumer_2007\">35<\/span><\/a> \u00de\u00e1 komu allir og reyndu a\u00f0 f\u00e1 Dav\u00ed\u00f0 til a\u00f0 neyta matar me\u00f0an dagur var en Dav\u00ed\u00f0 s\u00f3r og sag\u00f0i: \u201eGu\u00f0 refsi m\u00e9r n\u00fa og s\u00ed\u00f0ar ef \u00e9g brag\u00f0a brau\u00f0 e\u00f0a eitthva\u00f0 anna\u00f0 fyrir s\u00f3lsetur.\u201c <a name=\"36\"><span class=\"versanumer_2007\">36<\/span><\/a> Allt f\u00f3lki\u00f0 veitti \u00feessu athygli og f\u00e9ll \u00fea\u00f0 vel eins og hva\u00f0 eina sem konungur haf\u00f0i gert. <a name=\"37\"><span class=\"versanumer_2007\">37<\/span><\/a> \u00deann dag sannf\u00e6r\u00f0ist allt f\u00f3lki\u00f0 og allur \u00cdsrael um a\u00f0 konungurinn hef\u00f0i ekki veri\u00f0 valdur a\u00f0 v\u00edgi Abners Nerssonar.<br \/> <a name=\"38\"><span class=\"versanumer_2007\">38<\/span><\/a> Konungur sag\u00f0i enn fremur vi\u00f0 \u00fej\u00f3na s\u00edna: \u201eViti\u00f0 \u00fei\u00f0 ekki a\u00f0 s\u00e1 sem f\u00e9ll \u00ed \u00cdsrael \u00ed dag var h\u00f6f\u00f0ingi og mikilmenni \u00ed \u00cdsrael? <a name=\"39\"><span class=\"versanumer_2007\">39<\/span><\/a> En \u00e9g m\u00e1 m\u00edn enn of l\u00edtils, \u00fe\u00f3 a\u00f0 \u00e9g s\u00e9 smur\u00f0ur konungur, og \u00feessir menn, synir Ser\u00faju, eru m\u00e9r \u00f6flugri. Drottinn endurgjaldi illvirkjanum eins og hann \u00e1 skili\u00f0.\u201c<\/p>\n","protected":false},"excerpt":{"rendered":"<p>1 Str\u00ed\u00f0i\u00f0 milli \u00e6ttar S\u00e1ls og \u00e6ttar Dav\u00ed\u00f0s dr\u00f3st \u00e1 langinn. Dav\u00ed\u00f0 efldist s\u00edfellt en \u00e6tt S\u00e1ls var\u00f0 \u00e6 veikari. Synir Dav\u00ed\u00f0s \u00ed Hebron 2 \u00cd Hebron f\u00e6ddust Dav\u00ed\u00f0 \u00feessir synir: Amnon var frumbur\u00f0ur hans me\u00f0 Ak\u00edn\u00f3am fr\u00e1 Jesreel. 3 K\u00edleab var n\u00e6stelstur en hann eigna\u00f0ist Dav\u00ed\u00f0 me\u00f0 Ab\u00edgail sem \u00e1\u00f0ur var eiginkona Nabals fr\u00e1 Karmel, \u00feri\u00f0ji Absalon, sonur Ma\u00f6ku d\u00f3ttur Talma\u00ed, konungs \u00ed Ges\u00far, 4 fj\u00f3r\u00f0i Ad\u00f3n\u00eda, sonur Hagg\u00edtar, fimmti Sefatja, sonur Ab\u00edt-alar, 5 sj\u00f6tti Jitream, me\u00f0 Eglu sem var eiginkona Dav\u00ed\u00f0s. \u00deessir synir f\u00e6ddust Dav\u00ed\u00f0 \u00ed Hebron. Abner gengur \u00ed li\u00f0 me\u00f0 Dav\u00ed\u00f0 6 \u00c1 me\u00f0an str\u00ed\u00f0i\u00f0 st\u00f3\u00f0 <a href=\"https:\/\/biblian.is\/biblian\/sidari-samuelsbok-3-kafli\/\"> [&#8230;]<\/a><\/p>\n","protected":false},"author":1,"featured_media":0,"parent":0,"menu_order":0,"comment_status":"open","ping_status":"open","template":"bibliukaflar_NT.php","meta":{"footnotes":""},"class_list":["post-1887","page","type-page","status-publish","hentry"],"_links":{"self":[{"href":"https:\/\/biblian.is\/biblian\/wp-json\/wp\/v2\/pages\/1887","targetHints":{"allow":["GET"]}}],"collection":[{"href":"https:\/\/biblian.is\/biblian\/wp-json\/wp\/v2\/pages"}],"about":[{"href":"https:\/\/biblian.is\/biblian\/wp-json\/wp\/v2\/types\/page"}],"author":[{"embeddable":true,"href":"https:\/\/biblian.is\/biblian\/wp-json\/wp\/v2\/users\/1"}],"replies":[{"embeddable":true,"href":"https:\/\/biblian.is\/biblian\/wp-json\/wp\/v2\/comments?post=1887"}],"version-history":[{"count":0,"href":"https:\/\/biblian.is\/biblian\/wp-json\/wp\/v2\/pages\/1887\/revisions"}],"wp:attachment":[{"href":"https:\/\/biblian.is\/biblian\/wp-json\/wp\/v2\/media?parent=1887"}],"curies":[{"name":"wp","href":"https:\/\/api.w.org\/{rel}","templated":true}]}}