{"id":1881,"date":"2017-12-30T21:00:50","date_gmt":"2017-12-30T21:00:50","guid":{"rendered":"http:\/\/biblian.is\/biblian\/fyrri-sam%c2%9celsb%c2%97k-28-kafli\/"},"modified":"2024-02-06T18:29:09","modified_gmt":"2024-02-06T18:29:09","slug":"fyrri-samuelsbok-28-kafli","status":"publish","type":"page","link":"https:\/\/biblian.is\/biblian\/fyrri-samuelsbok-28-kafli\/","title":{"rendered":"Fyrri Sam\u00faelsb\u00f3k 28. kafli"},"content":{"rendered":"<p><a name=\"1\"><span class=\"versanumer_2007\">1<\/span><\/a> Um \u00feessar mundir kv\u00f6ddu Filistear \u00fat her sinn til a\u00f0 r\u00e1\u00f0ast \u00e1 \u00cdsrael. \u00de\u00e1 sag\u00f0i Ak\u00eds vi\u00f0 Dav\u00ed\u00f0: \u201e\u00de\u00fa veist vel a\u00f0 \u00fe\u00fa og menn \u00fe\u00ednir ver\u00f0i\u00f0 a\u00f0 fara me\u00f0 m\u00e9r \u00ed herna\u00f0inn.\u201c <a name=\"2\"><span class=\"versanumer_2007\">2<\/span><\/a> Dav\u00ed\u00f0 svara\u00f0i Ak\u00eds: \u201e\u00de\u00e1 muntu komast a\u00f0 raun um hva\u00f0 \u00fej\u00f3nn \u00feinn gerir.\u201c \u00de\u00e1 sag\u00f0i Ak\u00eds: \u201eGott og vel. \u00c9g geri \u00feig a\u00f0 s\u00e9rlegum l\u00edfver\u00f0i m\u00ednum h\u00e9\u00f0an \u00ed fr\u00e1.\u201c<\/p>\n<h3 class=\"millifyrirsogn_2007\">S\u00e1l og mi\u00f0illinn \u00ed End\u00f3r<\/h3>\n<p><a name=\"3\"><span class=\"versanumer_2007\">3<\/span><\/a> Sam\u00fael var d\u00e1inn og allur \u00cdsrael haf\u00f0i gr\u00e1ti\u00f0 hann. Hann var grafinn \u00ed heimaborg sinni, Rama. En S\u00e1l haf\u00f0i reki\u00f0 alla mi\u00f0la og sp\u00e1sagnarmenn \u00far landinu.<br \/> <a name=\"4\"><span class=\"versanumer_2007\">4<\/span><\/a> Filistear s\u00f6fnu\u00f0ust n\u00fa saman og komu til S\u00fanem og settu \u00fear herb\u00fa\u00f0ir en S\u00e1l kvaddi \u00fat allan \u00cdsrael og setti herb\u00fa\u00f0ir s\u00ednar \u00ed Gilb\u00f3a. <a name=\"5\"><span class=\"versanumer_2007\">5<\/span><\/a> \u00deegar S\u00e1l s\u00e1 herb\u00fa\u00f0ir Filistea var\u00f0 hann svo skelfdur a\u00f0 hann missti m\u00f3\u00f0inn. <a name=\"6\"><span class=\"versanumer_2007\">6<\/span><\/a> S\u00ed\u00f0an leita\u00f0i S\u00e1l \u00farskur\u00f0ar Drottins sem gaf honum ekkert svar, hvorki \u00ed draumum, hlutkesti n\u00e9 fyrir munn sp\u00e1manna. <a name=\"7\"><span class=\"versanumer_2007\">7<\/span><\/a> \u00de\u00e1 skipa\u00f0i S\u00e1l \u00fej\u00f3num s\u00ednum: \u201eFinni\u00f0 fyrir mig s\u00e6ringakonu svo a\u00f0 \u00e9g geti fari\u00f0 til hennar og leita\u00f0 \u00farskur\u00f0ar hennar.\u201c \u00dej\u00f3nar hans sv\u00f6ru\u00f0u honum: \u201e\u00cd End\u00f3r er s\u00e6ringakona.\u201c<br \/> <a name=\"8\"><span class=\"versanumer_2007\">8<\/span><\/a> S\u00e1l dulbj\u00f3 sig til a\u00f0 \u00feekkjast ekki og f\u00f3r \u00e1samt tveimur fylgdarm\u00f6nnum til konunnar um n\u00f3tt. Hann sag\u00f0i: \u201eL\u00e1ttu anda flytja m\u00e9r sp\u00e1m\u00e6li. Vektu upp \u00feann sem \u00e9g nefni.\u201c <a name=\"9\"><span class=\"versanumer_2007\">9<\/span><\/a> Konan svara\u00f0i: \u201e\u00de\u00fa hl\u00fdtur a\u00f0 vita hva\u00f0 S\u00e1l hefur gert. Hann hefur uppr\u00e6tt mi\u00f0la og sp\u00e1sagnamenn \u00far landinu. Hvers vegna ertu a\u00f0 leggja gildru fyrir mig? \u00c6tlar\u00f0u a\u00f0 drepa mig?\u201c <a name=\"10\"><span class=\"versanumer_2007\">10<\/span><\/a> \u00de\u00e1 s\u00f3r S\u00e1l henni ei\u00f0 vi\u00f0 Drottin og sag\u00f0i: \u201eSvo sannarlega sem Drottinn lifir mun \u00fe\u00e9r ekki ver\u00f0a hegnt fyrir \u00feetta.\u201c<br \/> <a name=\"11\"><span class=\"versanumer_2007\">11<\/span><\/a> \u00de\u00e1 spur\u00f0i konan: \u201eHvern \u00e1 \u00e9g a\u00f0 vekja upp fyrir \u00feig?\u201c Hann svara\u00f0i: \u201eVektu Sam\u00fael upp.\u201c <a name=\"12\"><span class=\"versanumer_2007\">12<\/span><\/a> \u00deegar konan s\u00e1 Sam\u00fael hlj\u00f3\u00f0a\u00f0i h\u00fan h\u00e1st\u00f6fum og sag\u00f0i vi\u00f0 S\u00e1l: \u201eHvers vegna hefur \u00fe\u00fa blekkt mig? \u00de\u00fa ert S\u00e1l.\u201c <a name=\"13\"><span class=\"versanumer_2007\">13<\/span><\/a> Konungurinn sag\u00f0i \u00fe\u00e1 vi\u00f0 hana: \u201eVertu ekki hr\u00e6dd. Hva\u00f0 s\u00e9r\u00f0u?\u201c Konan svara\u00f0i: \u201e\u00c9g s\u00e9 gu\u00f0lega veru koma upp \u00far j\u00f6r\u00f0inni.\u201c <a name=\"14\"><span class=\"versanumer_2007\">14<\/span><\/a> Hann spur\u00f0i hana: \u201eHvernig l\u00edtur h\u00fan \u00fat?\u201c H\u00fan svara\u00f0i: \u201eGamall ma\u00f0ur, sveipa\u00f0ur skikkju, st\u00edgur upp.\u201c \u00de\u00e1 skildi S\u00e1l a\u00f0 \u00fea\u00f0 var Sam\u00fael, hneig\u00f0i andlit sitt til jar\u00f0ar og varpa\u00f0i s\u00e9r ni\u00f0ur.<br \/> <a name=\"15\"><span class=\"versanumer_2007\">15<\/span><\/a> \u00de\u00e1 sag\u00f0i Sam\u00fael vi\u00f0 S\u00e1l: \u201eHvers vegna hefur\u00f0u raska\u00f0 r\u00f3 minni og l\u00e1ti\u00f0 vekja mig upp?\u201c S\u00e1l svara\u00f0i: \u201e\u00c9g \u00e1 n\u00fa \u00ed miklum \u00ferengingum. Filistear r\u00e1\u00f0ast \u00e1 mig og Gu\u00f0 hefur yfirgefi\u00f0 mig. Hann svarar m\u00e9r ekki lengur, hvorki fyrir munn sp\u00e1manna n\u00e9 \u00ed draumum. \u00deess vegna hef \u00e9g kalla\u00f0 \u00feig fram til \u00feess a\u00f0 \u00fe\u00fa segir m\u00e9r hva\u00f0 \u00e9g \u00e1 a\u00f0 gera.\u201c <a name=\"16\"><span class=\"versanumer_2007\">16<\/span><\/a> \u00de\u00e1 spur\u00f0i Sam\u00fael: \u201eHvers vegna spyr\u00f0u mig? Drottinn hefur yfirgefi\u00f0 \u00feig og er or\u00f0inn andst\u00e6\u00f0ingur \u00feinn. <a name=\"17\"><span class=\"versanumer_2007\">17<\/span><\/a> Drottinn hefur gert \u00fe\u00e9r \u00fea\u00f0 sem hann bo\u00f0a\u00f0i af munni m\u00ednum. Drottinn hefur rifi\u00f0 konungd\u00f3minn \u00far hendi \u00fe\u00e9r og fengi\u00f0 hann \u00f6\u00f0rum, hann hefur fengi\u00f0 hann Dav\u00ed\u00f0. <a name=\"18\"><span class=\"versanumer_2007\">18<\/span><\/a> Sakir \u00feess a\u00f0 \u00fe\u00fa \u00f3hl\u00fd\u00f0na\u00f0ist Drottni og l\u00e9st Amalek ekki kenna \u00e1 heift hans, eins og hann bau\u00f0, gerir Drottinn \u00fe\u00e9r \u00feetta \u00ed dag. <a name=\"19\"><span class=\"versanumer_2007\">19<\/span><\/a> Hann mun einnig selja \u00cdsrael og \u00feig Filisteum \u00e1 vald. \u00c1 morgun ver\u00f0i\u00f0 \u00fei\u00f0 synir \u00fe\u00ednir hj\u00e1 m\u00e9r en Drottinn mun selja \u00cdsraelsher \u00ed hendur Filisteum.\u201c <a name=\"20\"><span class=\"versanumer_2007\">20<\/span><\/a> S\u00e1l f\u00e9ll jafnskj\u00f3tt endilangur til jar\u00f0ar \u00fev\u00ed a\u00f0 hann var\u00f0 skelfingu lostinn vi\u00f0 or\u00f0 Sam\u00faels. Auk \u00feess var hann m\u00e1ttvana \u00fev\u00ed a\u00f0 hann haf\u00f0i ekki neytt matar \u00ed heilan s\u00f3larhring.<br \/> <a name=\"21\"><span class=\"versanumer_2007\">21<\/span><\/a> \u00deegar konan kom til S\u00e1ls og s\u00e1 hversu \u00f3ttasleginn hann var sag\u00f0i h\u00fan: \u201eAmb\u00e1tt \u00fe\u00edn hl\u00fdddi skipun \u00feinni. \u00c9g h\u00e6tti l\u00edfi m\u00ednu me\u00f0 \u00fev\u00ed a\u00f0 gera eins og \u00fe\u00fa ba\u00f0st mig. <a name=\"22\"><span class=\"versanumer_2007\">22<\/span><\/a> En n\u00fa skalt \u00fe\u00fa gera \u00fea\u00f0 sem amb\u00e1tt \u00fe\u00edn fer fram \u00e1. \u00c9g \u00e6tla a\u00f0 f\u00e6ra \u00fe\u00e9r matarbita svo a\u00f0 \u00fe\u00fa f\u00e1ir a\u00f0 bor\u00f0a og \u00fe\u00e9r aukist \u00fer\u00f3ttur \u00e1\u00f0ur en \u00fe\u00fa leggur af sta\u00f0.\u201c <a name=\"23\"><span class=\"versanumer_2007\">23<\/span><\/a> En hann neita\u00f0i og sag\u00f0i: \u201e\u00c9g vil ekkert bor\u00f0a.\u201c \u00deegar b\u00e6\u00f0i \u00fej\u00f3nar hans og konan l\u00f6g\u00f0u a\u00f0 honum l\u00e9t hann loks undan. Hann st\u00f3\u00f0 upp og settist \u00e1 r\u00fami\u00f0. <a name=\"24\"><span class=\"versanumer_2007\">24<\/span><\/a> Konan \u00e1tti alik\u00e1lf heima hj\u00e1 s\u00e9r. H\u00fan sl\u00e1tra\u00f0i honum \u00ed skyndi, s\u00f3tti mj\u00f6l, hno\u00f0a\u00f0i deig og baka\u00f0i \u00f3s\u00fdrt brau\u00f0. <a name=\"25\"><span class=\"versanumer_2007\">25<\/span><\/a> \u00deetta bar h\u00fan s\u00ed\u00f0an fyrir S\u00e1l og menn hans og \u00feeir neyttu \u00feess. Um n\u00f3ttina l\u00f6g\u00f0u \u00feeir af sta\u00f0 og f\u00f3ru lei\u00f0ar sinnar.<\/p>\n","protected":false},"excerpt":{"rendered":"<p>1 Um \u00feessar mundir kv\u00f6ddu Filistear \u00fat her sinn til a\u00f0 r\u00e1\u00f0ast \u00e1 \u00cdsrael. \u00de\u00e1 sag\u00f0i Ak\u00eds vi\u00f0 Dav\u00ed\u00f0: \u201e\u00de\u00fa veist vel a\u00f0 \u00fe\u00fa og menn \u00fe\u00ednir ver\u00f0i\u00f0 a\u00f0 fara me\u00f0 m\u00e9r \u00ed herna\u00f0inn.\u201c 2 Dav\u00ed\u00f0 svara\u00f0i Ak\u00eds: \u201e\u00de\u00e1 muntu komast a\u00f0 raun um hva\u00f0 \u00fej\u00f3nn \u00feinn gerir.\u201c \u00de\u00e1 sag\u00f0i Ak\u00eds: \u201eGott og vel. \u00c9g geri \u00feig a\u00f0 s\u00e9rlegum l\u00edfver\u00f0i m\u00ednum h\u00e9\u00f0an \u00ed fr\u00e1.\u201c S\u00e1l og mi\u00f0illinn \u00ed End\u00f3r 3 Sam\u00fael var d\u00e1inn og allur \u00cdsrael haf\u00f0i gr\u00e1ti\u00f0 hann. Hann var grafinn \u00ed heimaborg sinni, Rama. En S\u00e1l haf\u00f0i reki\u00f0 alla mi\u00f0la og sp\u00e1sagnarmenn \u00far landinu. 4 Filistear s\u00f6fnu\u00f0ust n\u00fa <a href=\"https:\/\/biblian.is\/biblian\/fyrri-samuelsbok-28-kafli\/\"> [&#8230;]<\/a><\/p>\n","protected":false},"author":1,"featured_media":0,"parent":0,"menu_order":0,"comment_status":"open","ping_status":"open","template":"bibliukaflar_NT.php","meta":{"footnotes":""},"class_list":["post-1881","page","type-page","status-publish","hentry"],"_links":{"self":[{"href":"https:\/\/biblian.is\/biblian\/wp-json\/wp\/v2\/pages\/1881","targetHints":{"allow":["GET"]}}],"collection":[{"href":"https:\/\/biblian.is\/biblian\/wp-json\/wp\/v2\/pages"}],"about":[{"href":"https:\/\/biblian.is\/biblian\/wp-json\/wp\/v2\/types\/page"}],"author":[{"embeddable":true,"href":"https:\/\/biblian.is\/biblian\/wp-json\/wp\/v2\/users\/1"}],"replies":[{"embeddable":true,"href":"https:\/\/biblian.is\/biblian\/wp-json\/wp\/v2\/comments?post=1881"}],"version-history":[{"count":0,"href":"https:\/\/biblian.is\/biblian\/wp-json\/wp\/v2\/pages\/1881\/revisions"}],"wp:attachment":[{"href":"https:\/\/biblian.is\/biblian\/wp-json\/wp\/v2\/media?parent=1881"}],"curies":[{"name":"wp","href":"https:\/\/api.w.org\/{rel}","templated":true}]}}

Fyrri Samúelsbók 28. kafli

<p><a name="1"><span class="versanumer_2007">1</span></a> Um þessar mundir kvöddu Filistear út her sinn til að ráðast á Ísrael. Þá sagði Akís við Davíð: „Þú veist vel að þú og menn þínir verðið að fara með mér í hernaðinn.“ <a name="2"><span class="versanumer_2007">2</span></a> Davíð svaraði Akís: „Þá muntu komast að raun um hvað þjónn þinn gerir.“ Þá sagði Akís: „Gott og vel. Ég geri þig að sérlegum lífverði mínum héðan í frá.“</p>
<h3 class="millifyrirsogn_2007">Sál og miðillinn í Endór</h3>
<p><a name="3"><span class="versanumer_2007">3</span></a> Samúel var dáinn og allur Ísrael hafði grátið hann. Hann var grafinn í heimaborg sinni, Rama. En Sál hafði rekið alla miðla og spásagnarmenn úr landinu.<br /> <a name="4"><span class="versanumer_2007">4</span></a> Filistear söfnuðust nú saman og komu til Súnem og settu þar herbúðir en Sál kvaddi út allan Ísrael og setti herbúðir sínar í Gilbóa. <a name="5"><span class="versanumer_2007">5</span></a> Þegar Sál sá herbúðir Filistea varð hann svo skelfdur að hann missti móðinn. <a name="6"><span class="versanumer_2007">6</span></a> Síðan leitaði Sál úrskurðar Drottins sem gaf honum ekkert svar, hvorki í draumum, hlutkesti né fyrir munn spámanna. <a name="7"><span class="versanumer_2007">7</span></a> Þá skipaði Sál þjónum sínum: „Finnið fyrir mig særingakonu svo að ég geti farið til hennar og leitað úrskurðar hennar.“ Þjónar hans svöruðu honum: „Í Endór er særingakona.“<br /> <a name="8"><span class="versanumer_2007">8</span></a> Sál dulbjó sig til að þekkjast ekki og fór ásamt tveimur fylgdarmönnum til konunnar um nótt. Hann sagði: „Láttu anda flytja mér spámæli. Vektu upp þann sem ég nefni.“ <a name="9"><span class="versanumer_2007">9</span></a> Konan svaraði: „Þú hlýtur að vita hvað Sál hefur gert. Hann hefur upprætt miðla og spásagnamenn úr landinu. Hvers vegna ertu að leggja gildru fyrir mig? Ætlarðu að drepa mig?“ <a name="10"><span class="versanumer_2007">10</span></a> Þá sór Sál henni eið við Drottin og sagði: „Svo sannarlega sem Drottinn lifir mun þér ekki verða hegnt fyrir þetta.“<br /> <a name="11"><span class="versanumer_2007">11</span></a> Þá spurði konan: „Hvern á ég að vekja upp fyrir þig?“ Hann svaraði: „Vektu Samúel upp.“ <a name="12"><span class="versanumer_2007">12</span></a> Þegar konan sá Samúel hljóðaði hún hástöfum og sagði við Sál: „Hvers vegna hefur þú blekkt mig? Þú ert Sál.“ <a name="13"><span class="versanumer_2007">13</span></a> Konungurinn sagði þá við hana: „Vertu ekki hrædd. Hvað sérðu?“ Konan svaraði: „Ég sé guðlega veru koma upp úr jörðinni.“ <a name="14"><span class="versanumer_2007">14</span></a> Hann spurði hana: „Hvernig lítur hún út?“ Hún svaraði: „Gamall maður, sveipaður skikkju, stígur upp.“ Þá skildi Sál að það var Samúel, hneigði andlit sitt til jarðar og varpaði sér niður.<br /> <a name="15"><span class="versanumer_2007">15</span></a> Þá sagði Samúel við Sál: „Hvers vegna hefurðu raskað ró minni og látið vekja mig upp?“ Sál svaraði: „Ég á nú í miklum þrengingum. Filistear ráðast á mig og Guð hefur yfirgefið mig. Hann svarar mér ekki lengur, hvorki fyrir munn spámanna né í draumum. Þess vegna hef ég kallað þig fram til þess að þú segir mér hvað ég á að gera.“ <a name="16"><span class="versanumer_2007">16</span></a> Þá spurði Samúel: „Hvers vegna spyrðu mig? Drottinn hefur yfirgefið þig og er orðinn andstæðingur þinn. <a name="17"><span class="versanumer_2007">17</span></a> Drottinn hefur gert þér það sem hann boðaði af munni mínum. Drottinn hefur rifið konungdóminn úr hendi þér og fengið hann öðrum, hann hefur fengið hann Davíð. <a name="18"><span class="versanumer_2007">18</span></a> Sakir þess að þú óhlýðnaðist Drottni og lést Amalek ekki kenna á heift hans, eins og hann bauð, gerir Drottinn þér þetta í dag. <a name="19"><span class="versanumer_2007">19</span></a> Hann mun einnig selja Ísrael og þig Filisteum á vald. Á morgun verðið þið synir þínir hjá mér en Drottinn mun selja Ísraelsher í hendur Filisteum.“ <a name="20"><span class="versanumer_2007">20</span></a> Sál féll jafnskjótt endilangur til jarðar því að hann varð skelfingu lostinn við orð Samúels. Auk þess var hann máttvana því að hann hafði ekki neytt matar í heilan sólarhring.<br /> <a name="21"><span class="versanumer_2007">21</span></a> Þegar konan kom til Sáls og sá hversu óttasleginn hann var sagði hún: „Ambátt þín hlýddi skipun þinni. Ég hætti lífi mínu með því að gera eins og þú baðst mig. <a name="22"><span class="versanumer_2007">22</span></a> En nú skalt þú gera það sem ambátt þín fer fram á. Ég ætla að færa þér matarbita svo að þú fáir að borða og þér aukist þróttur áður en þú leggur af stað.“ <a name="23"><span class="versanumer_2007">23</span></a> En hann neitaði og sagði: „Ég vil ekkert borða.“ Þegar bæði þjónar hans og konan lögðu að honum lét hann loks undan. Hann stóð upp og settist á rúmið. <a name="24"><span class="versanumer_2007">24</span></a> Konan átti alikálf heima hjá sér. Hún slátraði honum í skyndi, sótti mjöl, hnoðaði deig og bakaði ósýrt brauð. <a name="25"><span class="versanumer_2007">25</span></a> Þetta bar hún síðan fyrir Sál og menn hans og þeir neyttu þess. Um nóttina lögðu þeir af stað og fóru leiðar sinnar.</p>

<p>1 Um þessar mundir kvöddu Filistear út her sinn til að ráðast á Ísrael. Þá sagði Akís við Davíð: „Þú veist vel að þú og menn þínir verðið að fara með mér í hernaðinn.“ 2 Davíð svaraði Akís: „Þá muntu komast að raun um hvað þjónn þinn gerir.“ Þá sagði Akís: „Gott og vel. Ég geri þig að sérlegum lífverði mínum héðan í frá.“ Sál og miðillinn í Endór 3 Samúel var dáinn og allur Ísrael hafði grátið hann. Hann var grafinn í heimaborg sinni, Rama. En Sál hafði rekið alla miðla og spásagnarmenn úr landinu. 4 Filistear söfnuðust nú <a href="https://biblian.is/biblian/fyrri-samuelsbok-28-kafli/"> [&#8230;]</a></p>
