{"id":1873,"date":"2017-12-30T21:00:45","date_gmt":"2017-12-30T21:00:45","guid":{"rendered":"http:\/\/biblian.is\/biblian\/fyrri-sam%c2%9celsb%c2%97k-20-kafli\/"},"modified":"2024-02-06T18:29:04","modified_gmt":"2024-02-06T18:29:04","slug":"fyrri-samuelsbok-20-kafli","status":"publish","type":"page","link":"https:\/\/biblian.is\/biblian\/fyrri-samuelsbok-20-kafli\/","title":{"rendered":"Fyrri Sam\u00faelsb\u00f3k 20. kafli"},"content":{"rendered":"<h3 class=\"millifyrirsogn_2007\"> J\u00f3natan sty\u00f0ur Dav\u00ed\u00f0<\/h3>\n<p><a name=\"1\"><span class=\"versanumer_2007\">1<\/span><\/a> Dav\u00ed\u00f0 fl\u00fd\u00f0i n\u00fa fr\u00e1 Naj\u00f3t \u00ed Rama til J\u00f3natans og spur\u00f0i: \u201eHva\u00f0 hef \u00e9g gert? Hva\u00f0a gl\u00e6p hef \u00e9g dr\u00fdgt? Hvernig hef \u00e9g broti\u00f0 af m\u00e9r gegn f\u00f6\u00f0ur \u00fe\u00ednum fyrst hann s\u00e6kist eftir l\u00edfi m\u00ednu?\u201c <a name=\"2\"><span class=\"versanumer_2007\">2<\/span><\/a> Hann svara\u00f0i honum: \u201e\u00dea\u00f0 skal aldrei ver\u00f0a. \u00de\u00fa munt ekki deyja. Fa\u00f0ir minn gerir ekkert sem m\u00e1li skiptir \u00e1n \u00feess a\u00f0 bera \u00fea\u00f0 undir mig. Hvers vegna skyldi hann \u00fe\u00e1 leyna mig \u00feessu? \u00deetta getur ekki veri\u00f0.\u201c <a name=\"3\"><span class=\"versanumer_2007\">3<\/span><\/a> En Dav\u00ed\u00f0 s\u00f3r og s\u00e1rt vi\u00f0 lag\u00f0i: \u201eFa\u00f0ir \u00feinn veit vel a\u00f0 \u00fe\u00e9r \u00feykir v\u00e6nt um mig. \u00deess vegna hugsar hann me\u00f0 s\u00e9r: J\u00f3natan m\u00e1 ekki vita \u00feetta \u00fev\u00ed a\u00f0 \u00fe\u00e1 ver\u00f0ur hann dapur. En svo sannarlega sem Drottinn lifir og \u00fe\u00fa sj\u00e1lfur lifir, \u00fe\u00e1 er a\u00f0eins eitt f\u00f3tm\u00e1l milli m\u00edn og dau\u00f0ans.\u201c<br \/> <a name=\"4\"><span class=\"versanumer_2007\">4<\/span><\/a> \u00de\u00e1 spur\u00f0i J\u00f3natan Dav\u00ed\u00f0: \u201eHva\u00f0 viltu a\u00f0 \u00e9g geri fyrir \u00feig?\u201c <a name=\"5\"><span class=\"versanumer_2007\">5<\/span><\/a> Dav\u00ed\u00f0 svara\u00f0i: \u201e\u00c1 morgun er n\u00fdtt tungl. \u00de\u00e1 \u00e1 \u00e9g a\u00f0 sitja til bor\u00f0s me\u00f0 konungi. Leyf\u00f0u m\u00e9r a\u00f0 fara burt svo a\u00f0 \u00e9g geti fali\u00f0 mig \u00fati \u00e1 v\u00ed\u00f0avangi fram \u00e1 kv\u00f6ld hinn daginn. <a name=\"6\"><span class=\"versanumer_2007\">6<\/span><\/a> Ef fa\u00f0ir \u00feinn saknar m\u00edn skaltu segja: Dav\u00ed\u00f0 ba\u00f0 mig leyfis a\u00f0 mega breg\u00f0a s\u00e9r heim til borgar sinnar, Betlehem, \u00fev\u00ed a\u00f0 \u00fear heldur \u00e6ttb\u00e1lkur hans hina \u00e1rlegu sl\u00e1turf\u00f3rnarh\u00e1t\u00ed\u00f0. <a name=\"7\"><span class=\"versanumer_2007\">7<\/span><\/a> Ef hann segir \u00fe\u00e1: Gott og vel, \u00fe\u00e1 er m\u00e9r, \u00fej\u00f3ni \u00fe\u00ednum, \u00f3h\u00e6tt. Ef hann \u00e6sir sig og rei\u00f0ist m\u00e1ttu vera viss um a\u00f0 hann hefur illt \u00ed huga. <a name=\"8\"><span class=\"versanumer_2007\">8<\/span><\/a> Vertu m\u00e9r n\u00fa, \u00fej\u00f3ni \u00fe\u00ednum, tr\u00far \u00fev\u00ed a\u00f0 \u00fe\u00fa hefur \u00e1samt \u00fej\u00f3ni \u00fe\u00ednum gert s\u00e1ttm\u00e1la vi\u00f0 Drottin. En s\u00e9 \u00e9g sekur dreptu mig \u00fe\u00e1 sj\u00e1lfur. Hvers vegna \u00e6ttir\u00f0u a\u00f0 fara me\u00f0 mig til f\u00f6\u00f0ur \u00fe\u00edns?\u201c <a name=\"9\"><span class=\"versanumer_2007\">9<\/span><\/a> J\u00f3natan svara\u00f0i: \u201e\u00dea\u00f0 skal aldrei ver\u00f0a. En \u00feegar \u00e9g veit fyrir v\u00edst a\u00f0 fa\u00f0ir minn hefur \u00e1kve\u00f0i\u00f0 a\u00f0 vinna \u00e1 \u00fe\u00e9r n\u00ed\u00f0ingsverk \u00feetta segi \u00e9g \u00fe\u00e9r fr\u00e1 \u00fev\u00ed.\u201c<br \/> <a name=\"10\"><span class=\"versanumer_2007\">10<\/span><\/a> \u00de\u00e1 spur\u00f0i Dav\u00ed\u00f0 J\u00f3natan: \u201eHver getur l\u00e1ti\u00f0 mig vita hvort fa\u00f0ir \u00feinn svarar \u00fe\u00e9r illu einu?\u201c <a name=\"11\"><span class=\"versanumer_2007\">11<\/span><\/a> J\u00f3natan sag\u00f0i \u00fe\u00e1 vi\u00f0 Dav\u00ed\u00f0: \u201eKomdu, vi\u00f0 skulum ganga \u00fat \u00e1 vellina.\u201c S\u00ed\u00f0an gengu \u00feeir saman \u00fat \u00e1 vellina. <a name=\"12\"><span class=\"versanumer_2007\">12<\/span><\/a> \u00de\u00e1 sag\u00f0i J\u00f3natan vi\u00f0 Dav\u00ed\u00f0: \u201e\u00c9g sver vi\u00f0 Drottin, Gu\u00f0 \u00cdsraels: \u00deegar \u00e9g hef komist a\u00f0 \u00fev\u00ed hj\u00e1 f\u00f6\u00f0ur m\u00ednum, um \u00feetta leyti \u00e1 morgun e\u00f0a hinn, a\u00f0 \u00fe\u00e9r s\u00e9 \u00f3h\u00e6tt sendi \u00e9g einhvern til a\u00f0 segja \u00fe\u00e9r \u00fea\u00f0. <a name=\"13\"><span class=\"versanumer_2007\">13<\/span><\/a> Ef fa\u00f0ir minn hyggst vinna \u00e1 \u00fe\u00e9r n\u00ed\u00f0ingsverk og \u00e9g segi \u00fe\u00e9r ekki fr\u00e1 \u00fev\u00ed og kem \u00fe\u00e9r ekki undan heilum \u00e1 h\u00fafi, \u00fe\u00e1 l\u00e1ti Drottinn J\u00f3natan gjalda \u00feess n\u00fa og s\u00ed\u00f0ar. Drottinn veri me\u00f0 \u00fe\u00e9r eins og hann hefur veri\u00f0 me\u00f0 f\u00f6\u00f0ur m\u00ednum. <a name=\"14\"><span class=\"versanumer_2007\">14<\/span><\/a> Viltu reynast m\u00e9r tr\u00far eins og Drottinn ef \u00e9g lifi, en deyi \u00e9g <a name=\"15\"><span class=\"versanumer_2007\">15<\/span><\/a> m\u00e1ttu aldrei breg\u00f0a tr\u00fana\u00f0i vi\u00f0 \u00e6tt m\u00edna. \u00deegar Drottinn hefur uppr\u00e6tt s\u00e9rhvern fjandmann Dav\u00ed\u00f0s af j\u00f6r\u00f0inni ver\u00f0ur nafn J\u00f3natans ekki uppr\u00e6tt \u00far \u00e6tt Dav\u00ed\u00f0s.\u201c <a name=\"16\"><span class=\"versanumer_2007\">16<\/span><\/a> \u00deannig ger\u00f0i J\u00f3natan s\u00e1ttm\u00e1la vi\u00f0 \u00e6tt Dav\u00ed\u00f0s og sag\u00f0i: \u201eDrottinn hefni Dav\u00ed\u00f0s \u00e1 fjandm\u00f6nnum hans.\u201c <br \/> <a name=\"17\"><span class=\"versanumer_2007\">17<\/span><\/a> Og J\u00f3natan vann Dav\u00ed\u00f0 aftur ei\u00f0 vi\u00f0 k\u00e6rleika sinn til hans \u00fev\u00ed a\u00f0 hann elska\u00f0i hann eins og sj\u00e1lfan sig. <a name=\"18\"><span class=\"versanumer_2007\">18<\/span><\/a> S\u00ed\u00f0an sag\u00f0i J\u00f3natan vi\u00f0 hann: \u201e\u00c1 morgun er n\u00fdtt tungl. \u00de\u00e1 ver\u00f0ur \u00fe\u00edn sakna\u00f0 \u00fev\u00ed a\u00f0 fylgst ver\u00f0ur me\u00f0 s\u00e6ti \u00fe\u00ednu. <a name=\"19\"><span class=\"versanumer_2007\">19<\/span><\/a> \u00c1 \u00feri\u00f0ja degi ver\u00f0ur \u00fe\u00edn s\u00e1rt sakna\u00f0. \u00de\u00e1 skaltu fara \u00feanga\u00f0 sem \u00fe\u00fa faldir \u00feig \u00ed fyrra skipti\u00f0 og setjast hj\u00e1 Eselsteini. <a name=\"20\"><span class=\"versanumer_2007\">20<\/span><\/a> \u00de\u00e1 mun \u00e9g skj\u00f3ta \u00feremur \u00f6rvum til hli\u00f0ar vi\u00f0 hann eins og \u00e9g v\u00e6ri a\u00f0 skj\u00f3ta \u00ed mark. <a name=\"21\"><span class=\"versanumer_2007\">21<\/span><\/a> S\u00ed\u00f0an sendi \u00e9g \u00fej\u00f3n minn til a\u00f0 leita a\u00f0 \u00f6rvunum. Ef \u00e9g kalla h\u00e1tt til piltsins: \u00d6rvarnar liggja h\u00e9rna megin vi\u00f0 \u00feig, s\u00e6ktu \u00fe\u00e6r, \u00fe\u00e1 skaltu koma. \u00de\u00e1 er \u00fe\u00e9r \u00f3h\u00e6tt og ekkert a\u00f0 \u00f3ttast svo sannarlega sem Drottinn lifir. <a name=\"22\"><span class=\"versanumer_2007\">22<\/span><\/a> En ef \u00e9g kalla til piltsins: \u00d6rvarnar liggja fj\u00e6r \u00fe\u00e9r, \u00fe\u00e1 skaltu for\u00f0a \u00fe\u00e9r \u00fev\u00ed a\u00f0 \u00fe\u00e1 hefur Drottinn sent \u00feig burt. <a name=\"23\"><span class=\"versanumer_2007\">23<\/span><\/a> En Drottinn er \u00e6vinlega vitni okkar um samkomulagi\u00f0 sem vi\u00f0 ger\u00f0um.\u201c <a name=\"24\"><span class=\"versanumer_2007\">24<\/span><\/a> \u00dev\u00ed n\u00e6st faldi Dav\u00ed\u00f0 sig \u00fati \u00e1 vellinum.<br \/>\u00deegar tunglkomudagurinn rann upp settist konungur a\u00f0 sn\u00e6\u00f0ingi. <a name=\"25\"><span class=\"versanumer_2007\">25<\/span><\/a> Konungur sat \u00fear sem hann var vanur \u00ed s\u00e6tinu vi\u00f0 vegginn og J\u00f3natan gegnt honum. Abner sat vi\u00f0 hli\u00f0 S\u00e1ls en s\u00e6ti Dav\u00ed\u00f0s var autt. <a name=\"26\"><span class=\"versanumer_2007\">26<\/span><\/a> S\u00e1l sag\u00f0i ekkert \u00feennan dag \u00fev\u00ed a\u00f0 hann hugsa\u00f0i me\u00f0 s\u00e9r: \u201eEitthva\u00f0 hefur komi\u00f0 fyrir Dav\u00ed\u00f0 svo a\u00f0 hann er ekki hreinn. Hann er \u00e1rei\u00f0anlega ekki hreinn.\u201c <a name=\"27\"><span class=\"versanumer_2007\">27<\/span><\/a> Daginn eftir, \u00e1 \u00f6\u00f0rum degi eftir n\u00fdtt tungl, var s\u00e6ti Dav\u00ed\u00f0s enn autt. \u00de\u00e1 sag\u00f0i S\u00e1l vi\u00f0 J\u00f3natan, son sinn: \u201eHvers vegna kom sonur \u00cdsa\u00ed hvorki \u00ed g\u00e6r n\u00e9 \u00ed dag til m\u00e1lt\u00ed\u00f0arinnar?\u201c <a name=\"28\"><span class=\"versanumer_2007\">28<\/span><\/a> J\u00f3natan svara\u00f0i S\u00e1l: \u201eDav\u00ed\u00f0 ba\u00f0 mig innilega a\u00f0 f\u00e1 a\u00f0 fara til Betlehem. <a name=\"29\"><span class=\"versanumer_2007\">29<\/span><\/a> Hann sag\u00f0i: Leyf\u00f0u m\u00e9r a\u00f0 fara \u00fev\u00ed a\u00f0 \u00ed borginni ver\u00f0ur f\u00e6r\u00f0 sl\u00e1turf\u00f3rn \u00e6ttar minnar. Br\u00f3\u00f0ir minn sag\u00f0i m\u00e9r a\u00f0 koma. \u00c9g fer \u00feanga\u00f0 og heims\u00e6ki skyldmenni m\u00edn nj\u00f3ti \u00e9g velvildar \u00feinnar. \u00deess vegna kom hann ekki a\u00f0 bor\u00f0i konungs.\u201c<br \/> <a name=\"30\"><span class=\"versanumer_2007\">30<\/span><\/a> S\u00e1l reiddist J\u00f3natan og sag\u00f0i vi\u00f0 hann: \u201e\u00de\u00fa, sonur \u00ferj\u00f3skrar og \u00feverm\u00f3\u00f0skufullrar kvensniftar, heldur\u00f0u a\u00f0 \u00e9g viti ekki a\u00f0 \u00fe\u00fa stendur me\u00f0 syni \u00cdsa\u00ed, sj\u00e1lfum \u00fe\u00e9r til skammar og m\u00f3\u00f0ur \u00feinni sem \u00f3l \u00feig? <a name=\"31\"><span class=\"versanumer_2007\">31<\/span><\/a> \u00c1 me\u00f0an sonur \u00cdsa\u00ed er ofanjar\u00f0ar ert \u00fe\u00fa ekki \u00f6ruggur n\u00e9 heldur konungd\u00f3mur \u00feinn. Sendu \u00feegar \u00ed sta\u00f0 eftir honum \u00fev\u00ed a\u00f0 hann \u00e1 a\u00f0 deyja.\u201c<br \/> <a name=\"32\"><span class=\"versanumer_2007\">32<\/span><\/a> \u201eHvers vegna \u00e1 hann a\u00f0 deyja, hva\u00f0 hefur hann gert?\u201c spur\u00f0i J\u00f3natan f\u00f6\u00f0ur sinn. <a name=\"33\"><span class=\"versanumer_2007\">33<\/span><\/a> S\u00ed\u00f0an lag\u00f0i S\u00e1l spj\u00f3tinu til hans og \u00e6tla\u00f0i a\u00f0 drepa hann. \u00de\u00e1 var\u00f0 J\u00f3natan lj\u00f3st a\u00f0 fa\u00f0ir hans haf\u00f0i \u00e1kve\u00f0i\u00f0 a\u00f0 drepa Dav\u00ed\u00f0. <a name=\"34\"><span class=\"versanumer_2007\">34<\/span><\/a> J\u00f3natan st\u00f3\u00f0 \u00e6varei\u00f0ur upp fr\u00e1 bor\u00f0um og neytti ekki matar annan dag tunglkomuh\u00e1t\u00ed\u00f0arinnar \u00fev\u00ed a\u00f0 hann t\u00f3k n\u00e6rri s\u00e9r a\u00f0 fa\u00f0ir hans haf\u00f0i au\u00f0m\u00fdkt Dav\u00ed\u00f0.<br \/> <a name=\"35\"><span class=\"versanumer_2007\">35<\/span><\/a> Morguninn eftir gekk J\u00f3natan \u00fat \u00e1 vellina eins og \u00feeir Dav\u00ed\u00f0 h\u00f6f\u00f0u \u00e1kve\u00f0i\u00f0 og haf\u00f0i ungan dreng me\u00f0 s\u00e9r. <a name=\"36\"><span class=\"versanumer_2007\">36<\/span><\/a> Hann sag\u00f0i vi\u00f0 drenginn: \u201eFar\u00f0u og finndu \u00f6rvarnar sem \u00e9g sk\u00fdt.\u201c Drengurinn hlj\u00f3p af sta\u00f0 og hann skaut \u00f6r fram hj\u00e1 honum. <a name=\"37\"><span class=\"versanumer_2007\">37<\/span><\/a> \u00deegar drengurinn kom \u00feanga\u00f0 sem J\u00f3natan haf\u00f0i mi\u00f0a\u00f0 \u00f6rinni kalla\u00f0i J\u00f3natan til hans: \u201eLiggur \u00f6rin ekki lengra fr\u00e1 \u00fe\u00e9r?\u201c <a name=\"38\"><span class=\"versanumer_2007\">38<\/span><\/a> J\u00f3natan kalla\u00f0i enn fremur \u00e1 eftir drengnum: \u201e\u00c1fram n\u00fa, fl\u00fdttu \u00fe\u00e9r, stattu ekki kyrr.\u201c Drengurinn t\u00f3k \u00f6rina upp, sneri aftur til h\u00fasb\u00f3nda s\u00edns <a name=\"39\"><span class=\"versanumer_2007\">39<\/span><\/a> og gruna\u00f0i ekkert. J\u00f3natan og Dav\u00ed\u00f0 vissu einir hva\u00f0 um var a\u00f0 vera. <a name=\"40\"><span class=\"versanumer_2007\">40<\/span><\/a> S\u00ed\u00f0an f\u00e9kk J\u00f3natan drengnum, sem me\u00f0 honum var, vopn s\u00edn og sag\u00f0i: \u201eFar\u00f0u me\u00f0 \u00feetta til borgarinnar.\u201c <a name=\"41\"><span class=\"versanumer_2007\">41<\/span><\/a> \u00deegar drengurinn var farinn reis Dav\u00ed\u00f0 upp \u00far fylgsninu vi\u00f0 steininn, laut J\u00f3natan \u00ferisvar og varpa\u00f0i s\u00e9r til jar\u00f0ar. \u00deeir kysstust og gr\u00e9tu b\u00e1\u00f0ir en Dav\u00ed\u00f0 s\u00fdnu meir. <a name=\"42\"><span class=\"versanumer_2007\">42<\/span><\/a> J\u00f3natan sag\u00f0i vi\u00f0 hann: \u201eFar \u00fe\u00fa \u00ed fri\u00f0i. Drottinn er \u00e6varandi vitni okkar og afkomenda okkar a\u00f0 \u00fev\u00ed sem vi\u00f0 h\u00f6fum svari\u00f0 hvor \u00f6\u00f0rum vi\u00f0 nafn hans.\u201c <\/p>\n","protected":false},"excerpt":{"rendered":"<p>J\u00f3natan sty\u00f0ur Dav\u00ed\u00f0 1 Dav\u00ed\u00f0 fl\u00fd\u00f0i n\u00fa fr\u00e1 Naj\u00f3t \u00ed Rama til J\u00f3natans og spur\u00f0i: \u201eHva\u00f0 hef \u00e9g gert? Hva\u00f0a gl\u00e6p hef \u00e9g dr\u00fdgt? Hvernig hef \u00e9g broti\u00f0 af m\u00e9r gegn f\u00f6\u00f0ur \u00fe\u00ednum fyrst hann s\u00e6kist eftir l\u00edfi m\u00ednu?\u201c 2 Hann svara\u00f0i honum: \u201e\u00dea\u00f0 skal aldrei ver\u00f0a. \u00de\u00fa munt ekki deyja. Fa\u00f0ir minn gerir ekkert sem m\u00e1li skiptir \u00e1n \u00feess a\u00f0 bera \u00fea\u00f0 undir mig. Hvers vegna skyldi hann \u00fe\u00e1 leyna mig \u00feessu? \u00deetta getur ekki veri\u00f0.\u201c 3 En Dav\u00ed\u00f0 s\u00f3r og s\u00e1rt vi\u00f0 lag\u00f0i: \u201eFa\u00f0ir \u00feinn veit vel a\u00f0 \u00fe\u00e9r \u00feykir v\u00e6nt um mig. \u00deess vegna hugsar hann me\u00f0 <a href=\"https:\/\/biblian.is\/biblian\/fyrri-samuelsbok-20-kafli\/\"> [&#8230;]<\/a><\/p>\n","protected":false},"author":1,"featured_media":0,"parent":0,"menu_order":0,"comment_status":"open","ping_status":"open","template":"bibliukaflar_NT.php","meta":{"footnotes":""},"class_list":["post-1873","page","type-page","status-publish","hentry"],"_links":{"self":[{"href":"https:\/\/biblian.is\/biblian\/wp-json\/wp\/v2\/pages\/1873","targetHints":{"allow":["GET"]}}],"collection":[{"href":"https:\/\/biblian.is\/biblian\/wp-json\/wp\/v2\/pages"}],"about":[{"href":"https:\/\/biblian.is\/biblian\/wp-json\/wp\/v2\/types\/page"}],"author":[{"embeddable":true,"href":"https:\/\/biblian.is\/biblian\/wp-json\/wp\/v2\/users\/1"}],"replies":[{"embeddable":true,"href":"https:\/\/biblian.is\/biblian\/wp-json\/wp\/v2\/comments?post=1873"}],"version-history":[{"count":0,"href":"https:\/\/biblian.is\/biblian\/wp-json\/wp\/v2\/pages\/1873\/revisions"}],"wp:attachment":[{"href":"https:\/\/biblian.is\/biblian\/wp-json\/wp\/v2\/media?parent=1873"}],"curies":[{"name":"wp","href":"https:\/\/api.w.org\/{rel}","templated":true}]}}