{"id":1870,"date":"2017-12-30T21:00:45","date_gmt":"2017-12-30T21:00:45","guid":{"rendered":"http:\/\/biblian.is\/biblian\/fyrri-sam%c2%9celsb%c2%97k-17-kafli\/"},"modified":"2024-02-06T18:29:01","modified_gmt":"2024-02-06T18:29:01","slug":"fyrri-samuelsbok-17-kafli","status":"publish","type":"page","link":"https:\/\/biblian.is\/biblian\/fyrri-samuelsbok-17-kafli\/","title":{"rendered":"Fyrri Sam\u00faelsb\u00f3k 17. kafli"},"content":{"rendered":"<h3 class=\"millifyrirsogn_2007\"> Dav\u00ed\u00f0 og Gol\u00edat<\/h3>\n<p><a name=\"1\"><span class=\"versanumer_2007\">1<\/span><\/a> Filistear dr\u00f3gu n\u00fa saman hersveitir s\u00ednar til bardaga. \u00deeir s\u00f6fnu\u00f0ust saman \u00ed S\u00f3k\u00f3 \u00ed J\u00fada og settu upp herb\u00fa\u00f0ir s\u00ednar \u00ed Efes Damm\u00edm milli S\u00f3k\u00f3 og Aseka. <a name=\"2\"><span class=\"versanumer_2007\">2<\/span><\/a> S\u00e1l og \u00cdsraelsmenn s\u00f6fnu\u00f0ust \u00fe\u00e1 saman, settu upp b\u00fa\u00f0ir \u00ed Eikadalnum og bjuggust til orrustu gegn Filisteum. <a name=\"3\"><span class=\"versanumer_2007\">3<\/span><\/a> Filistear t\u00f3ku s\u00e9r st\u00f6\u00f0u \u00f6\u00f0rum megin \u00ed fjallinu en \u00cdsraelsmenn hinum megin og var dalurinn \u00e1 milli \u00feeirra.<br \/> <a name=\"4\"><span class=\"versanumer_2007\">4<\/span><\/a> \u00de\u00e1 gekk h\u00f3lmg\u00f6nguma\u00f0ur \u00fat \u00far b\u00fa\u00f0um Filistea. Hann h\u00e9t Gol\u00edat og var fr\u00e1 Gat. Hann var sex og h\u00e1lf alin \u00e1 h\u00e6\u00f0. <a name=\"5\"><span class=\"versanumer_2007\">5<\/span><\/a> Hann haf\u00f0i eirhj\u00e1lm \u00e1 h\u00f6f\u00f0i og bar hreisturbrynju \u00far eir sem var fimm \u00fe\u00fasund siklar a\u00f0 \u00feyngd. <a name=\"6\"><span class=\"versanumer_2007\">6<\/span><\/a> \u00c1 leggjum haf\u00f0i hann brynhosur \u00far eir og \u00e1 her\u00f0um s\u00e9r bj\u00fagsver\u00f0 \u00far eir. <a name=\"7\"><span class=\"versanumer_2007\">7<\/span><\/a> Skafti\u00f0 \u00e1 spj\u00f3ti hans var digurt sem vefjarrifur og j\u00e1rnoddur \u00feess var sex hundru\u00f0 siklar \u00e1 \u00feyngd. Ma\u00f0ur f\u00f3r fyrir honum og bar skj\u00f6ld hans.<br \/> <a name=\"8\"><span class=\"versanumer_2007\">8<\/span><\/a> Gol\u00edat t\u00f3k s\u00e9r st\u00f6\u00f0u, hr\u00f3pa\u00f0i til fylkinga \u00cdsraels og sag\u00f0i: \u201eHvers vegna hafi\u00f0 \u00fei\u00f0 fari\u00f0 og fylkt ykkur til bardaga? Er \u00e9g ekki Filistei og \u00fei\u00f0 \u00fer\u00e6lar S\u00e1ls? Velji\u00f0 ykkur mann til a\u00f0 koma ni\u00f0ur til m\u00edn. <a name=\"9\"><span class=\"versanumer_2007\">9<\/span><\/a> Ef hann sigrar og fellir mig ver\u00f0um vi\u00f0 \u00fer\u00e6lar ykkar en sigri \u00e9g og felli hann ver\u00f0i\u00f0 \u00fei\u00f0 \u00fer\u00e6lar okkar.\u201c <a name=\"10\"><span class=\"versanumer_2007\">10<\/span><\/a> Filisteinn h\u00e9lt \u00e1fram: \u201eN\u00fa hef \u00e9g au\u00f0m\u00fdkt herfylkingar \u00cdsraels. Sendi\u00f0 n\u00fa einhvern til m\u00edn svo a\u00f0 vi\u00f0 getum barist.\u201c <br \/> <a name=\"11\"><span class=\"versanumer_2007\">11<\/span><\/a> \u00deegar S\u00e1l og allur \u00cdsrael heyr\u00f0i \u00feessi or\u00f0 Filisteans skelfdust \u00feeir og ur\u00f0u mj\u00f6g hr\u00e6ddir.<\/p>\n<h3 class=\"millifyrirsogn_2007\">Dav\u00ed\u00f0 \u00ed herb\u00fa\u00f0um S\u00e1ls<\/h3>\n<p><a name=\"12\"><span class=\"versanumer_2007\">12<\/span><\/a> Dav\u00ed\u00f0 var sonur \u00cdsa\u00ed af \u00e6tt Efrata fr\u00e1 Betlehem \u00ed J\u00fada. \u00cdsa\u00ed \u00e1tti \u00e1tta syni. Hann var or\u00f0inn gamall ma\u00f0ur, h\u00e1aldra\u00f0ur, \u00e1 d\u00f6gum S\u00e1ls. <a name=\"13\"><span class=\"versanumer_2007\">13<\/span><\/a> \u00der\u00edr elstu synir hans h\u00f6f\u00f0u fylgt S\u00e1l \u00ed str\u00ed\u00f0i\u00f0. \u00deeir \u00fer\u00edr synir hans, sem h\u00f6f\u00f0u fari\u00f0 \u00ed str\u00ed\u00f0i\u00f0, h\u00e9tu El\u00edab, sem var frumbur\u00f0urinn, Ab\u00ednadab, sem var n\u00e6stelstur, og Samma sem var \u00feri\u00f0ji elstur. <a name=\"14\"><span class=\"versanumer_2007\">14<\/span><\/a> Dav\u00ed\u00f0 var yngstur en hinir \u00fer\u00edr eldri h\u00f6f\u00f0u fylgt S\u00e1l. <a name=\"15\"><span class=\"versanumer_2007\">15<\/span><\/a> \u00d6\u00f0ru hverju yfirgaf Dav\u00ed\u00f0 hir\u00f0 S\u00e1ls og sneri heim til a\u00f0 g\u00e6ta sau\u00f0a f\u00f6\u00f0ur s\u00edns \u00ed Betlehem.<br \/> <a name=\"16\"><span class=\"versanumer_2007\">16<\/span><\/a> \u00cd fj\u00f6rut\u00edu daga gekk Filisteinn fram og t\u00f3k s\u00e9r st\u00f6\u00f0u, b\u00e6\u00f0i kv\u00f6lds og morgna. <br \/> <a name=\"17\"><span class=\"versanumer_2007\">17<\/span><\/a> Einhverju sinni sag\u00f0i \u00cdsa\u00ed vi\u00f0 Dav\u00ed\u00f0, son sinn: \u201eTaktu eina efu af rista\u00f0a korninu og \u00feessi t\u00edu brau\u00f0 handa br\u00e6\u00f0rum \u00fe\u00ednum. Fl\u00fdttu \u00fe\u00e9r s\u00ed\u00f0an til \u00feeirra \u00ed herb\u00fa\u00f0unum. <a name=\"18\"><span class=\"versanumer_2007\">18<\/span><\/a> F\u00e6r\u00f0u hersh\u00f6f\u00f0ingjanum \u00feessa t\u00edu osta, spyr\u00f0u hvernig br\u00e6\u00f0rum \u00fe\u00ednum l\u00ed\u00f0ur og komdu me\u00f0 eitthva\u00f0 fr\u00e1 \u00feeim sem sta\u00f0festir \u00fea\u00f0. <a name=\"19\"><span class=\"versanumer_2007\">19<\/span><\/a> \u00deeir eru me\u00f0 S\u00e1l og \u00f6llum hinum \u00cdsraelsm\u00f6nnunum \u00ed Eikadalnum a\u00f0 berjast vi\u00f0 Filistea.\u201c<br \/> <a name=\"20\"><span class=\"versanumer_2007\">20<\/span><\/a> Morguninn eftir f\u00f3r Dav\u00ed\u00f0 snemma \u00e1 f\u00e6tur, skildi f\u00e9\u00f0 eftir \u00ed v\u00f6rslu annars, t\u00f3k farangur sinn og h\u00e9lt s\u00ed\u00f0an af sta\u00f0 eins og \u00cdsa\u00ed haf\u00f0i lagt fyrir hann. \u00deegar hann kom a\u00f0 herb\u00fa\u00f0unum var herinn \u00e1 lei\u00f0 \u00fat \u00ed fylkingum og l\u00e9t her\u00f3pi\u00f0 gjalla. <a name=\"21\"><span class=\"versanumer_2007\">21<\/span><\/a> \u00cdsraelsmenn og Filistear fylktu n\u00fa li\u00f0i hvorir gegn \u00f6\u00f0rum. <a name=\"22\"><span class=\"versanumer_2007\">22<\/span><\/a> Dav\u00ed\u00f0 skildi eftir \u00fea\u00f0 sem hann haf\u00f0i me\u00f0fer\u00f0is hj\u00e1 \u00feeim sem g\u00e6tti farangursins, hlj\u00f3p s\u00ed\u00f0an inn \u00ed fylkinguna til br\u00e6\u00f0ra sinna og heilsa\u00f0i \u00feeim. <a name=\"23\"><span class=\"versanumer_2007\">23<\/span><\/a> \u00c1 me\u00f0an hann var a\u00f0 tala vi\u00f0 \u00fe\u00e1 gekk h\u00f3lmg\u00f6nguma\u00f0urinn Gol\u00edat fr\u00e1 Gat \u00fat \u00far fylkingum Filistea. Hann endurt\u00f3k \u00fea\u00f0 sem hann var vanur a\u00f0 segja og Dav\u00ed\u00f0 heyr\u00f0i \u00fea\u00f0. <a name=\"24\"><span class=\"versanumer_2007\">24<\/span><\/a> \u00deegar \u00cdsraelsmenn s\u00e1u hann ur\u00f0u \u00feeir allir mj\u00f6g hr\u00e6ddir og l\u00f6g\u00f0u \u00e1 fl\u00f3tta. <a name=\"25\"><span class=\"versanumer_2007\">25<\/span><\/a> \u00cdsraelsmenn s\u00f6g\u00f0u: \u201eHafi\u00f0 \u00fei\u00f0 s\u00e9\u00f0 manninn sem gengur \u00fearna fram? Hann kemur til a\u00f0 h\u00e6\u00f0a \u00cdsrael. Konungur mun launa \u00feeim manni r\u00edkulega sem fellir hann. Hann mun gefa honum d\u00f3ttur s\u00edna og gera fj\u00f6lskyldu hans skattfrj\u00e1lsa \u00ed \u00cdsrael.\u201c <a name=\"26\"><span class=\"versanumer_2007\">26<\/span><\/a> Dav\u00ed\u00f0 spur\u00f0i \u00fe\u00e1 mennina sem st\u00f3\u00f0u hj\u00e1 honum: \u201eHvernig ver\u00f0ur \u00feeim manni launa\u00f0 sem drepur \u00feennan Filistea og rekur sly\u00f0ruor\u00f0i\u00f0 af \u00cdsrael? Hver er \u00feessi \u00f3umskorni Filistei sem dirfist a\u00f0 h\u00e6\u00f0ast a\u00f0 hersveitum hins lifandi Gu\u00f0s?\u201c <a name=\"27\"><span class=\"versanumer_2007\">27<\/span><\/a> \u00deeir s\u00f6g\u00f0u honum \u00fe\u00e1 hvernig \u00feeim yr\u00f0i launa\u00f0 sem leg\u00f0i hann a\u00f0 velli.<br \/> <a name=\"28\"><span class=\"versanumer_2007\">28<\/span><\/a> El\u00edab, elsti br\u00f3\u00f0ir hans, heyr\u00f0i hva\u00f0 hann sag\u00f0i vi\u00f0 mennina, reiddist Dav\u00ed\u00f0 og sag\u00f0i: \u201eHvers vegna varstu a\u00f0 koma hinga\u00f0? Hj\u00e1 hverjum skildir\u00f0u \u00feessa f\u00e1u sau\u00f0i eftir \u00ed ey\u00f0im\u00f6rkinni? \u00c9g \u00feekki frekju \u00fe\u00edna og illsku. \u00de\u00fa ert hinga\u00f0 kominn til \u00feess eins a\u00f0 horfa \u00e1 bardagann.\u201c <a name=\"29\"><span class=\"versanumer_2007\">29<\/span><\/a> Dav\u00ed\u00f0 svara\u00f0i: \u201eHva\u00f0 hef \u00e9g n\u00fa gert? M\u00e1tti \u00e9g ekki spyrja?\u201c <a name=\"30\"><span class=\"versanumer_2007\">30<\/span><\/a> S\u00ed\u00f0an sneri hann s\u00e9r fr\u00e1 honum og a\u00f0 \u00f6\u00f0rum og spur\u00f0i hins sama og var honum svara\u00f0 eins og \u00e1\u00f0ur.<br \/> <a name=\"31\"><span class=\"versanumer_2007\">31<\/span><\/a> En \u00fea\u00f0 fr\u00e9ttist hva\u00f0 Dav\u00ed\u00f0 haf\u00f0i sagt, og var S\u00e1l sagt fr\u00e1 \u00fev\u00ed og l\u00e9t hann s\u00e6kja hann. <a name=\"32\"><span class=\"versanumer_2007\">32<\/span><\/a> Dav\u00ed\u00f0 sag\u00f0i vi\u00f0 S\u00e1l: \u201e\u00dea\u00f0 er \u00e1st\u00e6\u00f0ulaust a\u00f0 l\u00e1ta hugfallast vegna Filisteans. \u00c9g, \u00fej\u00f3nn \u00feinn, mun fara og berjast vi\u00f0 \u00feennan Filistea.\u201c <a name=\"33\"><span class=\"versanumer_2007\">33<\/span><\/a> S\u00e1l svara\u00f0i Dav\u00ed\u00f0: \u201e\u00de\u00fa hefur ekki bur\u00f0i til a\u00f0 berjast vi\u00f0 Filisteann. \u00de\u00fa ert a\u00f0eins unglingur. En hann hefur veri\u00f0 herma\u00f0ur allt fr\u00e1 \u00e6sku\u00e1rum.\u201c <a name=\"34\"><span class=\"versanumer_2007\">34<\/span><\/a> Dav\u00ed\u00f0 svara\u00f0i S\u00e1l: \u201e\u00dej\u00f3nn \u00feinn hefur veri\u00f0 fj\u00e1rma\u00f0ur hj\u00e1 f\u00f6\u00f0ur s\u00ednum. \u00deegar lj\u00f3n e\u00f0a bj\u00f6rn kom og t\u00f3k lamb \u00far hj\u00f6r\u00f0inni <a name=\"35\"><span class=\"versanumer_2007\">35<\/span><\/a> elti \u00e9g hann og felldi og reif s\u00ed\u00f0an lambi\u00f0 \u00far gini hans. En ef d\u00fdri\u00f0 r\u00e9\u00f0st \u00e1 mig greip \u00e9g \u00ed makkann \u00e1 \u00fev\u00ed og drap \u00fea\u00f0. <a name=\"36\"><span class=\"versanumer_2007\">36<\/span><\/a> \u00dej\u00f3nn \u00feinn hefur b\u00e6\u00f0i drepi\u00f0 lj\u00f3n og birni og eins mun fara fyrir \u00feessum \u00f3umskorna Filistea vegna \u00feess a\u00f0 hann hefur h\u00e6\u00f0st a\u00f0 hersveitum hins lifandi Gu\u00f0s.\u201c <a name=\"37\"><span class=\"versanumer_2007\">37<\/span><\/a> Og Dav\u00ed\u00f0 h\u00e9lt \u00e1fram: \u201eDrottinn, sem bjarga\u00f0i m\u00e9r \u00far kl\u00f3m lj\u00f3na og bjarna, mun einnig bjarga m\u00e9r fr\u00e1 Filisteanum.\u201c \u00de\u00e1 svara\u00f0i S\u00e1l Dav\u00ed\u00f0: \u201e\u00de\u00fa skalt fara, Drottinn veri me\u00f0 \u00fe\u00e9r.\u201c<br \/> <a name=\"38\"><span class=\"versanumer_2007\">38<\/span><\/a> S\u00e1l f\u00e6r\u00f0i Dav\u00ed\u00f0 \u00fe\u00e1 \u00ed herkl\u00e6\u00f0i s\u00edn, setti eirhj\u00e1lm \u00e1 h\u00f6fu\u00f0 honum og bj\u00f3 hann brynju. <a name=\"39\"><span class=\"versanumer_2007\">39<\/span><\/a> Dav\u00ed\u00f0 gyrti sig sver\u00f0i hans yfir herkl\u00e6\u00f0in og reyndi a\u00f0 ganga en \u00fea\u00f0 haf\u00f0i hann ekki reynt \u00e1\u00f0ur. Dav\u00ed\u00f0 sag\u00f0i \u00fe\u00e1 vi\u00f0 S\u00e1l: \u201e\u00c9g get ekki gengi\u00f0 \u00ed \u00feessu \u00fev\u00ed a\u00f0 \u00e9g er \u00fev\u00ed \u00f3vanur.\u201c F\u00f3r hann s\u00ed\u00f0an \u00far herkl\u00e6\u00f0unum, <a name=\"40\"><span class=\"versanumer_2007\">40<\/span><\/a> t\u00f3k staf sinn s\u00e9r \u00ed h\u00f6nd og valdi fimm h\u00e1la steina \u00far \u00e1nni, l\u00e9t \u00fe\u00e1 \u00ed smalat\u00f6sku s\u00edna, sem hann var me\u00f0, og haf\u00f0i sl\u00f6ngvusteinana \u00ed. Hann h\u00e9lt s\u00ed\u00f0an gegn Filisteanum me\u00f0 sl\u00f6ngvu s\u00edna \u00ed hendi.<\/p>\n<h3 class=\"millifyrirsogn_2007\">Dav\u00ed\u00f0 sigrar Gol\u00edat<\/h3>\n<p><a name=\"41\"><span class=\"versanumer_2007\">41<\/span><\/a> Filisteinn gekk fram og n\u00e1lga\u00f0ist Dav\u00ed\u00f0 og ma\u00f0urinn, sem bar skj\u00f6ld hans, gekk fyrir honum. <a name=\"42\"><span class=\"versanumer_2007\">42<\/span><\/a> Filisteinn kom auga \u00e1 Dav\u00ed\u00f0 og leit til hans me\u00f0 fyrirlitningu \u00fev\u00ed a\u00f0 hann var a\u00f0eins unglingur, fr\u00ed\u00f0ur og rau\u00f0birkinn. <a name=\"43\"><span class=\"versanumer_2007\">43<\/span><\/a> \u201eHeldur\u00f0u a\u00f0 \u00e9g s\u00e9 hundur,\u201c spur\u00f0i Filisteinn Dav\u00ed\u00f0, \u201e\u00far \u00fev\u00ed a\u00f0 \u00fe\u00fa kemur \u00e1 m\u00f3ti m\u00e9r me\u00f0 staf?\u201c Og Filisteinn form\u00e6lti Dav\u00ed\u00f0 vi\u00f0 gu\u00f0 sinn <a name=\"44\"><span class=\"versanumer_2007\">44<\/span><\/a> og hr\u00f3pa\u00f0i til Dav\u00ed\u00f0s: \u201eKomdu hinga\u00f0. \u00c9g skal gefa fuglum himinsins og d\u00fdrum merkurinnar hr\u00e6 \u00feitt a\u00f0 \u00e9ta.\u201c <a name=\"45\"><span class=\"versanumer_2007\">45<\/span><\/a> Dav\u00ed\u00f0 svara\u00f0i Filisteanum: \u201e\u00de\u00fa kemur \u00e1 m\u00f3ti m\u00e9r me\u00f0 sver\u00f0, spj\u00f3t og lensu en \u00e9g kem \u00e1 m\u00f3ti \u00fe\u00e9r \u00ed nafni Drottins hersveitanna. Hann er Gu\u00f0 herfylkinga \u00cdsraels sem \u00fe\u00fa hefur sm\u00e1na\u00f0. <a name=\"46\"><span class=\"versanumer_2007\">46<\/span><\/a> \u00cd dag mun Drottinn framselja \u00feig \u00ed hendur m\u00e9r. \u00c9g mun fella \u00feig og h\u00f6ggva af \u00fe\u00e9r h\u00f6fu\u00f0i\u00f0. \u00cd dag mun \u00e9g gefa fuglum himinsins og d\u00fdrum merkurinnar hr\u00e6 \u00feitt og hr\u00e6 hermanna Filistea. \u00de\u00e1 munu allir \u00edb\u00faar jar\u00f0arinnar vi\u00f0urkenna a\u00f0 \u00cdsrael \u00e1 s\u00e9r Gu\u00f0. <a name=\"47\"><span class=\"versanumer_2007\">47<\/span><\/a> Allir, sem h\u00e9r eru saman komnir, skulu vi\u00f0urkenna a\u00f0 Drottinn frelsar ekki me\u00f0 sver\u00f0i og spj\u00f3ti. \u00deetta er str\u00ed\u00f0 Drottins og hann mun framselja ykkur \u00ed hendur okkar.\u201c<br \/> <a name=\"48\"><span class=\"versanumer_2007\">48<\/span><\/a> Filisteinn h\u00e9lt af sta\u00f0 og gekk fram gegn Dav\u00ed\u00f0. Hann hlj\u00f3p hratt \u00e1 m\u00f3ti honum \u00ed \u00e1ttina a\u00f0 herfylkingunni, <a name=\"49\"><span class=\"versanumer_2007\">49<\/span><\/a> stakk hendinni \u00ed t\u00f6skuna, t\u00f3k \u00far henni stein og sl\u00f6ngva\u00f0i og h\u00e6f\u00f0i Filisteann \u00ed enni\u00f0. Gr\u00f3fst steinninn \u00ed enni Filisteans sem f\u00e9ll \u00e1 gr\u00fafu til jar\u00f0ar. <a name=\"50\"><span class=\"versanumer_2007\">50<\/span><\/a> \u00deannig sigra\u00f0i Dav\u00ed\u00f0 Filisteann me\u00f0 sl\u00f6ngvu og steini. Hann felldi hann og drap \u00e1n \u00feess a\u00f0 hafa sver\u00f0 \u00ed hendi.<br \/> <a name=\"51\"><span class=\"versanumer_2007\">51<\/span><\/a> S\u00ed\u00f0an hlj\u00f3p Dav\u00ed\u00f0 a\u00f0 og til Filisteans, greip um sver\u00f0 hans, dr\u00f3 \u00fea\u00f0 \u00far sl\u00ed\u00f0rum og drap hann og hj\u00f3 loks af honum h\u00f6fu\u00f0i\u00f0 me\u00f0 \u00fev\u00ed. \u00deegar Filistearnir s\u00e1u a\u00f0 hetja \u00feeirra var fallin l\u00f6g\u00f0u \u00feeir \u00e1 fl\u00f3tta. <a name=\"52\"><span class=\"versanumer_2007\">52<\/span><\/a> En \u00cdsraelsmenn og J\u00fadamenn \u00e6ptu her\u00f3p og r\u00e1ku fl\u00f3ttann allt a\u00f0 dalsmynninu og s\u00ed\u00f0an a\u00f0 borgarhli\u00f0i Ekron. Vegnir Filistear l\u00e1gu \u00e1 veginum fr\u00e1 Saara\u00edm allt til Gat og Ekron. <a name=\"53\"><span class=\"versanumer_2007\">53<\/span><\/a> \u00deegar \u00cdsraelsmenn komu aftur fr\u00e1 \u00fev\u00ed a\u00f0 elta Filisteana r\u00e6ndu \u00feeir herb\u00fa\u00f0ir \u00feeirra. <a name=\"54\"><span class=\"versanumer_2007\">54<\/span><\/a> Dav\u00ed\u00f0 t\u00f3k h\u00f6fu\u00f0 Filisteans og f\u00f3r me\u00f0 \u00fea\u00f0 til Jer\u00fasalem en vopnum hans kom hann fyrir \u00ed tjaldi s\u00ednu.<br \/> <a name=\"55\"><span class=\"versanumer_2007\">55<\/span><\/a> \u00deegar S\u00e1l s\u00e1 Dav\u00ed\u00f0 halda gegn Filisteanum sag\u00f0i hann vi\u00f0 Abner, hersh\u00f6f\u00f0ingja sinn: \u201eHverra manna er \u00feessi ungi ma\u00f0ur, Abner?\u201c Abner svara\u00f0i: \u201eSvo sannarlega sem \u00fe\u00fa lifir, konungur, \u00fe\u00e1 veit \u00e9g \u00fea\u00f0 ekki.\u201c <a name=\"56\"><span class=\"versanumer_2007\">56<\/span><\/a> Konungurinn sag\u00f0i \u00fe\u00e1: \u201eSpyr\u00f0u hverra manna \u00feessi unglingur s\u00e9.\u201c <br \/> <a name=\"57\"><span class=\"versanumer_2007\">57<\/span><\/a> \u00deegar Dav\u00ed\u00f0 sneri aftur, eftir a\u00f0 hafa drepi\u00f0 Filisteann, s\u00f3tti Abner hann og l\u00e9t hann ganga fyrir S\u00e1l me\u00f0 h\u00f6fu\u00f0 Filisteans \u00ed hendi. <a name=\"58\"><span class=\"versanumer_2007\">58<\/span><\/a> S\u00e1l spur\u00f0i hann: \u201eHverra manna ert \u00fe\u00fa, ungi ma\u00f0ur?\u201c Dav\u00ed\u00f0 svara\u00f0i: \u201e\u00c9g er sonur \u00cdsa\u00ed, \u00fej\u00f3ns \u00fe\u00edns fr\u00e1 Betlehem.\u201c<\/p>\n","protected":false},"excerpt":{"rendered":"<p>Dav\u00ed\u00f0 og Gol\u00edat 1 Filistear dr\u00f3gu n\u00fa saman hersveitir s\u00ednar til bardaga. \u00deeir s\u00f6fnu\u00f0ust saman \u00ed S\u00f3k\u00f3 \u00ed J\u00fada og settu upp herb\u00fa\u00f0ir s\u00ednar \u00ed Efes Damm\u00edm milli S\u00f3k\u00f3 og Aseka. 2 S\u00e1l og \u00cdsraelsmenn s\u00f6fnu\u00f0ust \u00fe\u00e1 saman, settu upp b\u00fa\u00f0ir \u00ed Eikadalnum og bjuggust til orrustu gegn Filisteum. 3 Filistear t\u00f3ku s\u00e9r st\u00f6\u00f0u \u00f6\u00f0rum megin \u00ed fjallinu en \u00cdsraelsmenn hinum megin og var dalurinn \u00e1 milli \u00feeirra. 4 \u00de\u00e1 gekk h\u00f3lmg\u00f6nguma\u00f0ur \u00fat \u00far b\u00fa\u00f0um Filistea. Hann h\u00e9t Gol\u00edat og var fr\u00e1 Gat. Hann var sex og h\u00e1lf alin \u00e1 h\u00e6\u00f0. 5 Hann haf\u00f0i eirhj\u00e1lm \u00e1 h\u00f6f\u00f0i og bar hreisturbrynju <a href=\"https:\/\/biblian.is\/biblian\/fyrri-samuelsbok-17-kafli\/\"> [&#8230;]<\/a><\/p>\n","protected":false},"author":1,"featured_media":0,"parent":0,"menu_order":0,"comment_status":"open","ping_status":"open","template":"bibliukaflar_NT.php","meta":{"footnotes":""},"class_list":["post-1870","page","type-page","status-publish","hentry"],"_links":{"self":[{"href":"https:\/\/biblian.is\/biblian\/wp-json\/wp\/v2\/pages\/1870","targetHints":{"allow":["GET"]}}],"collection":[{"href":"https:\/\/biblian.is\/biblian\/wp-json\/wp\/v2\/pages"}],"about":[{"href":"https:\/\/biblian.is\/biblian\/wp-json\/wp\/v2\/types\/page"}],"author":[{"embeddable":true,"href":"https:\/\/biblian.is\/biblian\/wp-json\/wp\/v2\/users\/1"}],"replies":[{"embeddable":true,"href":"https:\/\/biblian.is\/biblian\/wp-json\/wp\/v2\/comments?post=1870"}],"version-history":[{"count":0,"href":"https:\/\/biblian.is\/biblian\/wp-json\/wp\/v2\/pages\/1870\/revisions"}],"wp:attachment":[{"href":"https:\/\/biblian.is\/biblian\/wp-json\/wp\/v2\/media?parent=1870"}],"curies":[{"name":"wp","href":"https:\/\/api.w.org\/{rel}","templated":true}]}}