{"id":1868,"date":"2017-12-30T21:00:45","date_gmt":"2017-12-30T21:00:45","guid":{"rendered":"http:\/\/biblian.is\/biblian\/fyrri-sam%c2%9celsb%c2%97k-15-kafli\/"},"modified":"2024-02-06T18:29:00","modified_gmt":"2024-02-06T18:29:00","slug":"fyrri-samuelsbok-15-kafli","status":"publish","type":"page","link":"https:\/\/biblian.is\/biblian\/fyrri-samuelsbok-15-kafli\/","title":{"rendered":"Fyrri Sam\u00faelsb\u00f3k 15. kafli"},"content":{"rendered":"<h3 class=\"millifyrirsogn_2007\"> Str\u00ed\u00f0 vi\u00f0 Amalek<\/h3>\n<p><a name=\"1\"><span class=\"versanumer_2007\">1<\/span><\/a> Sam\u00fael sag\u00f0i vi\u00f0 S\u00e1l: <br \/>\u201eDrottinn sendi mig til \u00feess a\u00f0 smyrja \u00feig til konungs yfir \u00fej\u00f3\u00f0 sinni, \u00cdsrael. \u00deess vegna skaltu n\u00fa hl\u00fd\u00f0a or\u00f0i Drottins. <a name=\"2\"><span class=\"versanumer_2007\">2<\/span><\/a> Svo segir Drottinn herskaranna: \u00c9g vil refsa Amalek\u00edtum fyrir \u00fea\u00f0 sem \u00feeir ger\u00f0u \u00cdsrael: \u00deeir loku\u00f0u lei\u00f0inni fyrir \u00cdsrael \u00feegar hann f\u00f3r \u00fat \u00far Egyptalandi. <a name=\"3\"><span class=\"versanumer_2007\">3<\/span><\/a> N\u00fa skaltu fara og sigra Amalek. Helga\u00f0u \u00fe\u00e1 banni og allt sem \u00feeim tilheyrir. Hl\u00edf\u00f0u engum. Dreptu karla og konur, b\u00f6rn og brj\u00f3stmylkinga, naut og sau\u00f0f\u00e9, kameld\u00fdr og asna.\u201c<br \/> <a name=\"4\"><span class=\"versanumer_2007\">4<\/span><\/a> \u00de\u00e1 kalla\u00f0i S\u00e1l herinn saman og kanna\u00f0i hann \u00ed Tela\u00edm. Reyndist hann tv\u00f6 hundru\u00f0 \u00fe\u00fasund f\u00f3tg\u00f6nguli\u00f0ar og t\u00edu \u00fe\u00fasund J\u00fadamenn. <a name=\"5\"><span class=\"versanumer_2007\">5<\/span><\/a> S\u00ed\u00f0an h\u00e9lt S\u00e1l til borgar Amalek\u00edta og lag\u00f0ist \u00ed launs\u00e1tur \u00ed dalnum. <a name=\"6\"><span class=\"versanumer_2007\">6<\/span><\/a> \u00dev\u00ed n\u00e6st sag\u00f0i S\u00e1l vi\u00f0 Ken\u00edta: \u201eB\u00faist til fer\u00f0ar, fari\u00f0 burt og segi\u00f0 skili\u00f0 vi\u00f0 Amalek\u00edta svo a\u00f0 \u00e9g ey\u00f0i ykkur ekki \u00e1samt \u00feeim. \u00dei\u00f0 komu\u00f0 vel fram vi\u00f0 \u00cdsraelsmenn \u00feegar \u00feeir voru \u00e1 lei\u00f0inni fr\u00e1 Egyptalandi.\u201c Ken\u00edtar s\u00f6g\u00f0u \u00fe\u00e1 skili\u00f0 vi\u00f0 Amalek\u00edta <a name=\"7\"><span class=\"versanumer_2007\">7<\/span><\/a> og S\u00e1l sigra\u00f0i Amalek\u00edta \u00e1 sv\u00e6\u00f0inu fr\u00e1 Hav\u00edla til S\u00far, austan vi\u00f0 Egyptaland.<br \/> <a name=\"8\"><span class=\"versanumer_2007\">8<\/span><\/a> Hann t\u00f3k Agag, konung Amalek\u00edta, lifandi til fanga en allan herinn helga\u00f0i hann banni og hj\u00f3 ni\u00f0ur me\u00f0 sver\u00f0seggjum. <a name=\"9\"><span class=\"versanumer_2007\">9<\/span><\/a> S\u00e1l og her hans \u00feyrmdu l\u00edfi Agags og v\u00e6nstu sau\u00f0unum og holdmestu nautunum, l\u00f6mbunum og \u00f6llu \u00f6\u00f0ru sem \u00e1litlegt var. Ekkert af \u00feessu helgu\u00f0u \u00feeir banni. En allt sem \u00feeir m\u00e1tu l\u00edtils e\u00f0a \u00feeim fannst r\u00fdrt helgu\u00f0u \u00feeir banni. <\/p>\n<h3 class=\"millifyrirsogn_2007\">S\u00e1l hafna\u00f0 sem konungi<\/h3>\n<p><a name=\"10\"><span class=\"versanumer_2007\">10<\/span><\/a> \u00de\u00e1 kom or\u00f0 Drottins til Sam\u00faels: <br \/> <a name=\"11\"><span class=\"versanumer_2007\">11<\/span><\/a> \u201eMig i\u00f0rar \u00feess a\u00f0 \u00e9g ger\u00f0i S\u00e1l a\u00f0 konungi \u00fev\u00ed a\u00f0 hann hefur sn\u00fai\u00f0 baki vi\u00f0 m\u00e9r og ekki framkv\u00e6mt skipanir m\u00ednar.\u201c \u00deessu reiddist Sam\u00fael og hann hr\u00f3pa\u00f0i til Drottins alla n\u00f3ttina.<br \/> <a name=\"12\"><span class=\"versanumer_2007\">12<\/span><\/a> \u00c1rla n\u00e6sta morgun gekk hann \u00fat til a\u00f0 leita S\u00e1ls en var \u00fe\u00e1 sagt: \u201eS\u00e1l f\u00f3r til Karmel og reisti s\u00e9r \u00fear minnismerki. \u00dea\u00f0an h\u00e9lt hann \u00e1fram til Gilgal.\u201c <a name=\"13\"><span class=\"versanumer_2007\">13<\/span><\/a> \u00deegar Sam\u00fael kom til S\u00e1ls sag\u00f0i S\u00e1l vi\u00f0 hann: \u201eDrottinn blessi \u00feig. \u00c9g hef gert \u00fea\u00f0 sem Drottinn bau\u00f0.\u201c <a name=\"14\"><span class=\"versanumer_2007\">14<\/span><\/a> \u00de\u00e1 spur\u00f0i Sam\u00fael: \u201eHva\u00f0a jarm er \u00feetta sem m\u00e9r berst til eyrna og hva\u00f0a baul er \u00fea\u00f0 sem \u00e9g heyri?\u201c <a name=\"15\"><span class=\"versanumer_2007\">15<\/span><\/a> S\u00e1l svara\u00f0i: \u201e\u00dea\u00f0 eru gripir sem li\u00f0i\u00f0 t\u00f3k fr\u00e1 Amalek\u00edtum. Herinn \u00feyrmdi bestu sau\u00f0unum og nautunum til \u00feess a\u00f0 f\u00e6ra \u00feau Drottni, Gu\u00f0i \u00fe\u00ednum, a\u00f0 f\u00f3rn. Anna\u00f0 h\u00f6fum vi\u00f0 helga\u00f0 banni.\u201c <a name=\"16\"><span class=\"versanumer_2007\">16<\/span><\/a> \u00de\u00e1 sag\u00f0i Sam\u00fael vi\u00f0 S\u00e1l: \u201eH\u00e6ttu n\u00fa. \u00c9g skal segja \u00fe\u00e9r hva\u00f0 Drottinn sag\u00f0i m\u00e9r \u00ed n\u00f3tt.\u201c \u201eJ\u00e1, ger\u00f0u \u00fea\u00f0,\u201c svara\u00f0i S\u00e1l. <a name=\"17\"><span class=\"versanumer_2007\">17<\/span><\/a> Sam\u00fael sag\u00f0i: \u201eErtu ekki lei\u00f0togi \u00e6ttb\u00e1lka \u00cdsraels \u00fe\u00f3 a\u00f0 \u00fe\u00e9r finnist \u00fe\u00fa sm\u00e1r? Drottinn hefur smurt \u00feig til konungs yfir \u00cdsrael <a name=\"18\"><span class=\"versanumer_2007\">18<\/span><\/a> og Drottinn sendi \u00feig af sta\u00f0 og skipa\u00f0i: Far\u00f0u og helga\u00f0u Amalek\u00edta banni, \u00feessa syndara. \u00de\u00fa skalt berjast gegn \u00feeim \u00fear til \u00fe\u00fa hefur afm\u00e1\u00f0 \u00fe\u00e1. <a name=\"19\"><span class=\"versanumer_2007\">19<\/span><\/a> Hvers vegna hl\u00fdddir \u00fe\u00fa ekki bo\u00f0i Drottins? \u00deess \u00ed sta\u00f0 kasta\u00f0ir \u00fe\u00fa \u00fe\u00e9r yfir herfangi\u00f0 og ger\u00f0ir \u00fea\u00f0 sem illt er \u00ed augum Drottins.\u201c <a name=\"20\"><span class=\"versanumer_2007\">20<\/span><\/a> S\u00e1l svara\u00f0i Sam\u00fael: \u201e\u00c9g hl\u00fdddi bo\u00f0i Drottins og f\u00f3r \u00feanga\u00f0 sem hann sendi mig. \u00c9g t\u00f3k Agag, konung Amalek\u00edta, me\u00f0 m\u00e9r og helga\u00f0i Amalek banni. <a name=\"21\"><span class=\"versanumer_2007\">21<\/span><\/a> En herinn t\u00f3k sau\u00f0f\u00e9 og naut af herfanginu, \u00fea\u00f0 besta af \u00fev\u00ed sem \u00e1tti a\u00f0 v\u00edgja banni, til \u00feess a\u00f0 f\u00f3rna \u00fev\u00ed Drottni, Gu\u00f0i \u00fe\u00ednum, \u00ed Gilgal.\u201c <br \/> <a name=\"22\"><span class=\"versanumer_2007\">22<\/span><\/a> \u00de\u00e1 sag\u00f0i Sam\u00fael: <br \/> <span class=\"ljodatexti\"> Hefur Drottinn \u00fe\u00e1 s\u00f6mu vel\u00fe\u00f3knun \u00e1 brennif\u00f3rnum og sl\u00e1turf\u00f3rnum <br \/>og hl\u00fd\u00f0ni vi\u00f0 bo\u00f0 s\u00edn? <br \/>Hl\u00fd\u00f0ni er betri en f\u00f3rn, <br \/>eftirtekt betri en hr\u00fatafeiti. <br \/> <\/span> <span class=\"ljodatexti\"> <a name=\"23\"><span class=\"versanumer_ljod\">23<\/span><\/a> \u00derj\u00f3ska er eins og sp\u00e1d\u00f3mskukl, <br \/>\u00feverm\u00f3\u00f0ska \u00e1\u00feekk hj\u00e1gu\u00f0ad\u00fdrkun. <br \/>Af \u00fev\u00ed a\u00f0 \u00fe\u00fa hafna\u00f0ir or\u00f0i Drottins <br \/>hefur hann hafna\u00f0 \u00fe\u00e9r sem konungi. <\/span> <br \/> <a name=\"24\"><span class=\"versanumer_2007\">24<\/span><\/a> \u00de\u00e1 sag\u00f0i S\u00e1l vi\u00f0 Sam\u00fael: \u201e\u00c9g hef syndga\u00f0 me\u00f0 \u00fev\u00ed a\u00f0 brj\u00f3ta bo\u00f0 Drottins og fyrirm\u00e6li \u00fe\u00edn. \u00c9g \u00f3tta\u00f0ist f\u00f3lki\u00f0 og l\u00e9t undan kr\u00f6fu \u00feess. <a name=\"25\"><span class=\"versanumer_2007\">25<\/span><\/a> Fyrirgef\u00f0u synd m\u00edna og sn\u00fa\u00f0u me\u00f0 m\u00e9r aftur svo a\u00f0 \u00e9g geti be\u00f0i\u00f0 til Drottins.\u201c <a name=\"26\"><span class=\"versanumer_2007\">26<\/span><\/a> \u201e\u00c9g sn\u00fd ekki aftur me\u00f0 \u00fe\u00e9r,\u201c svara\u00f0i Sam\u00fael S\u00e1l. \u201eAf \u00fev\u00ed a\u00f0 \u00fe\u00fa hefur hafna\u00f0 or\u00f0i Drottins hefur hann hafna\u00f0 \u00fe\u00e9r sem konungi yfir \u00cdsrael.\u201c<br \/> <a name=\"27\"><span class=\"versanumer_2007\">27<\/span><\/a> \u00deegar Sam\u00fael sneri s\u00e9r vi\u00f0 til a\u00f0 fara greip S\u00e1l \u00ed skikkjulaf hans svo a\u00f0 \u00fea\u00f0 rifna\u00f0i. <a name=\"28\"><span class=\"versanumer_2007\">28<\/span><\/a> \u00de\u00e1 sag\u00f0i Sam\u00fael: \u201e\u00cd dag hefur Drottinn rifi\u00f0 fr\u00e1 \u00fe\u00e9r konungd\u00f3minn yfir \u00cdsrael og fengi\u00f0 hann \u00f6\u00f0rum sem er \u00fe\u00e9r fremri. <a name=\"29\"><span class=\"versanumer_2007\">29<\/span><\/a> Hann sem er d\u00fdr\u00f0 \u00cdsraels l\u00fdgur ekki og i\u00f0rast ekki \u00fev\u00ed a\u00f0 hann er ekki ma\u00f0ur sem i\u00f0rast.\u201c <a name=\"30\"><span class=\"versanumer_2007\">30<\/span><\/a> S\u00e1l sag\u00f0i: \u201e\u00c9g hef a\u00f0 v\u00edsu syndga\u00f0 en s\u00fdndu m\u00e9r samt \u00feann hei\u00f0ur frammi fyrir \u00f6ldungum \u00fej\u00f3\u00f0ar minnar og frammi fyrir \u00cdsrael a\u00f0 sn\u00faa aftur me\u00f0 m\u00e9r svo a\u00f0 \u00e9g geti be\u00f0i\u00f0 til Drottins, Gu\u00f0s \u00fe\u00edns.\u201c <a name=\"31\"><span class=\"versanumer_2007\">31<\/span><\/a> \u00de\u00e1 sneri Sam\u00fael aftur me\u00f0 S\u00e1l og S\u00e1l tilba\u00f0 Drottin.<br \/> <a name=\"32\"><span class=\"versanumer_2007\">32<\/span><\/a> \u00dev\u00ed n\u00e6st sag\u00f0i Sam\u00fael: \u201eLei\u00f0i\u00f0 Agag, konung Amaleks, til m\u00edn.\u201c Agag gekk \u00fe\u00e1 gla\u00f0ur til hans og sag\u00f0i: \u201eBeiskja dau\u00f0ans er svo sannarlega horfin.\u201c <a name=\"33\"><span class=\"versanumer_2007\">33<\/span><\/a> En Sam\u00fael sag\u00f0i: \u201eEins og sver\u00f0 \u00feitt hefur gert konur barnlausar skal m\u00f3\u00f0ir \u00fe\u00edn n\u00fa ver\u00f0a barnlaus.\u201c \u00dev\u00ed n\u00e6st hj\u00f3 Sam\u00fael Agag ni\u00f0ur frammi fyrir augliti Drottins \u00ed Gilgal.<br \/> <a name=\"34\"><span class=\"versanumer_2007\">34<\/span><\/a> S\u00ed\u00f0an f\u00f3r Sam\u00fael til Rama en S\u00e1l f\u00f3r heim til G\u00edbeu S\u00e1ls.<br \/> <a name=\"35\"><span class=\"versanumer_2007\">35<\/span><\/a> Sam\u00fael s\u00e1 S\u00e1l aldrei aftur \u00e1 me\u00f0an hann lif\u00f0i. Sam\u00fael hrygg\u00f0ist vegna S\u00e1ls \u00fev\u00ed a\u00f0 Drottin haf\u00f0i i\u00f0ra\u00f0 \u00feess a\u00f0 hafa gert S\u00e1l a\u00f0 konungi yfir \u00cdsrael.<\/p>\n","protected":false},"excerpt":{"rendered":"<p>Str\u00ed\u00f0 vi\u00f0 Amalek 1 Sam\u00fael sag\u00f0i vi\u00f0 S\u00e1l: \u201eDrottinn sendi mig til \u00feess a\u00f0 smyrja \u00feig til konungs yfir \u00fej\u00f3\u00f0 sinni, \u00cdsrael. \u00deess vegna skaltu n\u00fa hl\u00fd\u00f0a or\u00f0i Drottins. 2 Svo segir Drottinn herskaranna: \u00c9g vil refsa Amalek\u00edtum fyrir \u00fea\u00f0 sem \u00feeir ger\u00f0u \u00cdsrael: \u00deeir loku\u00f0u lei\u00f0inni fyrir \u00cdsrael \u00feegar hann f\u00f3r \u00fat \u00far Egyptalandi. 3 N\u00fa skaltu fara og sigra Amalek. Helga\u00f0u \u00fe\u00e1 banni og allt sem \u00feeim tilheyrir. Hl\u00edf\u00f0u engum. Dreptu karla og konur, b\u00f6rn og brj\u00f3stmylkinga, naut og sau\u00f0f\u00e9, kameld\u00fdr og asna.\u201c 4 \u00de\u00e1 kalla\u00f0i S\u00e1l herinn saman og kanna\u00f0i hann \u00ed Tela\u00edm. Reyndist hann tv\u00f6 hundru\u00f0 <a href=\"https:\/\/biblian.is\/biblian\/fyrri-samuelsbok-15-kafli\/\"> [&#8230;]<\/a><\/p>\n","protected":false},"author":1,"featured_media":0,"parent":0,"menu_order":0,"comment_status":"open","ping_status":"open","template":"bibliukaflar_NT.php","meta":{"footnotes":""},"class_list":["post-1868","page","type-page","status-publish","hentry"],"_links":{"self":[{"href":"https:\/\/biblian.is\/biblian\/wp-json\/wp\/v2\/pages\/1868","targetHints":{"allow":["GET"]}}],"collection":[{"href":"https:\/\/biblian.is\/biblian\/wp-json\/wp\/v2\/pages"}],"about":[{"href":"https:\/\/biblian.is\/biblian\/wp-json\/wp\/v2\/types\/page"}],"author":[{"embeddable":true,"href":"https:\/\/biblian.is\/biblian\/wp-json\/wp\/v2\/users\/1"}],"replies":[{"embeddable":true,"href":"https:\/\/biblian.is\/biblian\/wp-json\/wp\/v2\/comments?post=1868"}],"version-history":[{"count":0,"href":"https:\/\/biblian.is\/biblian\/wp-json\/wp\/v2\/pages\/1868\/revisions"}],"wp:attachment":[{"href":"https:\/\/biblian.is\/biblian\/wp-json\/wp\/v2\/media?parent=1868"}],"curies":[{"name":"wp","href":"https:\/\/api.w.org\/{rel}","templated":true}]}}