{"id":1835,"date":"2017-12-30T21:00:35","date_gmt":"2017-12-30T21:00:35","guid":{"rendered":"http:\/\/biblian.is\/biblian\/d%c2%97marab%c2%97kin-7-kafli\/"},"modified":"2024-07-03T13:13:08","modified_gmt":"2024-07-03T13:13:08","slug":"domarabokin-7-kafli","status":"publish","type":"page","link":"https:\/\/biblian.is\/biblian\/domarabokin-7-kafli\/","title":{"rendered":"D\u00f3marab\u00f3kin 7. kafli"},"content":{"rendered":"<h3 class=\"millifyrirsogn_2007\"> Sigur G\u00eddeons \u00e1 Mid\u00edan\u00edtum<\/h3>\n<p><a name=\"1\"><span class=\"versanumer_2007\">1<\/span><\/a> N\u00fa h\u00e9lt Jer\u00fabbaal, \u00fea\u00f0 er G\u00eddeon, snemma af sta\u00f0 og allt li\u00f0i\u00f0, er me\u00f0 honum var, og settu \u00feeir upp herb\u00fa\u00f0ir s\u00ednar hj\u00e1 Har\u00f3dlind. Herb\u00fa\u00f0ir Mid\u00edans voru fyrir nor\u00f0an hann, hinum megin vi\u00f0 M\u00f3reh\u00e6\u00f0 \u00fear \u00e1 sl\u00e9ttunni. <a name=\"2\"><span class=\"versanumer_2007\">2<\/span><\/a> Drottinn sag\u00f0i vi\u00f0 G\u00eddeon: \u201eLi\u00f0i\u00f0, sem me\u00f0 \u00fe\u00e9r er, er of fj\u00f6lmennt til \u00feess a\u00f0 \u00e9g vilji gefa Mid\u00edan \u00ed hendur \u00feess. \u00cdsrael hreykir s\u00e9r \u00fe\u00e1 upp gegn m\u00e9r og segir: M\u00edn eigin h\u00f6nd hefur frelsa\u00f0 mig. <a name=\"3\"><span class=\"versanumer_2007\">3<\/span><\/a> Kalla\u00f0u \u00fev\u00ed til f\u00f3lksins n\u00fana og seg\u00f0u: Hver s\u00e1 sem er hr\u00e6ddur og hugl\u00edtill skal sn\u00faa vi\u00f0 og fara aftur fr\u00e1 G\u00edlea\u00f0fjalli.\u201c \u00de\u00e1 sneru aftur tuttugu og tv\u00f6 \u00fe\u00fasund af li\u00f0inu en t\u00edu \u00fe\u00fasund ur\u00f0u eftir.<br \/> <a name=\"4\"><span class=\"versanumer_2007\">4<\/span><\/a> \u00de\u00e1 sag\u00f0i Drottinn vi\u00f0 G\u00eddeon: \u201eEnn er li\u00f0i\u00f0 of fj\u00f6lmennt. Leiddu \u00fe\u00e1 ofan til vatnsins og mun \u00e9g reyna \u00fe\u00e1 \u00fear fyrir \u00feig. S\u00e1 skal fara me\u00f0 \u00fe\u00e9r sem \u00e9g segi um: \u00deessi skal fara me\u00f0 \u00fe\u00e9r en s\u00e1 skal ekki fara me\u00f0 \u00fe\u00e9r sem \u00e9g segi um: \u00deessi skal ekki fara me\u00f0 \u00fe\u00e9r.\u201c <a name=\"5\"><span class=\"versanumer_2007\">5<\/span><\/a> Leiddi G\u00eddeon \u00fe\u00e1 li\u00f0i\u00f0 ni\u00f0ur a\u00f0 vatninu. Og Drottinn sag\u00f0i vi\u00f0 G\u00eddeon: \u201e\u00d6llum \u00feeim sem lepja vatni\u00f0 me\u00f0 tungunni eins og hundar skaltu skipa s\u00e9rstaklega og eins \u00f6llum \u00feeim sem krj\u00fapa \u00e1 kn\u00e9 og f\u00e6ra l\u00f3fann a\u00f0 munni s\u00e9r til a\u00f0 drekka \u00far honum.\u201c <a name=\"6\"><span class=\"versanumer_2007\">6<\/span><\/a> \u00deeir sem l\u00f6ptu vatni\u00f0 reyndust \u00ferj\u00fa hundru\u00f0 talsins en allir hinir krupu \u00e1 kn\u00e9 til \u00feess a\u00f0 drekka vatni\u00f0. <a name=\"7\"><span class=\"versanumer_2007\">7<\/span><\/a> \u00de\u00e1 sag\u00f0i Drottinn vi\u00f0 G\u00eddeon: \u201eMe\u00f0 \u00feessum \u00ferj\u00fa hundru\u00f0 m\u00f6nnum, sem l\u00f6ptu vatni\u00f0, mun \u00e9g frelsa ykkur og gefa Mid\u00edan ykkur \u00e1 vald en hitt li\u00f0i\u00f0 skal fara, hver til s\u00edns heima.\u201c <a name=\"8\"><span class=\"versanumer_2007\">8<\/span><\/a> \u00de\u00e1 t\u00f3ku \u00feeir farangur li\u00f0sins og l\u00fa\u00f0ra \u00feeirra en alla a\u00f0ra \u00cdsraelsmenn l\u00e9t hann fara, hvern til s\u00edns heimkynnis, og h\u00e9lt a\u00f0eins \u00ferj\u00fa hundru\u00f0 m\u00f6nnum eftir. Herb\u00fa\u00f0ir Mid\u00edans voru fyrir ne\u00f0an hann \u00e1 sl\u00e9ttunni.<br \/> <a name=\"9\"><span class=\"versanumer_2007\">9<\/span><\/a> S\u00f6mu n\u00f3tt sag\u00f0i Drottinn vi\u00f0 G\u00eddeon:<br \/>\u201eR\u00edstu upp og far\u00f0u ni\u00f0ur \u00ed herb\u00fa\u00f0irnar. \u00c9g hef fengi\u00f0 \u00fe\u00e9r \u00fe\u00e6r \u00ed hendur. <a name=\"10\"><span class=\"versanumer_2007\">10<\/span><\/a> En \u00feorir\u00f0u ekki a\u00f0 fara \u00feanga\u00f0 ni\u00f0ur eftir far\u00f0u \u00fe\u00e1 me\u00f0 P\u00fara, svein \u00feinn, til herb\u00fa\u00f0anna <a name=\"11\"><span class=\"versanumer_2007\">11<\/span><\/a> og hlusta\u00f0u \u00e1 hva\u00f0 \u00fear er tala\u00f0. \u00dea\u00f0 mun hughreysta \u00feig svo, a\u00f0 \u00fe\u00fa fer\u00f0 ni\u00f0ur \u00ed herb\u00fa\u00f0irnar.\u201c \u00de\u00e1 f\u00f3r hann og P\u00fara, sveinn hans, til hermannanna sem n\u00e6stir st\u00f3\u00f0u \u00ed herb\u00fa\u00f0unum. <a name=\"12\"><span class=\"versanumer_2007\">12<\/span><\/a> Mid\u00edan\u00edtar, Amalek\u00edtar og allir austurbyggjar h\u00f6f\u00f0u reist herb\u00fa\u00f0ir \u00e1 sl\u00e9ttunni. \u00deeir voru sem engisprettusveimur og \u00falfaldar \u00feeirra voru \u00f3teljandi sem sandkorn \u00e1 sj\u00e1varstr\u00f6nd. <a name=\"13\"><span class=\"versanumer_2007\">13<\/span><\/a> \u00deegar G\u00eddeon kom \u00feanga\u00f0 var ma\u00f0ur nokkur a\u00f0 segja f\u00e9laga s\u00ednum draum me\u00f0 \u00feessum or\u00f0um: \u201eMig dreymdi draum og s\u00fdndist m\u00e9r byggbrau\u00f0skaka velta a\u00f0 herb\u00fa\u00f0um Mid\u00edans. H\u00fan komst alla lei\u00f0 a\u00f0 tjaldinu og rakst \u00e1 \u00fea\u00f0 svo a\u00f0 \u00fea\u00f0 f\u00e9ll og kollvelti \u00fev\u00ed svo a\u00f0 tjaldi\u00f0 l\u00e1 flatt.\u201c <a name=\"14\"><span class=\"versanumer_2007\">14<\/span><\/a> \u00de\u00e1 svara\u00f0i hinn: \u201e\u00deetta er ekkert anna\u00f0 en sver\u00f0 \u00cdsraelsni\u00f0jans G\u00eddeons J\u00f3assonar. Gu\u00f0 hefur gefi\u00f0 Mid\u00edan og allar herb\u00fa\u00f0irnar \u00ed hendur honum.\u201c<br \/> <a name=\"15\"><span class=\"versanumer_2007\">15<\/span><\/a> G\u00eddeon heyr\u00f0i fr\u00e1s\u00f6guna um drauminn og r\u00e1\u00f0ningu hans og f\u00e9ll hann \u00fe\u00e1 fram \u00ed b\u00e6n. Sneri hann s\u00ed\u00f0an aftur til herb\u00fa\u00f0a \u00cdsraels og sag\u00f0i: \u201eR\u00edsi\u00f0 upp \u00fev\u00ed a\u00f0 Drottinn hefur gefi\u00f0 herb\u00fa\u00f0ir Mid\u00edans \u00ed ykkar hendur.\u201c <a name=\"16\"><span class=\"versanumer_2007\">16<\/span><\/a> \u00de\u00e1 skipti hann m\u00f6nnunum \u00ferj\u00fa hundru\u00f0 \u00ed \u00ferj\u00e1 flokka og f\u00e9kk \u00feeim \u00f6llum horn \u00ed h\u00f6nd, t\u00f3mar kr\u00fasir og blys \u00ed hverri kr\u00fas. <a name=\"17\"><span class=\"versanumer_2007\">17<\/span><\/a> Og hann sag\u00f0i vi\u00f0 \u00fe\u00e1: \u201eL\u00edti\u00f0 \u00e1 mig og geri\u00f0 eins og \u00e9g. \u00deegar \u00e9g kem a\u00f0 herb\u00fa\u00f0unum geri\u00f0 \u00fe\u00e1 eins og \u00e9g geri. <a name=\"18\"><span class=\"versanumer_2007\">18<\/span><\/a> \u00deegar \u00e9g \u00feeyti horni\u00f0 og allir \u00feeir sem me\u00f0 m\u00e9r eru, \u00fe\u00e1 skulu\u00f0 \u00fei\u00f0 l\u00edka \u00feeyta hornin umhverfis allar herb\u00fa\u00f0irnar og hr\u00f3pa: Sver\u00f0 Drottins og G\u00eddeons.\u201c<br \/> <a name=\"19\"><span class=\"versanumer_2007\">19<\/span><\/a> G\u00eddeon og \u00feeir hundra\u00f0, sem me\u00f0 honum voru, komu a\u00f0 \u00fatja\u00f0ri herb\u00fa\u00f0anna \u00ed byrjun annarrar var\u00f0t\u00ed\u00f0ar og var n\u00fdb\u00fai\u00f0 a\u00f0 skipa ver\u00f0i. \u00de\u00e1 \u00feeyttu \u00feeir hornin og brutu sundur kr\u00fasirnar sem \u00feeir b\u00e1ru \u00ed h\u00f6ndum s\u00e9r.<br \/> <a name=\"20\"><span class=\"versanumer_2007\">20<\/span><\/a> Flokkarnir \u00fer\u00edr \u00feeyttu n\u00fa hornin og brutu kr\u00fasirnar, t\u00f3ku blysin \u00ed vinstri h\u00f6nd s\u00e9r og hornin \u00ed \u00fe\u00e1 h\u00e6gri til \u00feess a\u00f0 \u00feeyta \u00feau og \u00e6ptu: \u201eSver\u00f0 Drottins og G\u00eddeons.\u201c <a name=\"21\"><span class=\"versanumer_2007\">21<\/span><\/a> \u00deeir st\u00f3\u00f0u kyrrir, hver \u00e1 s\u00ednum sta\u00f0, umhverfis herb\u00fa\u00f0irnar en \u00ed herb\u00fa\u00f0unum f\u00f3r allt \u00ed uppn\u00e1m og fl\u00fd\u00f0u menn n\u00fa me\u00f0 miklum \u00f3pum. <a name=\"22\"><span class=\"versanumer_2007\">22<\/span><\/a> Er \u00feeir \u00feeyttu hornin \u00ferj\u00fa hundru\u00f0 beindi Drottinn sver\u00f0um hinna gegn s\u00ednum eigin m\u00f6nnum um allar herb\u00fa\u00f0irnar og fl\u00fd\u00f0i allur herinn til Bet Sitta \u00e1 lei\u00f0 til Serera, allt a\u00f0 \u00fatja\u00f0ri Abel Meh\u00f3la hj\u00e1 Tabbat. <a name=\"23\"><span class=\"versanumer_2007\">23<\/span><\/a> N\u00fa voru \u00cdsraelsmenn \u00far Naftal\u00ed, Asser og \u00f6llum Manasse kalla\u00f0ir saman og \u00feeir veittu Mid\u00edan eftirf\u00f6r.<br \/> <a name=\"24\"><span class=\"versanumer_2007\">24<\/span><\/a> G\u00eddeon haf\u00f0i einnig sent sendimenn um \u00f6ll Efra\u00edmsfj\u00f6ll og l\u00e1ti\u00f0 segja: \u201eFari\u00f0 ni\u00f0ur til m\u00f3ts vi\u00f0 Mid\u00edan og varni\u00f0 \u00feeim yfirfer\u00f0ar yfir J\u00f3rdan allt til Bet Bara.\u201c \u00de\u00e1 var \u00f6llum Efra\u00edm\u00edtum stefnt saman og \u00feeir v\u00f6rnu\u00f0u \u00feeim yfirfer\u00f0ar vi\u00f0 J\u00f3rdan allt til Bet Bara. <a name=\"25\"><span class=\"versanumer_2007\">25<\/span><\/a> Og \u00feeir handt\u00f3ku tvo h\u00f6f\u00f0ingja Mid\u00edan\u00edta, \u00fe\u00e1 \u00d3reb og Seeb, og dr\u00e1pu \u00d3reb hj\u00e1 \u00d3rebskletti en Seeb dr\u00e1pu \u00feeir hj\u00e1 Seebsv\u00edn\u00fer\u00f6ng. S\u00ed\u00f0an veittu \u00feeir Mid\u00edan\u00edtum eftirf\u00f6r. En h\u00f6fu\u00f0in af \u00d3reb og Seeb f\u00e6r\u00f0u \u00feeir G\u00eddeon hinum megin J\u00f3rdanar.<\/p>\n","protected":false},"excerpt":{"rendered":"<p>Sigur G\u00eddeons \u00e1 Mid\u00edan\u00edtum 1 N\u00fa h\u00e9lt Jer\u00fabbaal, \u00fea\u00f0 er G\u00eddeon, snemma af sta\u00f0 og allt li\u00f0i\u00f0, er me\u00f0 honum var, og settu \u00feeir upp herb\u00fa\u00f0ir s\u00ednar hj\u00e1 Har\u00f3dlind. Herb\u00fa\u00f0ir Mid\u00edans voru fyrir nor\u00f0an hann, hinum megin vi\u00f0 M\u00f3reh\u00e6\u00f0 \u00fear \u00e1 sl\u00e9ttunni. 2 Drottinn sag\u00f0i vi\u00f0 G\u00eddeon: \u201eLi\u00f0i\u00f0, sem me\u00f0 \u00fe\u00e9r er, er of fj\u00f6lmennt til \u00feess a\u00f0 \u00e9g vilji gefa Mid\u00edan \u00ed hendur \u00feess. \u00cdsrael hreykir s\u00e9r \u00fe\u00e1 upp gegn m\u00e9r og segir: M\u00edn eigin h\u00f6nd hefur frelsa\u00f0 mig. 3 Kalla\u00f0u \u00fev\u00ed til f\u00f3lksins n\u00fana og seg\u00f0u: Hver s\u00e1 sem er hr\u00e6ddur og hugl\u00edtill skal sn\u00faa vi\u00f0 og fara <a href=\"https:\/\/biblian.is\/biblian\/domarabokin-7-kafli\/\"> [&#8230;]<\/a><\/p>\n","protected":false},"author":1,"featured_media":0,"parent":0,"menu_order":0,"comment_status":"open","ping_status":"open","template":"bibliukaflar_NT.php","meta":{"footnotes":""},"class_list":["post-1835","page","type-page","status-publish","hentry"],"_links":{"self":[{"href":"https:\/\/biblian.is\/biblian\/wp-json\/wp\/v2\/pages\/1835","targetHints":{"allow":["GET"]}}],"collection":[{"href":"https:\/\/biblian.is\/biblian\/wp-json\/wp\/v2\/pages"}],"about":[{"href":"https:\/\/biblian.is\/biblian\/wp-json\/wp\/v2\/types\/page"}],"author":[{"embeddable":true,"href":"https:\/\/biblian.is\/biblian\/wp-json\/wp\/v2\/users\/1"}],"replies":[{"embeddable":true,"href":"https:\/\/biblian.is\/biblian\/wp-json\/wp\/v2\/comments?post=1835"}],"version-history":[{"count":0,"href":"https:\/\/biblian.is\/biblian\/wp-json\/wp\/v2\/pages\/1835\/revisions"}],"wp:attachment":[{"href":"https:\/\/biblian.is\/biblian\/wp-json\/wp\/v2\/media?parent=1835"}],"curies":[{"name":"wp","href":"https:\/\/api.w.org\/{rel}","templated":true}]}}